CRAN Package Check Results for Package gumbel

Last updated on 2014-04-24 17:49:45.

Flavor Version Tinstall Tcheck Ttotal Status Flags
r-devel-linux-x86_64-debian-clang 1.04 0.78 13.40 14.18 OK
r-devel-linux-x86_64-debian-gcc 1.04 0.79 13.38 14.17 OK
r-devel-linux-x86_64-fedora-clang 1.04 35.41 NOTE
r-devel-linux-x86_64-fedora-gcc 1.04 33.17 NOTE
r-devel-osx-x86_64-clang 1.04 32.66 OK
r-devel-osx-x86_64-gcc 1.04 OK
r-devel-windows-ix86+x86_64 1.04 2.00 22.00 24.00 OK
r-patched-linux-x86_64 1.04 0.77 13.47 14.24 OK
r-patched-solaris-sparc 1.04 168.30 OK
r-patched-solaris-x86 1.04 45.70 OK
r-release-linux-ix86 1.04 1.00 33.00 34.00 OK
r-release-linux-x86_64 1.04 0.78 13.53 14.31 OK
r-release-osx-x86_64-mavericks 1.04 NOTE
r-release-windows-ix86+x86_64 1.04 5.00 30.00 35.00 OK
r-oldrel-windows-ix86+x86_64 1.04 2.00 22.00 24.00 OK

Check Details

Version: 1.04
Check: Rd line widths
Result: NOTE
    Rd file 'gumbel.Rd':
     \examples lines wider than 100 characters:
     plot(u[1,], u[2,], col="green", main="Gumbel copula", xlim=c(0,1), ylim=c(0,1), pch=".")
     persp(x, y, z, col=fcol, zlim=zlim, theta=30, phi=30, ticktype = "detailed", box = TRUE, xlab = "x", ylab = "y", zlab = ... [TRUNCATED]
    
    These lines will be truncated in the PDF manual.
Flavors: r-devel-linux-x86_64-fedora-clang, r-devel-linux-x86_64-fedora-gcc

Version: 1.04
Check: re-building of vignette outputs
Result: NOTE
    Error in re-building vignettes:
     ...
    Error in texi2dvi(file = file, pdf = TRUE, clean = clean, quiet = quiet, :
     Running 'texi2dvi' on 'gumbel.tex' failed.
    LaTeX errors:
    ! LaTeX Error: File `vmargin.sty' not found.
    
    Type X to quit or <RETURN> to proceed,
    or enter new name. (Default extension: sty)
    
    test/gumbel/vignettes/gumbel.tex:45: ==> Fatal error occurred, no output PDF f
    ile produced!
    Calls: buildVignettes -> texi2pdf -> texi2dvi
    Execution halted
Flavor: r-release-osx-x86_64-mavericks