CRAN Package Check Results for Package gumbel

Last updated on 2014-12-22 21:47:16.

Flavor Version Tinstall Tcheck Ttotal Status Flags
r-devel-linux-x86_64-debian-clang 1.05 0.65 14.65 15.30 OK
r-devel-linux-x86_64-debian-gcc 1.05 0.58 14.14 14.72 OK
r-devel-linux-x86_64-fedora-clang 1.05 31.24 OK
r-devel-linux-x86_64-fedora-gcc 1.05 29.61 OK
r-devel-osx-x86_64-clang 1.05 34.67 OK
r-devel-windows-ix86+x86_64 1.05 3.00 47.00 50.00 OK
r-patched-linux-x86_64 1.05 0.67 14.85 15.52 OK
r-patched-solaris-sparc 1.05 206.60 OK
r-patched-solaris-x86 1.05 42.30 OK
r-release-linux-ix86 1.05 1.00 21.06 22.06 OK
r-release-linux-x86_64 1.05 0.62 14.28 14.89 OK
r-release-osx-x86_64-mavericks 1.05 NOTE
r-release-osx-x86_64-snowleopard 1.05 OK
r-release-windows-ix86+x86_64 1.05 2.00 24.00 26.00 OK
r-oldrel-windows-ix86+x86_64 1.05 3.00 26.00 29.00 OK

Check Details

Version: 1.05
Check: re-building of vignette outputs
Result: NOTE
    Error in re-building vignettes:
     ...
    Error in texi2dvi(file = file, pdf = TRUE, clean = clean, quiet = quiet, :
     Running 'texi2dvi' on 'gumbel.tex' failed.
    LaTeX errors:
    ! LaTeX Error: File `vmargin.sty' not found.
    
    Type X to quit or <RETURN> to proceed,
    or enter new name. (Default extension: sty)
    
    test/gumbel/vignettes/gumbel.tex:45: ==> Fatal error occurred, no output PDF f
    ile produced!
    Calls: buildVignettes -> texi2pdf -> texi2dvi
    Execution halted
Flavor: r-release-osx-x86_64-mavericks