CRAN Package Check Results for Package gumbel

Last updated on 2017-05-24 07:49:47.

Flavor Version Tinstall Tcheck Ttotal Status Flags
r-devel-linux-x86_64-debian-clang 1.10-1 0.60 16.32 16.91 OK
r-devel-linux-x86_64-debian-gcc 1.10-1 0.64 16.25 16.89 OK
r-devel-linux-x86_64-fedora-clang 1.10-1 29.57 OK --no-stop-on-test-error
r-devel-linux-x86_64-fedora-gcc 1.10-1 29.14 OK --no-stop-on-test-error
r-devel-windows-ix86+x86_64 1.10-1 4.00 47.00 51.00 OK
r-patched-linux-x86_64 1.10-1 0.59 16.19 16.78 OK
r-patched-solaris-sparc 1.10-1 168.90 OK
r-patched-solaris-x86 1.10-1 37.50 OK
r-release-linux-x86_64 1.10-1 0.64 16.12 16.75 OK
r-release-windows-ix86+x86_64 1.10-1 2.00 35.00 37.00 OK
r-release-osx-x86_64 1.10-1 WARN
r-oldrel-windows-ix86+x86_64 1.10-1 3.00 35.00 38.00 OK
r-oldrel-osx-x86_64 1.10-1 OK

Check Details

Version: 1.10-1
Check: re-building of vignette outputs
Result: WARN
    Error in re-building vignettes:
     ...
    Error in texi2dvi(file = file, pdf = TRUE, clean = clean, quiet = quiet, :
     Running 'texi2dvi' on 'gumbel.tex' failed.
    LaTeX errors:
    ! LaTeX Error: File `vmargin.sty' not found.
    
    Type X to quit or <RETURN> to proceed,
    or enter new name. (Default extension: sty)
    
    ! Emergency stop.
    <read *>
    
    l.45 \setmarginsrb
     {2.9cm}{1.5cm}{2.9cm}{1cm}{\headheight}{\headsep}{\foothei...
    ! ==> Fatal error occurred, no output PDF file produced!
    Calls: buildVignettes -> texi2pdf -> texi2dvi
    Execution halted
Flavor: r-release-osx-x86_64