CRAN Package Check Results for Package gumbel

Last updated on 2017-10-23 01:46:43.

Flavor Version Tinstall Tcheck Ttotal Status Flags
r-devel-linux-x86_64-debian-clang 1.10-1 0.55 16.31 16.86 OK
r-devel-linux-x86_64-debian-gcc 1.10-1 0.54 17.43 17.98 OK
r-devel-linux-x86_64-fedora-clang 1.10-1 30.66 OK
r-devel-linux-x86_64-fedora-gcc 1.10-1 31.19 OK
r-devel-windows-ix86+x86_64 1.10-1 4.00 33.00 37.00 OK
r-patched-linux-x86_64 1.10-1 0.68 16.07 16.75 OK
r-patched-solaris-x86 1.10-1 39.00 OK
r-release-linux-x86_64 1.10-1 0.66 15.76 16.42 OK
r-release-windows-ix86+x86_64 1.10-1 2.00 35.00 37.00 OK
r-release-osx-x86_64 1.10-1 WARN
r-oldrel-windows-ix86+x86_64 1.10-1 3.00 35.00 38.00 OK
r-oldrel-osx-x86_64 1.10-1 OK

Check Details

Version: 1.10-1
Check: re-building of vignette outputs
Result: WARN
    Error in re-building vignettes:
     ...
    Error in texi2dvi(file = file, pdf = TRUE, clean = clean, quiet = quiet, :
     Running 'texi2dvi' on 'gumbel.tex' failed.
    LaTeX errors:
    ! LaTeX Error: File `vmargin.sty' not found.
    
    Type X to quit or <RETURN> to proceed,
    or enter new name. (Default extension: sty)
    
    ! Emergency stop.
    <read *>
    
    l.45 \setmarginsrb
     {2.9cm}{1.5cm}{2.9cm}{1cm}{\headheight}{\headsep}{\foothei...
    ! ==> Fatal error occurred, no output PDF file produced!
    Calls: buildVignettes -> texi2pdf -> texi2dvi
    Execution halted
Flavor: r-release-osx-x86_64