CRAN Package Check Results for Package gvlma

Last updated on 2015-01-31 13:48:24.

Flavor Version Tinstall Tcheck Ttotal Status Flags
r-devel-linux-x86_64-debian-clang 1.0.0.2 0.62 12.96 13.58 NOTE
r-devel-linux-x86_64-debian-gcc 1.0.0.2 0.82 12.69 13.51 NOTE
r-devel-linux-x86_64-fedora-clang 1.0.0.2 30.04 NOTE
r-devel-linux-x86_64-fedora-gcc 1.0.0.2 28.81 NOTE
r-devel-osx-x86_64-clang 1.0.0.2 31.89 NOTE
r-devel-windows-ix86+x86_64 1.0.0.2 3.00 23.00 26.00 OK
r-patched-linux-x86_64 1.0.0.2 0.66 14.07 14.73 OK
r-patched-solaris-sparc 1.0.0.2 190.80 OK
r-patched-solaris-x86 1.0.0.2 42.40 OK
r-release-linux-ix86 1.0.0.2 0.92 20.62 21.54 OK
r-release-linux-x86_64 1.0.0.2 0.77 13.87 14.64 OK
r-release-osx-x86_64-mavericks 1.0.0.2 OK
r-release-osx-x86_64-snowleopard 1.0.0.2 OK
r-release-windows-ix86+x86_64 1.0.0.2 2.00 34.00 36.00 OK
r-oldrel-windows-ix86+x86_64 1.0.0.2 2.00 21.00 23.00 OK

Check Details

Version: 1.0.0.2
Check: S3 generic/method consistency
Result: NOTE
    Found the following apparent S3 methods exported but not registered:
     print.gvlma print.gvlmaDel summary.gvlma summary.gvlmaDel plot.gvlma
     plot.gvlmaDel update.gvlma
    See section ‘Registering S3 methods’ in the ‘Writing R Extensions’
    manual.
Flavors: r-devel-linux-x86_64-debian-clang, r-devel-linux-x86_64-debian-gcc, r-devel-linux-x86_64-fedora-clang, r-devel-linux-x86_64-fedora-gcc, r-devel-osx-x86_64-clang