CRAN Package Check Results for Package gvlma

Last updated on 2015-05-25 19:47:11.

Flavor Version Tinstall Tcheck Ttotal Status Flags
r-devel-linux-x86_64-debian-clang 1.0.0.2 0.59 13.62 14.21 NOTE
r-devel-linux-x86_64-debian-gcc 1.0.0.2 0.62 13.46 14.09 NOTE
r-devel-linux-x86_64-fedora-clang 1.0.0.2 26.73 NOTE
r-devel-linux-x86_64-fedora-gcc 1.0.0.2 25.07 NOTE
r-devel-osx-x86_64-clang 1.0.0.2 30.32 NOTE
r-devel-windows-ix86+x86_64 1.0.0.2 3.00 21.00 24.00 OK
r-patched-linux-x86_64 1.0.0.2 0.71 12.88 13.59 NOTE
r-patched-solaris-sparc 1.0.0.2 169.50 NOTE
r-patched-solaris-x86 1.0.0.2 37.60 NOTE
r-release-linux-x86_64 1.0.0.2 0.61 13.35 13.96 NOTE
r-release-osx-x86_64-mavericks 1.0.0.2 OK
r-release-osx-x86_64-snowleopard 1.0.0.2 OK
r-release-windows-ix86+x86_64 1.0.0.2 2.00 24.00 26.00 OK
r-oldrel-windows-ix86+x86_64 1.0.0.2 5.00 23.00 28.00 OK

Check Details

Version: 1.0.0.2
Check: S3 generic/method consistency
Result: NOTE
    Found the following apparent S3 methods exported but not registered:
     plot.gvlma plot.gvlmaDel print.gvlma print.gvlmaDel summary.gvlma
     summary.gvlmaDel update.gvlma
    See section ‘Registering S3 methods’ in the ‘Writing R Extensions’
    manual.
Flavors: r-devel-linux-x86_64-debian-clang, r-devel-linux-x86_64-debian-gcc, r-devel-linux-x86_64-fedora-clang, r-devel-linux-x86_64-fedora-gcc, r-devel-osx-x86_64-clang, r-patched-linux-x86_64, r-patched-solaris-sparc, r-patched-solaris-x86, r-release-linux-x86_64