CRAN Package Check Results for Package gvlma

Last updated on 2015-02-26 23:47:45.

Flavor Version Tinstall Tcheck Ttotal Status Flags
r-devel-linux-x86_64-debian-clang 1.0.0.2 0.62 13.70 14.33 NOTE
r-devel-linux-x86_64-debian-gcc 1.0.0.2 0.59 13.02 13.61 NOTE
r-devel-linux-x86_64-fedora-clang 1.0.0.2 26.69 NOTE
r-devel-linux-x86_64-fedora-gcc 1.0.0.2 25.66 NOTE
r-devel-osx-x86_64-clang 1.0.0.2 30.13 NOTE
r-devel-windows-ix86+x86_64 1.0.0.2 3.00 22.00 25.00 OK
r-patched-linux-x86_64 1.0.0.2 0.64 14.11 14.75 OK
r-patched-solaris-sparc 1.0.0.2 190.80 OK
r-patched-solaris-x86 1.0.0.2 40.70 OK
r-release-linux-ix86 1.0.0.2 0.92 20.64 21.57 OK
r-release-linux-x86_64 1.0.0.2 0.70 0.25 0.95 OK
r-release-osx-x86_64-mavericks 1.0.0.2 OK
r-release-osx-x86_64-snowleopard 1.0.0.2 OK
r-release-windows-ix86+x86_64 1.0.0.2 2.00 34.00 36.00 OK
r-oldrel-windows-ix86+x86_64 1.0.0.2 2.00 21.00 23.00 OK

Check Details

Version: 1.0.0.2
Check: S3 generic/method consistency
Result: NOTE
    Found the following apparent S3 methods exported but not registered:
     plot.gvlma plot.gvlmaDel print.gvlma print.gvlmaDel summary.gvlma
     summary.gvlmaDel update.gvlma
    See section ‘Registering S3 methods’ in the ‘Writing R Extensions’
    manual.
Flavors: r-devel-linux-x86_64-debian-clang, r-devel-linux-x86_64-debian-gcc, r-devel-linux-x86_64-fedora-clang, r-devel-linux-x86_64-fedora-gcc, r-devel-osx-x86_64-clang