CRAN Package Check Results for Package gvlma

Last updated on 2015-08-05 11:48:00.

Flavor Version Tinstall Tcheck Ttotal Status Flags
r-devel-linux-x86_64-debian-clang 1.0.0.2 0.57 12.92 13.49 NOTE
r-devel-linux-x86_64-debian-gcc 1.0.0.2 0.57 12.19 12.76 NOTE
r-devel-linux-x86_64-fedora-clang 1.0.0.2 25.24 NOTE
r-devel-linux-x86_64-fedora-gcc 1.0.0.2 24.22 NOTE
r-devel-osx-x86_64-clang 1.0.0.2 25.49 NOTE
r-devel-windows-ix86+x86_64 1.0.0.2 3.00 23.00 26.00 NOTE
r-patched-linux-x86_64 1.0.0.2 0.65 12.76 13.41 NOTE
r-patched-solaris-sparc 1.0.0.2 172.60 NOTE
r-patched-solaris-x86 1.0.0.2 40.10 NOTE
r-release-linux-x86_64 1.0.0.2 0.60 13.02 13.62 NOTE
r-release-osx-x86_64-mavericks 1.0.0.2 OK
r-release-windows-ix86+x86_64 1.0.0.2 3.00 22.00 25.00 OK
r-oldrel-windows-ix86+x86_64 1.0.0.2 5.00 23.00 28.00 OK

Check Details

Version: 1.0.0.2
Check: S3 generic/method consistency
Result: NOTE
    Found the following apparent S3 methods exported but not registered:
     plot.gvlma plot.gvlmaDel print.gvlma print.gvlmaDel summary.gvlma
     summary.gvlmaDel update.gvlma
    See section ‘Registering S3 methods’ in the ‘Writing R Extensions’
    manual.
Flavors: r-devel-linux-x86_64-debian-clang, r-devel-linux-x86_64-debian-gcc, r-devel-linux-x86_64-fedora-clang, r-devel-linux-x86_64-fedora-gcc, r-devel-osx-x86_64-clang, r-patched-linux-x86_64, r-patched-solaris-sparc, r-patched-solaris-x86, r-release-linux-x86_64

Version: 1.0.0.2
Check: R code for possible problems
Result: NOTE
    computegvlma: no visible global function definition for ‘resid’
    computegvlma: no visible global function definition for ‘model.matrix’
    computegvlma: no visible global function definition for ‘coef’
    computegvlma: no visible global function definition for ‘pchisq’
    deletion.gvlma: no visible global function definition for ‘fitted’
    display.delstats: no visible global function definition for ‘plot’
    display.delstats: no visible global function definition for ‘points’
    display.delstats: no visible global function definition for ‘var’
    display.delstats: no visible global function definition for ‘quantile’
    display.delstats: no visible global function definition for ‘text’
    display.delstats: no visible global function definition for ‘abline’
    gvlma.form: no visible global function definition for ‘fitted’
    gvlma.lm: no visible global function definition for ‘fitted’
    plot.gvlma: no visible global function definition for ‘par’
    plot.gvlma: no visible global function definition for ‘model.matrix’
    plot.gvlma: no visible global function definition for ‘dev.interactive’
    plot.gvlma: no visible global function definition for ‘fitted’
    plot.gvlma: no visible global function definition for ‘residuals’
    plot.gvlma: no visible global function definition for ‘formula’
    plot.gvlma: no visible global function definition for ‘resid’
    plot.gvlma: no visible global function definition for ‘plot’
    plot.gvlma: no visible global function definition for ‘hist’
    plot.gvlma: no visible global function definition for ‘qqnorm’
    plot.gvlma: no visible global function definition for ‘qqline’
    plot.gvlmaDel: no visible global function definition for ‘par’
    plot.gvlmaDel: no visible global function definition for
     ‘dev.interactive’
    plot.gvlmaDel: no visible global function definition for ‘plot’
    update.gvlma: no visible global function definition for ‘fitted’
    Undefined global functions or variables:
     abline coef dev.interactive fitted formula hist model.matrix par
     pchisq plot points qqline qqnorm quantile resid residuals text var
    Consider adding
     importFrom("grDevices", "dev.interactive")
     importFrom("graphics", "abline", "hist", "par", "plot", "points",
     "text")
     importFrom("stats", "coef", "fitted", "formula", "model.matrix",
     "pchisq", "qqline", "qqnorm", "quantile", "resid",
     "residuals", "var")
    to your NAMESPACE.
Flavors: r-devel-linux-x86_64-debian-clang, r-devel-linux-x86_64-debian-gcc, r-devel-linux-x86_64-fedora-clang, r-devel-linux-x86_64-fedora-gcc, r-devel-windows-ix86+x86_64