CRAN Package Check Results for Package gvlma

Last updated on 2015-04-01 08:50:06.

Flavor Version Tinstall Tcheck Ttotal Status Flags
r-devel-linux-x86_64-debian-clang 1.0.0.2 0.60 14.18 14.78 NOTE
r-devel-linux-x86_64-debian-gcc 1.0.0.2 0.62 12.82 13.44 NOTE
r-devel-linux-x86_64-fedora-clang 1.0.0.2 27.43 NOTE
r-devel-linux-x86_64-fedora-gcc 1.0.0.2 25.53 NOTE
r-devel-osx-x86_64-clang 1.0.0.2 33.74 NOTE
r-prerel-windows-ix86+x86_64 1.0.0.2 4.00 21.00 25.00 OK
r-prerel-linux-x86_64 1.0.0.2 0.60 13.38 13.98 NOTE
r-prerel-solaris-sparc 1.0.0.2 181.10 OK
r-prerel-solaris-x86 1.0.0.2 36.60 OK
r-release-linux-x86_64 1.0.0.2 0.64 14.16 14.80 OK
r-release-osx-x86_64-mavericks 1.0.0.2 OK
r-release-osx-x86_64-snowleopard 1.0.0.2 OK
r-release-windows-ix86+x86_64 1.0.0.2 5.00 23.00 28.00 OK
r-oldrel-windows-ix86+x86_64 1.0.0.2 2.00 21.00 23.00 OK

Check Details

Version: 1.0.0.2
Check: S3 generic/method consistency
Result: NOTE
    Found the following apparent S3 methods exported but not registered:
     plot.gvlma plot.gvlmaDel print.gvlma print.gvlmaDel summary.gvlma
     summary.gvlmaDel update.gvlma
    See section ‘Registering S3 methods’ in the ‘Writing R Extensions’
    manual.
Flavors: r-devel-linux-x86_64-debian-clang, r-devel-linux-x86_64-debian-gcc, r-devel-linux-x86_64-fedora-clang, r-devel-linux-x86_64-fedora-gcc, r-devel-osx-x86_64-clang, r-prerel-linux-x86_64