CRAN Package Check Results for Package gwerAM

Last updated on 2014-08-28 23:48:22.

Flavor Version Tinstall Tcheck Ttotal Status Flags
r-devel-linux-x86_64-debian-clang 1.0 3.25 39.75 43.00 OK
r-devel-linux-x86_64-debian-gcc 1.0 3.20 39.02 42.22 OK
r-devel-linux-x86_64-fedora-clang 1.0 106.17 NOTE
r-devel-linux-x86_64-fedora-gcc 1.0 102.00 NOTE
r-devel-osx-x86_64-clang 1.0 81.09 OK
r-devel-windows-ix86+x86_64 1.0 9.00 55.00 64.00 OK
r-patched-linux-x86_64 1.0 3.58 40.94 44.51 OK
r-patched-solaris-sparc 1.0 575.70 OK
r-patched-solaris-x86 1.0 139.00 OK
r-release-linux-ix86 1.0 3.96 51.15 55.10 OK
r-release-linux-x86_64 1.0 3.37 40.93 44.30 OK
r-release-osx-x86_64-mavericks 1.0 OK
r-release-osx-x86_64-snowleopard 1.0 OK
r-release-windows-ix86+x86_64 1.0 8.00 60.00 68.00 OK
r-oldrel-windows-ix86+x86_64 1.0 9.00 55.00 64.00 OK

Check Details

Version: 1.0
Check: top-level files
Result: NOTE
    Non-standard file/directory found at top level:
     ‘TITEL’
Flavors: r-devel-linux-x86_64-fedora-clang, r-devel-linux-x86_64-fedora-gcc