CRAN Package Check Results for Package gwerAM

Last updated on 2014-10-25 05:48:39.

Flavor Version Tinstall Tcheck Ttotal Status Flags
r-devel-linux-x86_64-debian-clang 1.0 3.20 40.34 43.54 NOTE
r-devel-linux-x86_64-debian-gcc 1.0 3.13 40.51 43.64 NOTE
r-devel-linux-x86_64-fedora-clang 1.0 105.33 NOTE
r-devel-linux-x86_64-fedora-gcc 1.0 101.37 NOTE
r-devel-osx-x86_64-clang 1.0 86.71 OK
r-devel-windows-ix86+x86_64 1.0 8.00 59.00 67.00 OK
r-patched-linux-x86_64 1.0 3.27 41.80 45.06 NOTE
r-patched-solaris-sparc 1.0 575.70 OK
r-patched-solaris-x86 1.0 141.80 OK
r-release-linux-ix86 1.0 4.03 51.45 55.48 OK
r-release-linux-x86_64 1.0 3.54 41.57 45.11 NOTE
r-release-osx-x86_64-mavericks 1.0 OK
r-release-osx-x86_64-snowleopard 1.0 OK
r-release-windows-ix86+x86_64 1.0 10.00 63.00 73.00 OK
r-oldrel-windows-ix86+x86_64 1.0 10.00 54.00 64.00 OK

Check Details

Version: 1.0
Check: top-level files
Result: NOTE
    Non-standard file/directory found at top level:
     ‘TITEL’
Flavors: r-devel-linux-x86_64-debian-clang, r-devel-linux-x86_64-debian-gcc, r-devel-linux-x86_64-fedora-clang, r-devel-linux-x86_64-fedora-gcc, r-patched-linux-x86_64, r-release-linux-x86_64