CRAN Package Check Results for Package gwerAM

Last updated on 2017-06-24 01:47:13.

Flavor Version Tinstall Tcheck Ttotal Status Flags
r-devel-linux-x86_64-debian-clang 1.0 2.42 34.55 36.97 NOTE
r-devel-linux-x86_64-debian-gcc 1.0 2.35 33.46 35.81 NOTE
r-devel-linux-x86_64-fedora-clang 1.0 82.25 NOTE
r-devel-linux-x86_64-fedora-gcc 1.0 78.07 NOTE
r-devel-windows-ix86+x86_64 1.0 12.00 84.00 96.00 NOTE
r-patched-linux-x86_64 1.0 2.24 32.19 34.43 NOTE
r-patched-solaris-sparc 1.0 473.00 NOTE
r-patched-solaris-x86 1.0 108.20 NOTE
r-release-linux-x86_64 1.0 2.32 32.91 35.22 NOTE
r-release-windows-ix86+x86_64 1.0 7.00 83.00 90.00 NOTE
r-release-osx-x86_64 1.0 NOTE
r-oldrel-windows-ix86+x86_64 1.0 8.00 78.00 86.00 NOTE
r-oldrel-osx-x86_64 1.0 NOTE

Check Details

Version: 1.0
Check: top-level files
Result: NOTE
    Non-standard file/directory found at top level:
     ‘TITEL’
Flavors: r-devel-linux-x86_64-debian-clang, r-devel-linux-x86_64-debian-gcc, r-devel-linux-x86_64-fedora-clang, r-devel-linux-x86_64-fedora-gcc, r-patched-linux-x86_64, r-release-linux-x86_64

Version: 1.0
Check: R code for possible problems
Result: NOTE
    calculate.threshold: no visible global function definition for ‘pchisq’
    gwerAM: no visible global function definition for ‘rnorm’
    gwerAM: no visible binding for global variable ‘quantile’
    Undefined global functions or variables:
     pchisq quantile rnorm
    Consider adding
     importFrom("stats", "pchisq", "quantile", "rnorm")
    to your NAMESPACE file.
Flavors: r-devel-linux-x86_64-debian-clang, r-devel-linux-x86_64-debian-gcc, r-devel-linux-x86_64-fedora-clang, r-devel-linux-x86_64-fedora-gcc, r-devel-windows-ix86+x86_64, r-patched-linux-x86_64, r-patched-solaris-sparc, r-patched-solaris-x86, r-release-linux-x86_64, r-release-windows-ix86+x86_64, r-release-osx-x86_64, r-oldrel-windows-ix86+x86_64, r-oldrel-osx-x86_64