CRAN Package Check Results for Package gwerAM

Last updated on 2016-02-06 07:47:55.

Flavor Version Tinstall Tcheck Ttotal Status Flags
r-devel-linux-x86_64-debian-gcc 1.0 2.50 32.07 34.58 NOTE
r-devel-linux-x86_64-fedora-clang 1.0 69.87 NOTE
r-devel-linux-x86_64-fedora-gcc 1.0 65.61 NOTE
r-devel-osx-x86_64-clang 1.0 73.24 OK
r-devel-windows-ix86+x86_64 1.0 10.00 57.00 67.00 NOTE
r-patched-linux-x86_64 1.0 2.64 34.72 37.35 NOTE
r-patched-solaris-sparc 1.0 458.10 OK
r-patched-solaris-x86 1.0 97.80 OK
r-release-linux-x86_64 1.0 2.68 35.26 37.94 NOTE
r-release-osx-x86_64-mavericks 1.0 OK
r-release-windows-ix86+x86_64 1.0 10.00 59.00 69.00 OK
r-oldrel-windows-ix86+x86_64 1.0 14.00 76.00 90.00 OK

Check Details

Version: 1.0
Check: top-level files
Result: NOTE
    Non-standard file/directory found at top level:
     ‘TITEL’
Flavors: r-devel-linux-x86_64-debian-gcc, r-devel-linux-x86_64-fedora-clang, r-devel-linux-x86_64-fedora-gcc, r-patched-linux-x86_64, r-release-linux-x86_64

Version: 1.0
Check: R code for possible problems
Result: NOTE
    calculate.threshold: no visible global function definition for ‘pchisq’
    gwerAM: no visible global function definition for ‘rnorm’
    gwerAM: no visible binding for global variable ‘quantile’
    Undefined global functions or variables:
     pchisq quantile rnorm
    Consider adding
     importFrom("stats", "pchisq", "quantile", "rnorm")
    to your NAMESPACE.
Flavors: r-devel-linux-x86_64-debian-gcc, r-devel-linux-x86_64-fedora-clang, r-devel-linux-x86_64-fedora-gcc, r-devel-windows-ix86+x86_64