CRAN Package Check Results for Package gwerAM

Last updated on 2015-04-27 21:46:34.

Flavor Version Tinstall Tcheck Ttotal Status Flags
r-devel-linux-x86_64-debian-clang 1.0 2.66 34.96 37.62 NOTE
r-devel-linux-x86_64-debian-gcc 1.0 2.54 35.58 38.12 NOTE
r-devel-linux-x86_64-fedora-clang 1.0 78.78 NOTE
r-devel-linux-x86_64-fedora-gcc 1.0 74.01 NOTE
r-devel-osx-x86_64-clang 1.0 67.52 OK
r-devel-windows-ix86+x86_64 1.0 7.00 83.00 90.00 OK
r-patched-linux-x86_64 1.0 2.54 35.10 37.64 NOTE
r-patched-solaris-sparc 1.0 476.50 OK
r-patched-solaris-x86 1.0 111.50 OK
r-release-linux-x86_64 1.0 2.52 34.57 37.09 NOTE
r-release-osx-x86_64-mavericks 1.0 OK
r-release-osx-x86_64-snowleopard 1.0 OK
r-release-windows-ix86+x86_64 1.0 10.00 70.00 80.00 OK
r-oldrel-windows-ix86+x86_64 1.0 10.00 62.00 72.00 OK

Check Details

Version: 1.0
Check: top-level files
Result: NOTE
    Non-standard file/directory found at top level:
     ‘TITEL’
Flavors: r-devel-linux-x86_64-debian-clang, r-devel-linux-x86_64-debian-gcc, r-devel-linux-x86_64-fedora-clang, r-devel-linux-x86_64-fedora-gcc, r-release-linux-x86_64