CRAN Package Check Results for Package gwerAM

Last updated on 2016-07-25 17:49:38.

Flavor Version Tinstall Tcheck Ttotal Status Flags
r-devel-linux-x86_64-debian-clang 1.0 2.90 38.57 41.46 NOTE
r-devel-linux-x86_64-debian-gcc 1.0 3.24 37.92 41.16 NOTE
r-devel-linux-x86_64-fedora-clang 1.0 72.21 NOTE
r-devel-linux-x86_64-fedora-gcc 1.0 67.94 NOTE
r-devel-osx-x86_64-clang 1.0 55.18 NOTE
r-devel-windows-ix86+x86_64 1.0 10.00 79.00 89.00 NOTE
r-patched-linux-x86_64 1.0 3.17 35.11 38.28 NOTE
r-patched-solaris-sparc 1.0 416.80 NOTE
r-patched-solaris-x86 1.0 90.50 NOTE
r-release-linux-x86_64 1.0 3.50 37.80 41.30 NOTE
r-release-osx-x86_64-mavericks 1.0 NOTE
r-release-windows-ix86+x86_64 1.0 10.00 91.00 101.00 NOTE
r-oldrel-windows-ix86+x86_64 1.0 10.00 93.00 103.00 OK

Check Details

Version: 1.0
Check: top-level files
Result: NOTE
    Non-standard file/directory found at top level:
     ‘TITEL’
Flavors: r-devel-linux-x86_64-debian-clang, r-devel-linux-x86_64-debian-gcc, r-devel-linux-x86_64-fedora-clang, r-devel-linux-x86_64-fedora-gcc, r-patched-linux-x86_64, r-release-linux-x86_64

Version: 1.0
Check: R code for possible problems
Result: NOTE
    calculate.threshold: no visible global function definition for ‘pchisq’
    gwerAM: no visible global function definition for ‘rnorm’
    gwerAM: no visible binding for global variable ‘quantile’
    Undefined global functions or variables:
     pchisq quantile rnorm
    Consider adding
     importFrom("stats", "pchisq", "quantile", "rnorm")
    to your NAMESPACE file.
Flavors: r-devel-linux-x86_64-debian-clang, r-devel-linux-x86_64-debian-gcc, r-devel-linux-x86_64-fedora-clang, r-devel-linux-x86_64-fedora-gcc, r-devel-osx-x86_64-clang, r-devel-windows-ix86+x86_64, r-patched-linux-x86_64, r-patched-solaris-sparc, r-patched-solaris-x86, r-release-linux-x86_64, r-release-osx-x86_64-mavericks, r-release-windows-ix86+x86_64