CRAN Package Check Results for Package gwerAM

Last updated on 2015-03-05 23:48:17.

Flavor Version Tinstall Tcheck Ttotal Status Flags
r-devel-linux-x86_64-debian-clang 1.0 2.56 34.78 37.34 NOTE
r-devel-linux-x86_64-debian-gcc 1.0 2.54 35.20 37.74 NOTE
r-devel-linux-x86_64-fedora-clang 1.0 78.25 NOTE
r-devel-linux-x86_64-fedora-gcc 1.0 74.90 NOTE
r-devel-osx-x86_64-clang 1.0 69.76 OK
r-devel-windows-ix86+x86_64 1.0 7.00 52.00 59.00 OK
r-patched-linux-x86_64 1.0 3.33 41.66 44.99 NOTE
r-patched-solaris-sparc 1.0 593.50 OK
r-patched-solaris-x86 1.0 140.70 OK
r-release-linux-ix86 1.0 3.93 51.10 55.04 NOTE
r-release-linux-x86_64 1.0 3.27 42.74 46.01 NOTE
r-release-osx-x86_64-mavericks 1.0 OK
r-release-osx-x86_64-snowleopard 1.0 OK
r-release-windows-ix86+x86_64 1.0 10.00 65.00 75.00 OK
r-oldrel-windows-ix86+x86_64 1.0 9.00 89.00 98.00 OK

Check Details

Version: 1.0
Check: top-level files
Result: NOTE
    Non-standard file/directory found at top level:
     ‘TITEL’
Flavors: r-devel-linux-x86_64-debian-clang, r-devel-linux-x86_64-debian-gcc, r-devel-linux-x86_64-fedora-clang, r-devel-linux-x86_64-fedora-gcc, r-patched-linux-x86_64, r-release-linux-ix86, r-release-linux-x86_64