CRAN Package Check Results for Package gwerAM

Last updated on 2014-04-20 21:46:48.

Flavor Version Tinstall Tcheck Ttotal Status Flags
r-devel-linux-x86_64-debian-clang 1.0 3.63 43.97 47.60 OK
r-devel-linux-x86_64-debian-gcc 1.0 3.50 43.06 46.56 OK
r-devel-linux-x86_64-fedora-clang 1.0 111.44 NOTE
r-devel-linux-x86_64-fedora-gcc 1.0 105.25 NOTE
r-devel-macosx-x86_64-clang 1.0 79.93 OK
r-devel-macosx-x86_64-gcc 1.0 OK
r-devel-windows-ix86+x86_64 1.0 9.00 62.00 71.00 OK
r-patched-linux-x86_64 1.0 3.43 43.89 47.32 OK
r-patched-solaris-sparc 1.0 587.50 OK
r-patched-solaris-x86 1.0 141.60 OK
r-release-linux-ix86 OK
r-release-linux-x86_64 1.0 3.43 43.32 46.75 OK
r-release-macosx-x86_64 1.0 OK
r-release-windows-ix86+x86_64 1.0 12.00 61.00 73.00 OK
r-oldrel-windows-ix86+x86_64 1.0 9.00 52.00 61.00 OK

Check Details

Version: 1.0
Check: top-level files
Result: NOTE
    Non-standard file/directory found at top level:
     ‘TITEL’
Flavors: r-devel-linux-x86_64-fedora-clang, r-devel-linux-x86_64-fedora-gcc