CRAN Package Check Results for Package gwerAM

Last updated on 2015-07-02 23:47:13.

Flavor Version Tinstall Tcheck Ttotal Status Flags
r-devel-linux-x86_64-debian-clang 1.0 2.60 34.98 37.58 NOTE
r-devel-linux-x86_64-debian-gcc 1.0 2.52 33.67 36.19 NOTE
r-devel-linux-x86_64-fedora-clang 1.0 76.79 NOTE
r-devel-linux-x86_64-fedora-gcc 1.0 70.63 NOTE
r-devel-osx-x86_64-clang 1.0 68.69 OK
r-devel-windows-ix86+x86_64 1.0 8.00 52.00 60.00 NOTE
r-patched-linux-x86_64 1.0 2.58 33.78 36.36 NOTE
r-patched-solaris-sparc 1.0 475.70 OK
r-patched-solaris-x86 1.0 109.30 OK
r-release-linux-x86_64 1.0 2.56 33.50 36.06 NOTE
r-release-osx-x86_64-mavericks 1.0 OK
r-release-windows-ix86+x86_64 1.0 7.00 54.00 61.00 OK
r-oldrel-windows-ix86+x86_64 1.0 10.00 62.00 72.00 OK

Check Details

Version: 1.0
Check: top-level files
Result: NOTE
    Non-standard file/directory found at top level:
     ‘TITEL’
Flavors: r-devel-linux-x86_64-debian-clang, r-devel-linux-x86_64-debian-gcc, r-devel-linux-x86_64-fedora-clang, r-devel-linux-x86_64-fedora-gcc, r-patched-linux-x86_64, r-release-linux-x86_64

Version: 1.0
Check: R code for possible problems
Result: NOTE
    calculate.threshold: no visible global function definition for ‘pchisq’
    gwerAM: no visible global function definition for ‘rnorm’
    gwerAM: no visible binding for global variable ‘quantile’
    Undefined global functions or variables:
     pchisq quantile rnorm
Flavors: r-devel-linux-x86_64-debian-clang, r-devel-linux-x86_64-fedora-clang, r-devel-linux-x86_64-fedora-gcc, r-devel-windows-ix86+x86_64

Version: 1.0
Check: R code for possible problems
Result: NOTE
    calculate.threshold: no visible global function definition for ‘pchisq’
    gwerAM: no visible global function definition for ‘rnorm’
    gwerAM: no visible binding for global variable ‘quantile’
Flavor: r-devel-linux-x86_64-debian-gcc