CRAN Package Check Results for Package gwerAM

Last updated on 2016-09-27 18:47:49.

Flavor Version Tinstall Tcheck Ttotal Status Flags
r-devel-linux-x86_64-debian-clang 1.0 2.06 30.00 32.06 NOTE
r-devel-linux-x86_64-debian-gcc 1.0 2.23 30.23 32.46 NOTE
r-devel-linux-x86_64-fedora-clang 1.0 68.98 NOTE
r-devel-linux-x86_64-fedora-gcc 1.0 65.85 NOTE
r-devel-macos-x86_64-clang 1.0 51.74 NOTE
r-devel-windows-ix86+x86_64 1.0 9.00 72.00 81.00 NOTE
r-patched-linux-x86_64 1.0 2.12 29.82 31.94 NOTE
r-patched-solaris-sparc 1.0 416.80 NOTE
r-patched-solaris-x86 1.0 90.10 NOTE
r-release-linux-x86_64 1.0 2.40 29.98 32.38 NOTE
r-release-osx-x86_64-mavericks 1.0 NOTE
r-release-windows-ix86+x86_64 1.0 8.00 53.00 61.00 NOTE
r-oldrel-windows-ix86+x86_64 1.0 10.00 78.00 88.00 OK

Check Details

Version: 1.0
Check: top-level files
Result: NOTE
    Non-standard file/directory found at top level:
     ‘TITEL’
Flavors: r-devel-linux-x86_64-debian-clang, r-devel-linux-x86_64-debian-gcc, r-devel-linux-x86_64-fedora-clang, r-devel-linux-x86_64-fedora-gcc, r-patched-linux-x86_64, r-release-linux-x86_64

Version: 1.0
Check: R code for possible problems
Result: NOTE
    calculate.threshold: no visible global function definition for ‘pchisq’
    gwerAM: no visible global function definition for ‘rnorm’
    gwerAM: no visible binding for global variable ‘quantile’
    Undefined global functions or variables:
     pchisq quantile rnorm
    Consider adding
     importFrom("stats", "pchisq", "quantile", "rnorm")
    to your NAMESPACE file.
Flavors: r-devel-linux-x86_64-debian-clang, r-devel-linux-x86_64-debian-gcc, r-devel-linux-x86_64-fedora-clang, r-devel-linux-x86_64-fedora-gcc, r-devel-macos-x86_64-clang, r-devel-windows-ix86+x86_64, r-patched-linux-x86_64, r-patched-solaris-sparc, r-patched-solaris-x86, r-release-linux-x86_64, r-release-osx-x86_64-mavericks, r-release-windows-ix86+x86_64