CRAN Package Check Results for Package gwerAM

Last updated on 2015-08-29 06:47:40.

Flavor Version Tinstall Tcheck Ttotal Status Flags
r-devel-linux-x86_64-debian-clang 1.0 2.49 32.80 35.29 NOTE
r-devel-linux-x86_64-debian-gcc 1.0 2.61 32.34 34.96 NOTE
r-devel-linux-x86_64-fedora-clang 1.0 71.58 NOTE
r-devel-linux-x86_64-fedora-gcc 1.0 71.42 NOTE
r-devel-osx-x86_64-clang 1.0 59.59 OK
r-devel-windows-ix86+x86_64 1.0 10.00 60.00 70.00 NOTE
r-patched-linux-x86_64 1.0 2.58 35.14 37.73 NOTE
r-patched-solaris-sparc 1.0 486.70 OK
r-patched-solaris-x86 1.0 108.30 OK
r-release-linux-x86_64 1.0 2.59 33.99 36.58 NOTE
r-release-osx-x86_64-mavericks 1.0 OK
r-release-windows-ix86+x86_64 1.0 10.00 82.00 92.00 OK
r-oldrel-windows-ix86+x86_64 1.0 14.00 88.00 102.00 OK

Check Details

Version: 1.0
Check: top-level files
Result: NOTE
    Non-standard file/directory found at top level:
     ‘TITEL’
Flavors: r-devel-linux-x86_64-debian-clang, r-devel-linux-x86_64-debian-gcc, r-devel-linux-x86_64-fedora-clang, r-devel-linux-x86_64-fedora-gcc, r-patched-linux-x86_64, r-release-linux-x86_64

Version: 1.0
Check: R code for possible problems
Result: NOTE
    calculate.threshold: no visible global function definition for ‘pchisq’
    gwerAM: no visible global function definition for ‘rnorm’
    gwerAM: no visible binding for global variable ‘quantile’
    Undefined global functions or variables:
     pchisq quantile rnorm
    Consider adding
     importFrom("stats", "pchisq", "quantile", "rnorm")
    to your NAMESPACE.
Flavors: r-devel-linux-x86_64-debian-clang, r-devel-linux-x86_64-debian-gcc, r-devel-linux-x86_64-fedora-clang, r-devel-linux-x86_64-fedora-gcc, r-devel-windows-ix86+x86_64