CRAN Package Check Results for Package gwerAM

Last updated on 2014-11-23 11:47:15.

Flavor Version Tinstall Tcheck Ttotal Status Flags
r-devel-linux-x86_64-debian-clang 1.0 4.26 39.93 44.19 NOTE
r-devel-linux-x86_64-debian-gcc 1.0 3.08 40.31 43.39 NOTE
r-devel-linux-x86_64-fedora-clang 1.0 108.02 NOTE
r-devel-linux-x86_64-fedora-gcc 1.0 103.80 NOTE
r-devel-osx-x86_64-clang 1.0 87.74 OK
r-devel-windows-ix86+x86_64 1.0 9.00 57.00 66.00 OK
r-patched-linux-x86_64 1.0 3.29 41.30 44.59 NOTE
r-patched-solaris-sparc 1.0 575.70 OK
r-patched-solaris-x86 1.0 139.90 OK
r-release-linux-ix86 1.0 3.84 50.01 53.84 OK
r-release-linux-x86_64 1.0 3.32 40.95 44.26 NOTE
r-release-osx-x86_64-mavericks 1.0 OK
r-release-osx-x86_64-snowleopard 1.0 OK
r-release-windows-ix86+x86_64 1.0 10.00 59.00 69.00 OK
r-oldrel-windows-ix86+x86_64 1.0 10.00 58.00 68.00 OK

Check Details

Version: 1.0
Check: top-level files
Result: NOTE
    Non-standard file/directory found at top level:
     ‘TITEL’
Flavors: r-devel-linux-x86_64-debian-clang, r-devel-linux-x86_64-debian-gcc, r-devel-linux-x86_64-fedora-clang, r-devel-linux-x86_64-fedora-gcc, r-patched-linux-x86_64, r-release-linux-x86_64