CRAN Package Check Results for Package gwerAM

Last updated on 2017-08-24 02:48:12.

Flavor Version Tinstall Tcheck Ttotal Status Flags
r-devel-linux-x86_64-debian-clang 1.0 2.39 33.27 35.65 NOTE
r-devel-linux-x86_64-debian-gcc 1.0 2.33 33.11 35.44 NOTE
r-devel-linux-x86_64-fedora-clang 1.0 79.40 NOTE
r-devel-linux-x86_64-fedora-gcc 1.0 77.83 NOTE
r-devel-windows-ix86+x86_64 1.0 11.00 62.00 73.00 NOTE
r-patched-linux-x86_64 1.0 2.44 33.63 36.07 NOTE
r-patched-solaris-x86 1.0 110.90 NOTE
r-release-linux-x86_64 1.0 2.51 33.54 36.05 NOTE
r-release-windows-ix86+x86_64 1.0 6.00 83.00 89.00 NOTE
r-release-osx-x86_64 1.0 NOTE
r-oldrel-windows-ix86+x86_64 1.0 8.00 81.00 89.00 NOTE
r-oldrel-osx-x86_64 1.0 NOTE

Check Details

Version: 1.0
Check: top-level files
Result: NOTE
    Non-standard file/directory found at top level:
     ‘TITEL’
Flavors: r-devel-linux-x86_64-debian-clang, r-devel-linux-x86_64-debian-gcc, r-devel-linux-x86_64-fedora-clang, r-devel-linux-x86_64-fedora-gcc, r-patched-linux-x86_64, r-release-linux-x86_64

Version: 1.0
Check: R code for possible problems
Result: NOTE
    calculate.threshold: no visible global function definition for ‘pchisq’
    gwerAM: no visible global function definition for ‘rnorm’
    gwerAM: no visible binding for global variable ‘quantile’
    Undefined global functions or variables:
     pchisq quantile rnorm
    Consider adding
     importFrom("stats", "pchisq", "quantile", "rnorm")
    to your NAMESPACE file.
Flavors: r-devel-linux-x86_64-debian-clang, r-devel-linux-x86_64-debian-gcc, r-devel-linux-x86_64-fedora-clang, r-devel-linux-x86_64-fedora-gcc, r-devel-windows-ix86+x86_64, r-patched-linux-x86_64, r-patched-solaris-x86, r-release-linux-x86_64, r-release-windows-ix86+x86_64, r-release-osx-x86_64, r-oldrel-windows-ix86+x86_64, r-oldrel-osx-x86_64