CRAN Package Check Results for Package gwerAM

Last updated on 2014-12-19 19:00:13.

Flavor Version Tinstall Tcheck Ttotal Status Flags
r-devel-linux-x86_64-debian-clang 1.0 3.40 40.77 44.17 NOTE
r-devel-linux-x86_64-debian-gcc 1.0 2.98 38.60 41.58 NOTE
r-devel-linux-x86_64-fedora-clang 1.0 111.94 NOTE
r-devel-linux-x86_64-fedora-gcc 1.0 94.09 NOTE
r-devel-osx-x86_64-clang 1.0 87.05 OK
r-devel-windows-ix86+x86_64 1.0 12.00 56.00 68.00 OK
r-patched-linux-x86_64 1.0 4.16 40.78 44.95 NOTE
r-patched-solaris-sparc 1.0 575.70 OK
r-patched-solaris-x86 1.0 141.30 OK
r-release-linux-ix86 1.0 3.84 50.08 53.92 OK
r-release-linux-x86_64 1.0 3.28 41.05 44.33 NOTE
r-release-osx-x86_64-mavericks 1.0 OK
r-release-osx-x86_64-snowleopard 1.0 OK
r-release-windows-ix86+x86_64 1.0 10.00 59.00 69.00 OK
r-oldrel-windows-ix86+x86_64 1.0 10.00 57.00 67.00 OK

Check Details

Version: 1.0
Check: top-level files
Result: NOTE
    Non-standard file/directory found at top level:
     ‘TITEL’
Flavors: r-devel-linux-x86_64-debian-clang, r-devel-linux-x86_64-debian-gcc, r-devel-linux-x86_64-fedora-clang, r-devel-linux-x86_64-fedora-gcc, r-patched-linux-x86_64, r-release-linux-x86_64