CRAN Package Check Results for Package gwerAM

Last updated on 2017-02-19 23:48:13.

Flavor Version Tinstall Tcheck Ttotal Status Flags
r-devel-linux-x86_64-debian-clang 1.0 2.61 33.13 35.73 NOTE
r-devel-linux-x86_64-debian-gcc 1.0 2.30 32.97 35.27 NOTE
r-devel-linux-x86_64-fedora-clang 1.0 80.35 NOTE --no-stop-on-test-error
r-devel-linux-x86_64-fedora-gcc 1.0 80.27 NOTE --no-stop-on-test-error
r-devel-macos-x86_64-clang 1.0 61.03 NOTE --no-stop-on-test-error
r-devel-windows-ix86+x86_64 1.0 11.00 78.00 89.00 NOTE
r-patched-linux-x86_64 1.0 2.10 30.16 32.26 NOTE
r-patched-solaris-sparc 1.0 420.90 NOTE
r-patched-solaris-x86 1.0 98.20 NOTE
r-release-linux-x86_64 1.0 2.09 30.29 32.38 NOTE
r-release-osx-x86_64-mavericks 1.0 NOTE
r-release-windows-ix86+x86_64 1.0 5.00 54.00 59.00 NOTE
r-oldrel-windows-ix86+x86_64 1.0 10.00 75.00 85.00 OK

Check Details

Version: 1.0
Check: top-level files
Result: NOTE
    Non-standard file/directory found at top level:
     ‘TITEL’
Flavors: r-devel-linux-x86_64-debian-clang, r-devel-linux-x86_64-debian-gcc, r-patched-linux-x86_64, r-release-linux-x86_64

Version: 1.0
Check: R code for possible problems
Result: NOTE
    calculate.threshold: no visible global function definition for ‘pchisq’
    gwerAM: no visible global function definition for ‘rnorm’
    gwerAM: no visible binding for global variable ‘quantile’
    Undefined global functions or variables:
     pchisq quantile rnorm
    Consider adding
     importFrom("stats", "pchisq", "quantile", "rnorm")
    to your NAMESPACE file.
Flavors: r-devel-linux-x86_64-debian-clang, r-devel-linux-x86_64-debian-gcc, r-devel-windows-ix86+x86_64, r-patched-linux-x86_64, r-patched-solaris-sparc, r-patched-solaris-x86, r-release-linux-x86_64, r-release-osx-x86_64-mavericks, r-release-windows-ix86+x86_64

Version: 1.0
Flags: --no-stop-on-test-error
Check: top-level files
Result: NOTE
    Non-standard file/directory found at top level:
     ‘TITEL’
Flavors: r-devel-linux-x86_64-fedora-clang, r-devel-linux-x86_64-fedora-gcc

Version: 1.0
Flags: --no-stop-on-test-error
Check: R code for possible problems
Result: NOTE
    calculate.threshold: no visible global function definition for ‘pchisq’
    gwerAM: no visible global function definition for ‘rnorm’
    gwerAM: no visible binding for global variable ‘quantile’
    Undefined global functions or variables:
     pchisq quantile rnorm
    Consider adding
     importFrom("stats", "pchisq", "quantile", "rnorm")
    to your NAMESPACE file.
Flavors: r-devel-linux-x86_64-fedora-clang, r-devel-linux-x86_64-fedora-gcc, r-devel-macos-x86_64-clang