CRAN Package Check Results for Package gwerAM

Last updated on 2016-12-10 12:53:44.

Flavor Version Tinstall Tcheck Ttotal Status Flags
r-devel-linux-x86_64-debian-clang 1.0 2.33 32.59 34.92 NOTE
r-devel-linux-x86_64-debian-gcc 1.0 2.31 32.43 34.74 NOTE
r-devel-linux-x86_64-fedora-clang 1.0 86.05 NOTE --no-stop-on-test-error
r-devel-linux-x86_64-fedora-gcc 1.0 79.46 NOTE --no-stop-on-test-error
r-devel-macos-x86_64-clang 1.0 59.06 NOTE --no-stop-on-test-error
r-devel-windows-ix86+x86_64 1.0 6.00 59.00 65.00 NOTE
r-patched-linux-x86_64 1.0 2.21 29.34 31.55 NOTE
r-patched-solaris-sparc 1.0 416.80 NOTE
r-patched-solaris-x86 1.0 89.50 NOTE
r-release-linux-x86_64 1.0 2.38 29.12 31.50 NOTE
r-release-osx-x86_64-mavericks 1.0 NOTE
r-release-windows-ix86+x86_64 1.0 8.00 53.00 61.00 NOTE
r-oldrel-windows-ix86+x86_64 1.0 8.00 56.00 64.00 OK

Check Details

Version: 1.0
Check: top-level files
Result: NOTE
    Non-standard file/directory found at top level:
     ‘TITEL’
Flavors: r-devel-linux-x86_64-debian-clang, r-devel-linux-x86_64-debian-gcc, r-patched-linux-x86_64, r-release-linux-x86_64

Version: 1.0
Check: R code for possible problems
Result: NOTE
    calculate.threshold: no visible global function definition for ‘pchisq’
    gwerAM: no visible global function definition for ‘rnorm’
    gwerAM: no visible binding for global variable ‘quantile’
    Undefined global functions or variables:
     pchisq quantile rnorm
    Consider adding
     importFrom("stats", "pchisq", "quantile", "rnorm")
    to your NAMESPACE file.
Flavors: r-devel-linux-x86_64-debian-clang, r-devel-linux-x86_64-debian-gcc, r-devel-windows-ix86+x86_64, r-patched-linux-x86_64, r-patched-solaris-sparc, r-patched-solaris-x86, r-release-linux-x86_64, r-release-osx-x86_64-mavericks, r-release-windows-ix86+x86_64

Version: 1.0
Flags: --no-stop-on-test-error
Check: top-level files
Result: NOTE
    Non-standard file/directory found at top level:
     ‘TITEL’
Flavors: r-devel-linux-x86_64-fedora-clang, r-devel-linux-x86_64-fedora-gcc

Version: 1.0
Flags: --no-stop-on-test-error
Check: R code for possible problems
Result: NOTE
    calculate.threshold: no visible global function definition for ‘pchisq’
    gwerAM: no visible global function definition for ‘rnorm’
    gwerAM: no visible binding for global variable ‘quantile’
    Undefined global functions or variables:
     pchisq quantile rnorm
    Consider adding
     importFrom("stats", "pchisq", "quantile", "rnorm")
    to your NAMESPACE file.
Flavors: r-devel-linux-x86_64-fedora-clang, r-devel-linux-x86_64-fedora-gcc, r-devel-macos-x86_64-clang