CRAN Package Check Results for Package gwerAM

Last updated on 2014-09-18 15:48:20.

Flavor Version Tinstall Tcheck Ttotal Status Flags
r-devel-linux-x86_64-debian-clang 1.0 3.25 39.22 42.47 NOTE
r-devel-linux-x86_64-debian-gcc 1.0 3.14 38.73 41.87 NOTE
r-devel-linux-x86_64-fedora-clang 1.0 106.30 NOTE
r-devel-linux-x86_64-fedora-gcc 1.0 99.29 NOTE
r-devel-osx-x86_64-clang 1.0 80.46 OK
r-devel-windows-ix86+x86_64 1.0 8.00 55.00 63.00 OK
r-patched-linux-x86_64 1.0 3.31 41.48 44.79 NOTE
r-patched-solaris-sparc 1.0 575.70 OK
r-patched-solaris-x86 1.0 135.20 OK
r-release-linux-ix86 1.0 3.95 51.42 55.37 OK
r-release-linux-x86_64 1.0 3.36 41.92 45.28 NOTE
r-release-osx-x86_64-mavericks 1.0 OK
r-release-osx-x86_64-snowleopard 1.0 OK
r-release-windows-ix86+x86_64 1.0 9.00 62.00 71.00 OK
r-oldrel-windows-ix86+x86_64 1.0 8.00 54.00 62.00 OK

Check Details

Version: 1.0
Check: top-level files
Result: NOTE
    Non-standard file/directory found at top level:
     ‘TITEL’
Flavors: r-devel-linux-x86_64-debian-clang, r-devel-linux-x86_64-debian-gcc, r-devel-linux-x86_64-fedora-clang, r-devel-linux-x86_64-fedora-gcc, r-patched-linux-x86_64, r-release-linux-x86_64