CRAN Package Check Results for Package gwerAM

Last updated on 2018-04-26 10:46:53 CEST.

Flavor Version Tinstall Tcheck Ttotal Status Flags
r-devel-linux-x86_64-debian-clang 1.0 4.15 49.36 53.51 NOTE
r-devel-linux-x86_64-debian-gcc 1.0 3.54 42.20 45.74 NOTE
r-devel-linux-x86_64-fedora-clang 1.0 70.24 NOTE
r-devel-linux-x86_64-fedora-gcc 1.0 67.43 NOTE
r-devel-windows-ix86+x86_64 1.0 9.00 64.00 73.00 NOTE
r-patched-linux-x86_64 1.0 3.51 52.30 55.81 NOTE
r-patched-solaris-x86 1.0 105.90 NOTE
r-release-linux-x86_64 1.0 3.60 52.60 56.20 NOTE
r-release-windows-ix86+x86_64 1.0 9.00 64.00 73.00 NOTE
r-release-osx-x86_64 1.0 NOTE
r-oldrel-windows-ix86+x86_64 1.0 7.00 87.00 94.00 NOTE
r-oldrel-osx-x86_64 1.0 NOTE

Check Details

Version: 1.0
Check: top-level files
Result: NOTE
    Non-standard file/directory found at top level:
     ‘TITEL’
Flavors: r-devel-linux-x86_64-debian-clang, r-devel-linux-x86_64-debian-gcc, r-devel-linux-x86_64-fedora-clang, r-devel-linux-x86_64-fedora-gcc, r-patched-linux-x86_64, r-release-linux-x86_64

Version: 1.0
Check: R code for possible problems
Result: NOTE
    calculate.threshold: no visible global function definition for ‘pchisq’
    gwerAM: no visible global function definition for ‘rnorm’
    gwerAM: no visible binding for global variable ‘quantile’
    Undefined global functions or variables:
     pchisq quantile rnorm
    Consider adding
     importFrom("stats", "pchisq", "quantile", "rnorm")
    to your NAMESPACE file.
Flavors: r-devel-linux-x86_64-debian-clang, r-devel-linux-x86_64-debian-gcc, r-devel-linux-x86_64-fedora-clang, r-devel-linux-x86_64-fedora-gcc, r-devel-windows-ix86+x86_64, r-patched-linux-x86_64, r-patched-solaris-x86, r-release-linux-x86_64, r-release-windows-ix86+x86_64, r-release-osx-x86_64, r-oldrel-windows-ix86+x86_64, r-oldrel-osx-x86_64