CRAN Package Check Results for Package gwerAM

Last updated on 2015-02-01 10:46:54.

Flavor Version Tinstall Tcheck Ttotal Status Flags
r-devel-linux-x86_64-debian-clang 1.0 4.64 33.55 38.19 NOTE
r-devel-linux-x86_64-debian-gcc 1.0 2.72 33.42 36.14 NOTE
r-devel-linux-x86_64-fedora-clang 1.0 104.76 NOTE
r-devel-linux-x86_64-fedora-gcc 1.0 75.49 NOTE
r-devel-osx-x86_64-clang 1.0 76.55 OK
r-devel-windows-ix86+x86_64 1.0 10.00 52.00 62.00 OK
r-patched-linux-x86_64 1.0 3.89 41.23 45.12 NOTE
r-patched-solaris-sparc 1.0 595.90 OK
r-patched-solaris-x86 1.0 141.20 OK
r-release-linux-ix86 1.0 3.78 51.06 54.84 NOTE
r-release-linux-x86_64 1.0 3.49 41.43 44.92 NOTE
r-release-osx-x86_64-mavericks 1.0 OK
r-release-osx-x86_64-snowleopard 1.0 OK
r-release-windows-ix86+x86_64 1.0 8.00 64.00 72.00 OK
r-oldrel-windows-ix86+x86_64 1.0 9.00 57.00 66.00 OK

Check Details

Version: 1.0
Check: top-level files
Result: NOTE
    Non-standard file/directory found at top level:
     ‘TITEL’
Flavors: r-devel-linux-x86_64-debian-clang, r-devel-linux-x86_64-debian-gcc, r-devel-linux-x86_64-fedora-clang, r-devel-linux-x86_64-fedora-gcc, r-patched-linux-x86_64, r-release-linux-ix86, r-release-linux-x86_64