CRAN Package Check Results for Package gwerAM

Last updated on 2018-02-25 19:49:01 CET.

Flavor Version Tinstall Tcheck Ttotal Status Flags
r-devel-linux-x86_64-debian-clang 1.0 4.35 53.62 57.97 NOTE
r-devel-linux-x86_64-debian-gcc 1.0 3.26 41.98 45.24 NOTE
r-devel-linux-x86_64-fedora-clang 1.0 69.74 NOTE
r-devel-linux-x86_64-fedora-gcc 1.0 68.02 NOTE
r-devel-windows-ix86+x86_64 1.0 9.00 83.00 92.00 NOTE
r-patched-linux-x86_64 1.0 3.55 53.50 57.05 NOTE
r-patched-solaris-x86 1.0 110.60 NOTE
r-release-linux-x86_64 1.0 3.42 52.12 55.54 NOTE
r-release-windows-ix86+x86_64 1.0 8.00 85.00 93.00 NOTE
r-release-osx-x86_64 1.0 NOTE
r-oldrel-windows-ix86+x86_64 1.0 7.00 85.00 92.00 NOTE
r-oldrel-osx-x86_64 1.0 NOTE

Check Details

Version: 1.0
Check: top-level files
Result: NOTE
    Non-standard file/directory found at top level:
     ‘TITEL’
Flavors: r-devel-linux-x86_64-debian-clang, r-devel-linux-x86_64-debian-gcc, r-devel-linux-x86_64-fedora-clang, r-devel-linux-x86_64-fedora-gcc, r-patched-linux-x86_64, r-release-linux-x86_64

Version: 1.0
Check: R code for possible problems
Result: NOTE
    calculate.threshold: no visible global function definition for ‘pchisq’
    gwerAM: no visible global function definition for ‘rnorm’
    gwerAM: no visible binding for global variable ‘quantile’
    Undefined global functions or variables:
     pchisq quantile rnorm
    Consider adding
     importFrom("stats", "pchisq", "quantile", "rnorm")
    to your NAMESPACE file.
Flavors: r-devel-linux-x86_64-debian-clang, r-devel-linux-x86_64-debian-gcc, r-devel-linux-x86_64-fedora-clang, r-devel-linux-x86_64-fedora-gcc, r-devel-windows-ix86+x86_64, r-patched-linux-x86_64, r-patched-solaris-x86, r-release-linux-x86_64, r-release-windows-ix86+x86_64, r-release-osx-x86_64, r-oldrel-windows-ix86+x86_64, r-oldrel-osx-x86_64