CRAN Package Check Results for Package gwerAM

Last updated on 2016-05-24 21:49:28.

Flavor Version Tinstall Tcheck Ttotal Status Flags
r-devel-linux-x86_64-debian-gcc 1.0 2.44 33.12 35.57 NOTE
r-devel-linux-x86_64-fedora-clang 1.0 71.21 NOTE
r-devel-linux-x86_64-fedora-gcc 1.0 64.97 NOTE
r-devel-osx-x86_64-clang 1.0 67.92 NOTE
r-devel-windows-ix86+x86_64 1.0 7.00 61.00 68.00 NOTE
r-patched-linux-x86_64 1.0 2.46 32.99 35.45 NOTE
r-patched-solaris-sparc 1.0 420.90 NOTE
r-patched-solaris-x86 1.0 91.90 NOTE
r-release-linux-x86_64 1.0 2.52 32.78 35.30 NOTE
r-release-osx-x86_64-mavericks 1.0 NOTE
r-release-windows-ix86+x86_64 1.0 7.00 61.00 68.00 NOTE
r-oldrel-windows-ix86+x86_64 1.0 10.00 61.00 71.00 OK

Check Details

Version: 1.0
Check: top-level files
Result: NOTE
    Non-standard file/directory found at top level:
     ‘TITEL’
Flavors: r-devel-linux-x86_64-debian-gcc, r-devel-linux-x86_64-fedora-clang, r-devel-linux-x86_64-fedora-gcc, r-patched-linux-x86_64, r-release-linux-x86_64

Version: 1.0
Check: R code for possible problems
Result: NOTE
    calculate.threshold: no visible global function definition for ‘pchisq’
    gwerAM: no visible global function definition for ‘rnorm’
    gwerAM: no visible binding for global variable ‘quantile’
    Undefined global functions or variables:
     pchisq quantile rnorm
    Consider adding
     importFrom("stats", "pchisq", "quantile", "rnorm")
    to your NAMESPACE file.
Flavors: r-devel-linux-x86_64-debian-gcc, r-devel-linux-x86_64-fedora-clang, r-devel-linux-x86_64-fedora-gcc, r-devel-osx-x86_64-clang, r-devel-windows-ix86+x86_64, r-patched-linux-x86_64, r-patched-solaris-sparc, r-patched-solaris-x86, r-release-linux-x86_64, r-release-osx-x86_64-mavericks, r-release-windows-ix86+x86_64