CRAN Package Check Results for Package gwerAM

Last updated on 2015-05-26 17:47:11.

Flavor Version Tinstall Tcheck Ttotal Status Flags
r-devel-linux-x86_64-debian-clang 1.0 2.62 36.03 38.65 NOTE
r-devel-linux-x86_64-debian-gcc 1.0 2.46 34.35 36.81 NOTE
r-devel-linux-x86_64-fedora-clang 1.0 78.01 NOTE
r-devel-linux-x86_64-fedora-gcc 1.0 73.47 NOTE
r-devel-osx-x86_64-clang 1.0 68.12 OK
r-devel-windows-ix86+x86_64 1.0 7.00 52.00 59.00 OK
r-patched-linux-x86_64 1.0 2.51 33.88 36.39 NOTE
r-patched-solaris-sparc 1.0 475.70 OK
r-patched-solaris-x86 1.0 108.50 OK
r-release-linux-x86_64 1.0 2.56 35.74 38.31 NOTE
r-release-osx-x86_64-mavericks 1.0 OK
r-release-osx-x86_64-snowleopard 1.0 OK
r-release-windows-ix86+x86_64 1.0 6.00 52.00 58.00 OK
r-oldrel-windows-ix86+x86_64 1.0 9.00 59.00 68.00 OK

Check Details

Version: 1.0
Check: top-level files
Result: NOTE
    Non-standard file/directory found at top level:
     ‘TITEL’
Flavors: r-devel-linux-x86_64-debian-clang, r-devel-linux-x86_64-debian-gcc, r-devel-linux-x86_64-fedora-clang, r-devel-linux-x86_64-fedora-gcc, r-patched-linux-x86_64, r-release-linux-x86_64