CRAN Package Check Results for Package gwerAM

Last updated on 2014-07-22 15:51:51.

Flavor Version Tinstall Tcheck Ttotal Status Flags
r-devel-linux-x86_64-debian-clang 1.0 3.42 40.84 44.27 OK
r-devel-linux-x86_64-debian-gcc 1.0 3.26 39.63 42.89 OK
r-devel-linux-x86_64-fedora-clang 1.0 110.38 NOTE
r-devel-linux-x86_64-fedora-gcc 1.0 104.27 NOTE
r-devel-osx-x86_64-clang 1.0 84.24 OK
r-devel-windows-ix86+x86_64 1.0 9.00 56.00 65.00 OK
r-patched-linux-x86_64 1.0 3.36 41.56 44.92 OK
r-patched-solaris-sparc 1.0 587.50 OK
r-patched-solaris-x86 1.0 136.50 OK
r-release-linux-ix86 1.0 3.94 51.12 55.06 OK
r-release-linux-x86_64 1.0 3.36 41.91 45.27 OK
r-release-osx-x86_64-mavericks 1.0 OK
r-release-osx-x86_64-snowleopard 1.0 OK
r-release-windows-ix86+x86_64 1.0 8.00 58.00 66.00 OK
r-oldrel-windows-ix86+x86_64 1.0 9.00 53.00 62.00 OK

Check Details

Version: 1.0
Check: top-level files
Result: NOTE
    Non-standard file/directory found at top level:
     ‘TITEL’
Flavors: r-devel-linux-x86_64-fedora-clang, r-devel-linux-x86_64-fedora-gcc