CRAN Package Check Results for Package gwrr

Last updated on 2016-12-03 05:47:11.

Flavor Version Tinstall Tcheck Ttotal Status Flags
r-devel-linux-x86_64-debian-clang 0.2-1 1.44 25.16 26.61 NOTE
r-devel-linux-x86_64-debian-gcc 0.2-1 1.46 24.60 26.06 NOTE
r-devel-linux-x86_64-fedora-clang 0.2-1 51.31 NOTE
r-devel-linux-x86_64-fedora-gcc 0.2-1 51.01 NOTE
r-devel-macos-x86_64-clang 0.2-1 40.35 NOTE
r-devel-windows-ix86+x86_64 0.2-1 6.00 68.00 74.00 NOTE
r-patched-linux-x86_64 0.2-1 1.63 22.99 24.62 NOTE
r-patched-solaris-sparc 0.2-1 344.40 NOTE
r-patched-solaris-x86 0.2-1 57.80 NOTE
r-release-linux-x86_64 0.2-1 1.80 22.96 24.76 NOTE
r-release-osx-x86_64-mavericks 0.2-1 NOTE
r-release-windows-ix86+x86_64 0.2-1 7.00 63.00 70.00 NOTE
r-oldrel-windows-ix86+x86_64 0.2-1 9.00 44.00 53.00 NOTE

Check Details

Version: 0.2-1
Check: dependencies in R code
Result: NOTE
    'library' or 'require' calls to packages already attached by Depends:
     ‘fields’ ‘lars’
     Please remove these calls from your code.
    Package in Depends field not imported from: ‘lars’
     These packages need to be imported from (in the NAMESPACE file)
     for when this namespace is loaded but not attached.
Flavors: r-devel-linux-x86_64-debian-clang, r-devel-linux-x86_64-debian-gcc, r-devel-linux-x86_64-fedora-clang, r-devel-linux-x86_64-fedora-gcc, r-devel-macos-x86_64-clang, r-devel-windows-ix86+x86_64, r-patched-linux-x86_64, r-patched-solaris-sparc, r-patched-solaris-x86, r-release-linux-x86_64, r-release-osx-x86_64-mavericks, r-release-windows-ix86+x86_64, r-oldrel-windows-ix86+x86_64

Version: 0.2-1
Check: R code for possible problems
Result: NOTE
    gwl.beta: no visible global function definition for ‘lars’
    gwl.cv.err: no visible global function definition for ‘lars’
    gwl.est: no visible global function definition for ‘lm’
    gwr.bw.est: no visible global function definition for ‘lm’
    gwr.est: no visible global function definition for ‘lm’
    gwr.rsquare: no visible global function definition for ‘cor’
    gwrr.est: no visible global function definition for ‘lm’
    Undefined global functions or variables:
     cor lars lm
    Consider adding
     importFrom("stats", "cor", "lm")
    to your NAMESPACE file.
Flavors: r-devel-linux-x86_64-debian-clang, r-devel-linux-x86_64-debian-gcc, r-devel-linux-x86_64-fedora-clang, r-devel-linux-x86_64-fedora-gcc, r-devel-macos-x86_64-clang, r-devel-windows-ix86+x86_64, r-patched-linux-x86_64, r-patched-solaris-sparc, r-patched-solaris-x86, r-release-linux-x86_64, r-release-osx-x86_64-mavericks, r-release-windows-ix86+x86_64

Version: 0.2-1
Check: R code for possible problems
Result: NOTE
    gwl.beta: no visible global function definition for 'lars'
    gwl.cv.err: no visible global function definition for 'lars'
Flavor: r-oldrel-windows-ix86+x86_64