CRAN Package Check Results for Package gwrr

Last updated on 2014-11-20 19:48:20.

Flavor Version Tinstall Tcheck Ttotal Status Flags
r-devel-linux-x86_64-debian-clang 0.2-1 2.41 31.46 33.87 NOTE
r-devel-linux-x86_64-debian-gcc 0.2-1 2.61 30.06 32.67 NOTE
r-devel-linux-x86_64-fedora-clang 0.2-1 72.52 NOTE
r-devel-linux-x86_64-fedora-gcc 0.2-1 66.85 NOTE
r-devel-osx-x86_64-clang 0.2-1 64.68 NOTE
r-devel-windows-ix86+x86_64 0.2-1 7.00 44.00 51.00 NOTE
r-patched-linux-x86_64 0.2-1 2.36 32.23 34.59 NOTE
r-patched-solaris-sparc 0.2-1 419.50 NOTE
r-patched-solaris-x86 0.2-1 89.20 NOTE
r-release-linux-ix86 0.2-1 2.76 39.25 42.02 NOTE
r-release-linux-x86_64 0.2-1 2.39 32.20 34.60 NOTE
r-release-osx-x86_64-mavericks 0.2-1 NOTE
r-release-osx-x86_64-snowleopard 0.2-1 NOTE
r-release-windows-ix86+x86_64 0.2-1 11.00 53.00 64.00 NOTE
r-oldrel-windows-ix86+x86_64 0.2-1 8.00 48.00 56.00 NOTE

Check Details

Version: 0.2-1
Check: dependencies in R code
Result: NOTE
    'library' or 'require' calls to packages already attached by Depends:
     ‘fields’ ‘lars’
     Please remove these calls from your code.
    Package in Depends field not imported from: ‘lars’
     These packages need to be imported from (in the NAMESPACE file)
     for when this namespace is loaded but not attached.
    See the information on DESCRIPTION files in the chapter ‘Creating R
    packages’ of the ‘Writing R Extensions’ manual.
Flavors: r-devel-linux-x86_64-debian-clang, r-devel-linux-x86_64-debian-gcc, r-devel-linux-x86_64-fedora-clang, r-devel-linux-x86_64-fedora-gcc, r-devel-osx-x86_64-clang, r-devel-windows-ix86+x86_64, r-patched-linux-x86_64, r-patched-solaris-sparc, r-patched-solaris-x86, r-release-linux-ix86, r-release-linux-x86_64, r-release-osx-x86_64-mavericks, r-release-windows-ix86+x86_64, r-oldrel-windows-ix86+x86_64

Version: 0.2-1
Check: R code for possible problems
Result: NOTE
    gwl.beta: no visible global function definition for ‘lars’
    gwl.cv.err: no visible global function definition for ‘lars’
Flavors: r-devel-linux-x86_64-debian-clang, r-devel-linux-x86_64-debian-gcc, r-devel-linux-x86_64-fedora-clang, r-devel-linux-x86_64-fedora-gcc, r-devel-osx-x86_64-clang, r-devel-windows-ix86+x86_64, r-patched-linux-x86_64, r-patched-solaris-sparc, r-patched-solaris-x86, r-release-linux-ix86, r-release-linux-x86_64, r-release-windows-ix86+x86_64

Version: 0.2-1
Check: dependencies in R code
Result: NOTE
    'library' or 'require' calls to packages already attached by Depends:
     'fields' 'lars'
     Please remove these calls from your code.
    Package in Depends field not imported from: 'lars'
     These packages need to be imported from for the case when
     this namespace is loaded but not attached.
    See the information on DESCRIPTION files in the chapter 'Creating R
    packages' of the 'Writing R Extensions' manual.
Flavor: r-release-osx-x86_64-snowleopard