CRAN Package Check Results for Package gwrr

Last updated on 2017-01-18 10:48:34.

Flavor Version Tinstall Tcheck Ttotal Status Flags
r-devel-linux-x86_64-debian-clang 0.2-1 1.39 25.14 26.53 NOTE
r-devel-linux-x86_64-debian-gcc 0.2-1 1.61 24.74 26.34 NOTE
r-devel-linux-x86_64-fedora-clang 0.2-1 49.48 NOTE --no-stop-on-test-error
r-devel-linux-x86_64-fedora-gcc 0.2-1 48.09 NOTE --no-stop-on-test-error
r-devel-macos-x86_64-clang 0.2-1 39.82 NOTE --no-stop-on-test-error
r-devel-windows-ix86+x86_64 0.2-1 7.00 48.00 55.00 NOTE
r-patched-linux-x86_64 0.2-1 1.46 23.28 24.75 NOTE
r-patched-solaris-sparc 0.2-1 297.80 NOTE
r-patched-solaris-x86 0.2-1 59.50 NOTE
r-release-linux-x86_64 0.2-1 1.42 23.11 24.53 NOTE
r-release-osx-x86_64-mavericks 0.2-1 NOTE
r-release-windows-ix86+x86_64 0.2-1 4.00 59.00 63.00 NOTE
r-oldrel-windows-ix86+x86_64 0.2-1 5.00 69.00 74.00 NOTE

Check Details

Version: 0.2-1
Check: dependencies in R code
Result: NOTE
    'library' or 'require' calls to packages already attached by Depends:
     ‘fields’ ‘lars’
     Please remove these calls from your code.
    Package in Depends field not imported from: ‘lars’
     These packages need to be imported from (in the NAMESPACE file)
     for when this namespace is loaded but not attached.
Flavors: r-devel-linux-x86_64-debian-clang, r-devel-linux-x86_64-debian-gcc, r-devel-windows-ix86+x86_64, r-patched-linux-x86_64, r-patched-solaris-sparc, r-patched-solaris-x86, r-release-linux-x86_64, r-release-osx-x86_64-mavericks, r-release-windows-ix86+x86_64, r-oldrel-windows-ix86+x86_64

Version: 0.2-1
Check: R code for possible problems
Result: NOTE
    gwl.beta: no visible global function definition for ‘lars’
    gwl.cv.err: no visible global function definition for ‘lars’
    gwl.est: no visible global function definition for ‘lm’
    gwr.bw.est: no visible global function definition for ‘lm’
    gwr.est: no visible global function definition for ‘lm’
    gwr.rsquare: no visible global function definition for ‘cor’
    gwrr.est: no visible global function definition for ‘lm’
    Undefined global functions or variables:
     cor lars lm
    Consider adding
     importFrom("stats", "cor", "lm")
    to your NAMESPACE file.
Flavors: r-devel-linux-x86_64-debian-clang, r-devel-linux-x86_64-debian-gcc, r-devel-windows-ix86+x86_64, r-patched-linux-x86_64, r-patched-solaris-sparc, r-patched-solaris-x86, r-release-linux-x86_64, r-release-osx-x86_64-mavericks, r-release-windows-ix86+x86_64

Version: 0.2-1
Flags: --no-stop-on-test-error
Check: dependencies in R code
Result: NOTE
    'library' or 'require' calls to packages already attached by Depends:
     ‘fields’ ‘lars’
     Please remove these calls from your code.
    Package in Depends field not imported from: ‘lars’
     These packages need to be imported from (in the NAMESPACE file)
     for when this namespace is loaded but not attached.
Flavors: r-devel-linux-x86_64-fedora-clang, r-devel-linux-x86_64-fedora-gcc, r-devel-macos-x86_64-clang

Version: 0.2-1
Flags: --no-stop-on-test-error
Check: R code for possible problems
Result: NOTE
    gwl.beta: no visible global function definition for ‘lars’
    gwl.cv.err: no visible global function definition for ‘lars’
    gwl.est: no visible global function definition for ‘lm’
    gwr.bw.est: no visible global function definition for ‘lm’
    gwr.est: no visible global function definition for ‘lm’
    gwr.rsquare: no visible global function definition for ‘cor’
    gwrr.est: no visible global function definition for ‘lm’
    Undefined global functions or variables:
     cor lars lm
    Consider adding
     importFrom("stats", "cor", "lm")
    to your NAMESPACE file.
Flavors: r-devel-linux-x86_64-fedora-clang, r-devel-linux-x86_64-fedora-gcc, r-devel-macos-x86_64-clang

Version: 0.2-1
Check: R code for possible problems
Result: NOTE
    gwl.beta: no visible global function definition for 'lars'
    gwl.cv.err: no visible global function definition for 'lars'
Flavor: r-oldrel-windows-ix86+x86_64