CRAN Package Check Results for Package gwrr

Last updated on 2014-07-26 10:48:26.

Flavor Version Tinstall Tcheck Ttotal Status Flags
r-devel-linux-x86_64-debian-clang 0.2-1 1.90 28.00 29.90 NOTE
r-devel-linux-x86_64-debian-gcc 0.2-1 1.84 27.10 28.94 NOTE
r-devel-linux-x86_64-fedora-clang 0.2-1 65.52 NOTE
r-devel-linux-x86_64-fedora-gcc 0.2-1 58.69 NOTE
r-devel-osx-x86_64-clang 0.2-1 55.10 NOTE
r-devel-windows-ix86+x86_64 0.2-1 6.00 41.00 47.00 NOTE
r-patched-linux-x86_64 0.2-1 1.88 27.32 29.20 NOTE
r-patched-solaris-sparc 0.2-1 355.10 NOTE
r-patched-solaris-x86 0.2-1 76.10 NOTE
r-release-linux-ix86 0.2-1 2.31 35.95 38.26 NOTE
r-release-linux-x86_64 0.2-1 1.97 28.66 30.62 NOTE
r-release-osx-x86_64-mavericks 0.2-1 NOTE
r-release-osx-x86_64-snowleopard 0.2-1 NOTE
r-release-windows-ix86+x86_64 0.2-1 5.00 45.00 50.00 NOTE
r-oldrel-windows-ix86+x86_64 0.2-1 6.00 40.00 46.00 NOTE

Check Details

Version: 0.2-1
Check: dependencies in R code
Result: NOTE
    'library' or 'require' calls to packages already attached by Depends:
     ‘fields’ ‘lars’
     Please remove these calls from your code.
    Package in Depends field not imported from: ‘lars’
     These packages need to be imported from (in the NAMESPACE file)
     for when this namespace is loaded but not attached.
    See the information on DESCRIPTION files in the chapter ‘Creating R
    packages’ of the ‘Writing R Extensions’ manual.
Flavors: r-devel-linux-x86_64-debian-clang, r-devel-linux-x86_64-debian-gcc, r-devel-linux-x86_64-fedora-clang, r-devel-linux-x86_64-fedora-gcc, r-devel-osx-x86_64-clang, r-devel-windows-ix86+x86_64, r-patched-linux-x86_64, r-patched-solaris-sparc, r-patched-solaris-x86, r-release-linux-ix86, r-release-linux-x86_64, r-release-osx-x86_64-mavericks, r-release-windows-ix86+x86_64, r-oldrel-windows-ix86+x86_64

Version: 0.2-1
Check: dependencies in R code
Result: NOTE
    'library' or 'require' calls to packages already attached by Depends:
     'fields' 'lars'
     Please remove these calls from your code.
    Package in Depends field not imported from: 'lars'
     These packages need to be imported from for the case when
     this namespace is loaded but not attached.
    See the information on DESCRIPTION files in the chapter 'Creating R
    packages' of the 'Writing R Extensions' manual.
Flavor: r-release-osx-x86_64-snowleopard