CRAN Package Check Results for Package gwrr

Last updated on 2016-04-29 09:47:05.

Flavor Version Tinstall Tcheck Ttotal Status Flags
r-devel-linux-x86_64-debian-gcc 0.2-1 1.47 23.17 24.64 NOTE
r-devel-linux-x86_64-fedora-clang 0.2-1 47.53 NOTE
r-devel-linux-x86_64-fedora-gcc 0.2-1 44.46 NOTE
r-devel-osx-x86_64-clang 0.2-1 49.75 NOTE
r-devel-windows-ix86+x86_64 0.2-1 5.00 60.00 65.00 NOTE
r-patched-linux-x86_64 0.2-1 1.54 23.17 24.71 NOTE
r-patched-solaris-sparc 0.2-1 297.20 NOTE
r-patched-solaris-x86 0.2-1 59.40 NOTE
r-release-linux-x86_64 0.2-1 1.78 25.24 27.02 NOTE
r-release-osx-x86_64-mavericks 0.2-1 NOTE
r-release-windows-ix86+x86_64 0.2-1 5.00 49.00 54.00 NOTE
r-oldrel-windows-ix86+x86_64 0.2-1 10.00 55.00 65.00 NOTE

Check Details

Version: 0.2-1
Check: dependencies in R code
Result: NOTE
    'library' or 'require' calls to packages already attached by Depends:
     ‘fields’ ‘lars’
     Please remove these calls from your code.
    Package in Depends field not imported from: ‘lars’
     These packages need to be imported from (in the NAMESPACE file)
     for when this namespace is loaded but not attached.
Flavors: r-devel-linux-x86_64-debian-gcc, r-devel-linux-x86_64-fedora-clang, r-devel-linux-x86_64-fedora-gcc, r-devel-osx-x86_64-clang, r-devel-windows-ix86+x86_64, r-patched-linux-x86_64, r-patched-solaris-sparc, r-patched-solaris-x86, r-release-linux-x86_64, r-release-osx-x86_64-mavericks, r-release-windows-ix86+x86_64, r-oldrel-windows-ix86+x86_64

Version: 0.2-1
Check: R code for possible problems
Result: NOTE
    gwl.beta: no visible global function definition for ‘lars’
    gwl.cv.err: no visible global function definition for ‘lars’
    gwl.est: no visible global function definition for ‘lm’
    gwr.bw.est: no visible global function definition for ‘lm’
    gwr.est: no visible global function definition for ‘lm’
    gwr.rsquare: no visible global function definition for ‘cor’
    gwrr.est: no visible global function definition for ‘lm’
    Undefined global functions or variables:
     cor lars lm
    Consider adding
     importFrom("stats", "cor", "lm")
    to your NAMESPACE file.
Flavors: r-devel-linux-x86_64-debian-gcc, r-devel-linux-x86_64-fedora-clang, r-devel-linux-x86_64-fedora-gcc, r-devel-osx-x86_64-clang, r-devel-windows-ix86+x86_64, r-patched-linux-x86_64, r-patched-solaris-sparc, r-patched-solaris-x86

Version: 0.2-1
Check: R code for possible problems
Result: NOTE
    gwl.beta: no visible global function definition for ‘lars’
    gwl.cv.err: no visible global function definition for ‘lars’
Flavors: r-release-linux-x86_64, r-release-osx-x86_64-mavericks, r-release-windows-ix86+x86_64, r-oldrel-windows-ix86+x86_64