CRAN Package Check Results for Package gwrr

Last updated on 2014-09-01 14:46:30.

Flavor Version Tinstall Tcheck Ttotal Status Flags
r-devel-linux-x86_64-debian-clang 0.2-1 1.90 26.99 28.90 NOTE
r-devel-linux-x86_64-debian-gcc 0.2-1 1.80 26.43 28.24 NOTE
r-devel-linux-x86_64-fedora-clang 0.2-1 62.32 NOTE
r-devel-linux-x86_64-fedora-gcc 0.2-1 58.65 NOTE
r-devel-osx-x86_64-clang 0.2-1 52.20 NOTE
r-devel-windows-ix86+x86_64 0.2-1 5.00 41.00 46.00 NOTE
r-patched-linux-x86_64 0.2-1 2.02 27.59 29.60 NOTE
r-patched-solaris-sparc 0.2-1 366.40 NOTE
r-patched-solaris-x86 0.2-1 78.60 NOTE
r-release-linux-ix86 0.2-1 2.33 36.34 38.67 NOTE
r-release-linux-x86_64 0.2-1 1.96 28.37 30.32 NOTE
r-release-osx-x86_64-mavericks 0.2-1 NOTE
r-release-osx-x86_64-snowleopard 0.2-1 NOTE
r-release-windows-ix86+x86_64 0.2-1 6.00 63.00 69.00 NOTE
r-oldrel-windows-ix86+x86_64 0.2-1 8.00 41.00 49.00 NOTE

Check Details

Version: 0.2-1
Check: dependencies in R code
Result: NOTE
    'library' or 'require' calls to packages already attached by Depends:
     ‘fields’ ‘lars’
     Please remove these calls from your code.
    Package in Depends field not imported from: ‘lars’
     These packages need to be imported from (in the NAMESPACE file)
     for when this namespace is loaded but not attached.
    See the information on DESCRIPTION files in the chapter ‘Creating R
    packages’ of the ‘Writing R Extensions’ manual.
Flavors: r-devel-linux-x86_64-debian-clang, r-devel-linux-x86_64-debian-gcc, r-devel-linux-x86_64-fedora-clang, r-devel-linux-x86_64-fedora-gcc, r-devel-osx-x86_64-clang, r-devel-windows-ix86+x86_64, r-patched-linux-x86_64, r-patched-solaris-sparc, r-patched-solaris-x86, r-release-linux-ix86, r-release-linux-x86_64, r-release-osx-x86_64-mavericks, r-release-windows-ix86+x86_64, r-oldrel-windows-ix86+x86_64

Version: 0.2-1
Check: R code for possible problems
Result: NOTE
    gwl.beta: no visible global function definition for ‘lars’
    gwl.cv.err: no visible global function definition for ‘lars’
Flavors: r-devel-linux-x86_64-debian-clang, r-devel-linux-x86_64-debian-gcc, r-devel-linux-x86_64-fedora-clang, r-devel-linux-x86_64-fedora-gcc, r-devel-osx-x86_64-clang, r-devel-windows-ix86+x86_64

Version: 0.2-1
Check: dependencies in R code
Result: NOTE
    'library' or 'require' calls to packages already attached by Depends:
     'fields' 'lars'
     Please remove these calls from your code.
    Package in Depends field not imported from: 'lars'
     These packages need to be imported from for the case when
     this namespace is loaded but not attached.
    See the information on DESCRIPTION files in the chapter 'Creating R
    packages' of the 'Writing R Extensions' manual.
Flavor: r-release-osx-x86_64-snowleopard