CRAN Package Check Results for Package gwrr

Last updated on 2015-05-29 23:47:49.

Flavor Version Tinstall Tcheck Ttotal Status Flags
r-devel-linux-x86_64-debian-clang 0.2-1 1.62 24.88 26.50 NOTE
r-devel-linux-x86_64-debian-gcc 0.2-1 1.56 24.41 25.97 NOTE
r-devel-linux-x86_64-fedora-clang 0.2-1 53.83 NOTE
r-devel-linux-x86_64-fedora-gcc 0.2-1 49.50 NOTE
r-devel-osx-x86_64-clang 0.2-1 46.99 NOTE
r-devel-windows-ix86+x86_64 0.2-1 5.00 38.00 43.00 NOTE
r-patched-linux-x86_64 0.2-1 1.96 24.20 26.16 NOTE
r-patched-solaris-sparc 0.2-1 321.80 NOTE
r-patched-solaris-x86 0.2-1 68.80 NOTE
r-release-linux-x86_64 0.2-1 1.54 24.76 26.31 NOTE
r-release-osx-x86_64-mavericks 0.2-1 NOTE
r-release-osx-x86_64-snowleopard 0.2-1 ERROR
r-release-windows-ix86+x86_64 0.2-1 4.00 40.00 44.00 NOTE
r-oldrel-windows-ix86+x86_64 0.2-1 8.00 75.00 83.00 NOTE

Check Details

Version: 0.2-1
Check: dependencies in R code
Result: NOTE
    'library' or 'require' calls to packages already attached by Depends:
     ‘fields’ ‘lars’
     Please remove these calls from your code.
    Package in Depends field not imported from: ‘lars’
     These packages need to be imported from (in the NAMESPACE file)
     for when this namespace is loaded but not attached.
Flavors: r-devel-linux-x86_64-debian-clang, r-devel-linux-x86_64-debian-gcc, r-devel-linux-x86_64-fedora-clang, r-devel-linux-x86_64-fedora-gcc, r-devel-osx-x86_64-clang, r-devel-windows-ix86+x86_64, r-patched-linux-x86_64, r-patched-solaris-sparc, r-patched-solaris-x86, r-release-linux-x86_64, r-release-osx-x86_64-mavericks, r-release-windows-ix86+x86_64, r-oldrel-windows-ix86+x86_64

Version: 0.2-1
Check: R code for possible problems
Result: NOTE
    gwl.beta: no visible global function definition for ‘lars’
    gwl.cv.err: no visible global function definition for ‘lars’
Flavors: r-devel-linux-x86_64-debian-clang, r-devel-linux-x86_64-debian-gcc, r-devel-linux-x86_64-fedora-clang, r-devel-linux-x86_64-fedora-gcc, r-devel-osx-x86_64-clang, r-devel-windows-ix86+x86_64, r-patched-linux-x86_64, r-patched-solaris-sparc, r-patched-solaris-x86, r-release-linux-x86_64, r-release-osx-x86_64-mavericks, r-release-windows-ix86+x86_64, r-oldrel-windows-ix86+x86_64

Version: 0.2-1
Check: package dependencies
Result: ERROR
    Package required but not available: ‘fields’
    
    See section ‘The DESCRIPTION file’ in the ‘Writing R Extensions’
    manual.
Flavor: r-release-osx-x86_64-snowleopard