CRAN Package Check Results for Package gwrr

Last updated on 2014-10-31 17:49:12.

Flavor Version Tinstall Tcheck Ttotal Status Flags
r-devel-linux-x86_64-debian-clang 0.2-1 2.25 31.99 34.24 NOTE
r-devel-linux-x86_64-debian-gcc 0.2-1 2.22 30.14 32.36 NOTE
r-devel-linux-x86_64-fedora-clang 0.2-1 74.39 NOTE
r-devel-linux-x86_64-fedora-gcc 0.2-1 66.93 NOTE
r-devel-osx-x86_64-clang 0.2-1 63.31 NOTE
r-devel-windows-ix86+x86_64 0.2-1 7.00 47.00 54.00 NOTE
r-patched-linux-x86_64 0.2-1 2.36 31.99 34.35 NOTE
r-patched-solaris-sparc 0.2-1 419.50 NOTE
r-patched-solaris-x86 0.2-1 89.50 NOTE
r-release-linux-ix86 0.2-1 2.92 40.97 43.89 NOTE
r-release-linux-x86_64 0.2-1 2.40 32.62 35.02 NOTE
r-release-osx-x86_64-mavericks 0.2-1 NOTE
r-release-osx-x86_64-snowleopard 0.2-1 NOTE
r-release-windows-ix86+x86_64 0.2-1 8.00 48.00 56.00 NOTE
r-oldrel-windows-ix86+x86_64 0.2-1 8.00 46.00 54.00 NOTE

Check Details

Version: 0.2-1
Check: dependencies in R code
Result: NOTE
    'library' or 'require' calls to packages already attached by Depends:
     ‘fields’ ‘lars’
     Please remove these calls from your code.
    Package in Depends field not imported from: ‘lars’
     These packages need to be imported from (in the NAMESPACE file)
     for when this namespace is loaded but not attached.
    See the information on DESCRIPTION files in the chapter ‘Creating R
    packages’ of the ‘Writing R Extensions’ manual.
Flavors: r-devel-linux-x86_64-debian-clang, r-devel-linux-x86_64-debian-gcc, r-devel-linux-x86_64-fedora-clang, r-devel-linux-x86_64-fedora-gcc, r-devel-osx-x86_64-clang, r-devel-windows-ix86+x86_64, r-patched-linux-x86_64, r-patched-solaris-sparc, r-patched-solaris-x86, r-release-linux-ix86, r-release-linux-x86_64, r-release-osx-x86_64-mavericks, r-release-windows-ix86+x86_64, r-oldrel-windows-ix86+x86_64

Version: 0.2-1
Check: R code for possible problems
Result: NOTE
    gwl.beta: no visible global function definition for ‘lars’
    gwl.cv.err: no visible global function definition for ‘lars’
Flavors: r-devel-linux-x86_64-debian-clang, r-devel-linux-x86_64-debian-gcc, r-devel-linux-x86_64-fedora-clang, r-devel-linux-x86_64-fedora-gcc, r-devel-osx-x86_64-clang, r-devel-windows-ix86+x86_64, r-patched-linux-x86_64, r-patched-solaris-sparc, r-patched-solaris-x86

Version: 0.2-1
Check: dependencies in R code
Result: NOTE
    'library' or 'require' calls to packages already attached by Depends:
     'fields' 'lars'
     Please remove these calls from your code.
    Package in Depends field not imported from: 'lars'
     These packages need to be imported from for the case when
     this namespace is loaded but not attached.
    See the information on DESCRIPTION files in the chapter 'Creating R
    packages' of the 'Writing R Extensions' manual.
Flavor: r-release-osx-x86_64-snowleopard