CRAN Package Check Results for Package gwrr

Last updated on 2014-12-18 16:47:02.

Flavor Version Tinstall Tcheck Ttotal Status Flags
r-devel-linux-x86_64-debian-clang 0.2-1 2.38 30.88 33.26 NOTE
r-devel-linux-x86_64-debian-gcc 0.2-1 2.21 30.57 32.78 NOTE
r-devel-linux-x86_64-fedora-clang 0.2-1 76.02 NOTE
r-devel-linux-x86_64-fedora-gcc 0.2-1 65.52 NOTE
r-devel-osx-x86_64-clang 0.2-1 64.53 NOTE
r-devel-windows-ix86+x86_64 0.2-1 6.00 48.00 54.00 NOTE
r-patched-linux-x86_64 0.2-1 2.40 33.24 35.64 NOTE
r-patched-solaris-sparc 0.2-1 419.50 NOTE
r-patched-solaris-x86 0.2-1 88.40 NOTE
r-release-linux-ix86 0.2-1 2.74 39.35 42.10 NOTE
r-release-linux-x86_64 0.2-1 2.40 31.85 34.25 NOTE
r-release-osx-x86_64-mavericks 0.2-1 NOTE
r-release-osx-x86_64-snowleopard 0.2-1 NOTE
r-release-windows-ix86+x86_64 0.2-1 8.00 51.00 59.00 NOTE
r-oldrel-windows-ix86+x86_64 0.2-1 6.00 48.00 54.00 NOTE

Check Details

Version: 0.2-1
Check: dependencies in R code
Result: NOTE
    'library' or 'require' calls to packages already attached by Depends:
     ‘fields’ ‘lars’
     Please remove these calls from your code.
    Package in Depends field not imported from: ‘lars’
     These packages need to be imported from (in the NAMESPACE file)
     for when this namespace is loaded but not attached.
    See the information on DESCRIPTION files in the chapter ‘Creating R
    packages’ of the ‘Writing R Extensions’ manual.
Flavors: r-devel-linux-x86_64-debian-clang, r-devel-linux-x86_64-debian-gcc, r-devel-linux-x86_64-fedora-clang, r-devel-linux-x86_64-fedora-gcc, r-devel-osx-x86_64-clang, r-devel-windows-ix86+x86_64, r-patched-linux-x86_64, r-patched-solaris-sparc, r-patched-solaris-x86, r-release-linux-ix86, r-release-linux-x86_64, r-release-osx-x86_64-mavericks, r-release-windows-ix86+x86_64, r-oldrel-windows-ix86+x86_64

Version: 0.2-1
Check: R code for possible problems
Result: NOTE
    gwl.beta: no visible global function definition for ‘lars’
    gwl.cv.err: no visible global function definition for ‘lars’
Flavors: r-devel-linux-x86_64-debian-clang, r-devel-linux-x86_64-debian-gcc, r-devel-linux-x86_64-fedora-clang, r-devel-linux-x86_64-fedora-gcc, r-devel-osx-x86_64-clang, r-devel-windows-ix86+x86_64, r-patched-linux-x86_64, r-patched-solaris-sparc, r-patched-solaris-x86, r-release-linux-ix86, r-release-linux-x86_64, r-release-windows-ix86+x86_64

Version: 0.2-1
Check: dependencies in R code
Result: NOTE
    'library' or 'require' calls to packages already attached by Depends:
     'fields' 'lars'
     Please remove these calls from your code.
    Package in Depends field not imported from: 'lars'
     These packages need to be imported from for the case when
     this namespace is loaded but not attached.
    See the information on DESCRIPTION files in the chapter 'Creating R
    packages' of the 'Writing R Extensions' manual.
Flavor: r-release-osx-x86_64-snowleopard