CRAN Package Check Results for Package gwrr

Last updated on 2017-06-26 08:47:44.

Flavor Version Tinstall Tcheck Ttotal Status Flags
r-devel-linux-x86_64-debian-clang 0.2-1 1.71 25.65 27.36 NOTE
r-devel-linux-x86_64-debian-gcc 0.2-1 1.46 24.76 26.22 NOTE
r-devel-linux-x86_64-fedora-clang 0.2-1 52.21 NOTE
r-devel-linux-x86_64-fedora-gcc 0.2-1 47.00 NOTE
r-devel-windows-ix86+x86_64 0.2-1 7.00 49.00 56.00 NOTE
r-patched-linux-x86_64 0.2-1 1.44 24.74 26.18 NOTE
r-patched-solaris-sparc 0.2-1 294.40 NOTE
r-patched-solaris-x86 0.2-1 62.10 NOTE
r-release-linux-x86_64 0.2-1 1.56 25.44 27.00 NOTE
r-release-windows-ix86+x86_64 0.2-1 9.00 73.00 82.00 NOTE
r-release-osx-x86_64 0.2-1 NOTE
r-oldrel-windows-ix86+x86_64 0.2-1 4.00 66.00 70.00 NOTE
r-oldrel-osx-x86_64 0.2-1 NOTE

Check Details

Version: 0.2-1
Check: dependencies in R code
Result: NOTE
    'library' or 'require' calls to packages already attached by Depends:
     ‘fields’ ‘lars’
     Please remove these calls from your code.
    Package in Depends field not imported from: ‘lars’
     These packages need to be imported from (in the NAMESPACE file)
     for when this namespace is loaded but not attached.
Flavors: r-devel-linux-x86_64-debian-clang, r-devel-linux-x86_64-debian-gcc, r-devel-linux-x86_64-fedora-clang, r-devel-linux-x86_64-fedora-gcc, r-devel-windows-ix86+x86_64, r-patched-linux-x86_64, r-patched-solaris-sparc, r-patched-solaris-x86, r-release-linux-x86_64, r-release-windows-ix86+x86_64, r-release-osx-x86_64, r-oldrel-windows-ix86+x86_64, r-oldrel-osx-x86_64

Version: 0.2-1
Check: R code for possible problems
Result: NOTE
    gwl.beta: no visible global function definition for ‘lars’
    gwl.cv.err: no visible global function definition for ‘lars’
    gwl.est: no visible global function definition for ‘lm’
    gwr.bw.est: no visible global function definition for ‘lm’
    gwr.est: no visible global function definition for ‘lm’
    gwr.rsquare: no visible global function definition for ‘cor’
    gwrr.est: no visible global function definition for ‘lm’
    Undefined global functions or variables:
     cor lars lm
    Consider adding
     importFrom("stats", "cor", "lm")
    to your NAMESPACE file.
Flavors: r-devel-linux-x86_64-debian-clang, r-devel-linux-x86_64-debian-gcc, r-devel-linux-x86_64-fedora-clang, r-devel-linux-x86_64-fedora-gcc, r-devel-windows-ix86+x86_64, r-patched-linux-x86_64, r-patched-solaris-sparc, r-patched-solaris-x86, r-release-linux-x86_64, r-release-windows-ix86+x86_64, r-release-osx-x86_64, r-oldrel-windows-ix86+x86_64, r-oldrel-osx-x86_64