Last updated on 2022-07-03 22:50:35 CEST.
Flavor | Version | Tinstall | Tcheck | Ttotal | Status | Flags |
---|---|---|---|---|---|---|
r-devel-linux-x86_64-debian-clang | 1.1.1 | 41.42 | 186.76 | 228.18 | NOTE | |
r-devel-linux-x86_64-debian-gcc | 1.1.1 | 32.03 | 136.18 | 168.21 | NOTE | |
r-devel-linux-x86_64-fedora-clang | 1.1.1 | 280.05 | NOTE | |||
r-devel-linux-x86_64-fedora-gcc | 1.1.1 | 281.76 | NOTE | |||
r-devel-windows-x86_64 | 1.1.1 | 129.00 | 210.00 | 339.00 | NOTE | |
r-patched-linux-x86_64 | 1.1.1 | 27.74 | 174.71 | 202.45 | NOTE | |
r-release-linux-x86_64 | 1.1.1 | 25.19 | 176.98 | 202.17 | NOTE | |
r-release-macos-arm64 | 1.1.1 | 68.00 | NOTE | |||
r-release-macos-x86_64 | 1.1.1 | 147.00 | NOTE | |||
r-release-windows-x86_64 | 1.1.1 | 134.00 | 209.00 | 343.00 | NOTE | |
r-oldrel-macos-arm64 | 1.1.1 | 82.00 | NOTE | |||
r-oldrel-macos-x86_64 | 1.1.1 | 120.00 | NOTE | |||
r-oldrel-windows-ix86+x86_64 | 1.1.1 | 73.00 | 246.00 | 319.00 | NOTE |
Version: 1.1.1
Check: for GNU extensions in Makefiles
Result: NOTE
GNU make is a SystemRequirements.
Flavors: r-devel-linux-x86_64-debian-clang, r-devel-linux-x86_64-debian-gcc, r-devel-linux-x86_64-fedora-clang, r-devel-linux-x86_64-fedora-gcc, r-devel-windows-x86_64, r-patched-linux-x86_64, r-release-linux-x86_64, r-release-macos-arm64, r-release-macos-x86_64, r-release-windows-x86_64, r-oldrel-macos-arm64, r-oldrel-macos-x86_64, r-oldrel-windows-ix86+x86_64
Version: 1.1.1
Check: installed package size
Result: NOTE
installed size is 5.3Mb
sub-directories of 1Mb or more:
R 3.0Mb
extdata 1.2Mb
Flavors: r-release-macos-arm64, r-oldrel-macos-arm64