CRAN Package Check Results for Package hNMF

Last updated on 2019-06-17 17:46:40 CEST.

Flavor Version Tinstall Tcheck Ttotal Status Flags
r-devel-linux-x86_64-debian-clang 0.9 6.69 78.43 85.12 OK
r-devel-linux-x86_64-debian-gcc 0.9 5.03 60.66 65.69 OK
r-devel-linux-x86_64-fedora-clang 0.9 98.75 OK
r-devel-linux-x86_64-fedora-gcc 0.9 92.60 OK
r-devel-windows-ix86+x86_64 0.9 28.00 85.00 113.00 OK
r-patched-linux-x86_64 0.9 6.61 75.38 81.99 OK
r-patched-solaris-x86 0.9 156.00 OK
r-release-linux-x86_64 0.9 6.35 75.21 81.56 OK
r-release-windows-ix86+x86_64 0.9 17.00 121.00 138.00 OK
r-release-osx-x86_64 0.9 FAIL
r-oldrel-windows-ix86+x86_64 0.9 10.00 127.00 137.00 OK
r-oldrel-osx-x86_64 0.9 OK

Check Details

Version: 0.9
Check: dependencies in R code
Result: FAIL
    
Flavor: r-release-osx-x86_64