CRAN Package Check Results for Package hSDM

Last updated on 2014-04-21 12:43:18.

Flavor Version Tinstall Tcheck Ttotal Status Flags
r-devel-linux-x86_64-debian-clang 1.0 2.15 13.44 15.59 NOTE
r-devel-linux-x86_64-debian-gcc 1.0 3.32 13.34 16.66 NOTE
r-devel-linux-x86_64-fedora-clang 1.0 29.87 NOTE
r-devel-linux-x86_64-fedora-gcc 1.0 29.22 NOTE
r-devel-osx-x86_64-clang 1.0 29.41 NOTE
r-devel-osx-x86_64-gcc 1.0 NOTE
r-devel-windows-ix86+x86_64 1.0 13.00 25.00 38.00 NOTE
r-patched-linux-x86_64 1.0 3.27 13.44 16.72 NOTE
r-patched-solaris-sparc 1.0 178.80 NOTE
r-patched-solaris-x86 1.0 55.10 NOTE
r-release-linux-x86_64 1.0 3.28 13.41 16.68 NOTE
r-release-osx-x86_64-mavericks 1.0 WARN
r-release-osx-x86_64-snowleopard 1.0 NOTE
r-release-windows-ix86+x86_64 1.0 20.00 28.00 48.00 NOTE
r-oldrel-windows-ix86+x86_64 1.0 14.00 29.00 43.00 NOTE

Check Details

Version: 1.0
Check: top-level files
Result: NOTE
    File
     LICENSE
    is not mentioned in the DESCRIPTION file.
Flavors: r-devel-linux-x86_64-debian-clang, r-devel-linux-x86_64-debian-gcc, r-devel-linux-x86_64-fedora-clang, r-devel-linux-x86_64-fedora-gcc, r-devel-osx-x86_64-clang, r-devel-osx-x86_64-gcc, r-devel-windows-ix86+x86_64, r-patched-linux-x86_64, r-patched-solaris-sparc, r-patched-solaris-x86, r-release-linux-x86_64, r-release-osx-x86_64-mavericks, r-release-osx-x86_64-snowleopard, r-release-windows-ix86+x86_64, r-oldrel-windows-ix86+x86_64

Version: 1.0
Check: Rd line widths
Result: NOTE
    Rd file 'hSDM.binomial.iCAR.Rd':
     \examples lines wider than 100 characters:
     mod.glmm <- lmer(cbind(Y,trials-Y)~X1+X2+(1|cell),data=Data,family="binomial") # Non-spatial random effect fit
    
    These lines will be truncated in the PDF manual.
Flavors: r-devel-linux-x86_64-fedora-clang, r-devel-linux-x86_64-fedora-gcc

Version: 1.0
Check: PDF version of manual
Result: WARNING
    LaTeX errors when creating PDF version.
    This typically indicates Rd problems.
    LaTeX errors found:
    ! LaTeX Error: File `upquote.sty' not found.
    
    Type X to quit or <RETURN> to proceed,
    or enter new name. (Default extension: sty)
    
    25118583/Rd2.tex:8: ==> Fatal error occurred, no output PDF file produced!
Flavor: r-release-osx-x86_64-mavericks