CRAN Package Check Results for Package hSDM

Last updated on 2015-04-19 09:55:37.

Flavor Version Tinstall Tcheck Ttotal Status Flags
r-devel-linux-x86_64-debian-clang 1.4 7.09 18.20 25.29 NOTE
r-devel-linux-x86_64-debian-gcc 1.4 8.39 18.72 27.11 NOTE
r-devel-linux-x86_64-fedora-clang 1.4 49.77 NOTE
r-devel-linux-x86_64-fedora-gcc 1.4 46.06 NOTE
r-devel-osx-x86_64-clang 1.4 45.94 NOTE
r-devel-windows-ix86+x86_64 1.4 35.00 45.00 80.00 NOTE
r-patched-linux-x86_64 1.4 8.65 19.10 27.75 NOTE
r-patched-solaris-sparc 1.4 320.30 NOTE
r-patched-solaris-x86 1.4 102.40 NOTE
r-release-linux-x86_64 1.4 8.52 18.27 26.79 NOTE
r-release-osx-x86_64-mavericks 1.4 NOTE
r-release-osx-x86_64-snowleopard 1.4 NOTE
r-release-windows-ix86+x86_64 1.4 25.00 35.00 60.00 NOTE
r-oldrel-windows-ix86+x86_64 1.4 30.00 53.00 83.00 OK

Check Details

Version: 1.4
Check: compiled code
Result: NOTE
    File ‘hSDM/libs/hSDM.so’:
     Found ‘rand’, possibly from ‘rand’ (C)
     Object: ‘useful.o’
     Found ‘srand’, possibly from ‘srand’ (C)
     Objects: ‘hSDM.Nmixture.o’, ‘hSDM.Nmixture.iCAR.o’, ‘hSDM.ZIB.o’,
     ‘hSDM.ZIB.iCAR.alteration.o’, ‘hSDM.ZIB.iCAR.o’, ‘hSDM.ZIP.o’,
     ‘hSDM.ZIP.iCAR.alteration.o’, ‘hSDM.ZIP.iCAR.o’,
     ‘hSDM.binomial.o’, ‘hSDM.binomial.iCAR.o’, ‘hSDM.poisson.o’,
     ‘hSDM.poisson.iCAR.o’, ‘hSDM.siteocc.o’, ‘hSDM.siteocc.iCAR.o’
    
    Compiled code should not call entry points which might terminate R nor
    write to stdout/stderr instead of to the console, nor the system RNG.
    
    See ‘Writing portable packages’ in the ‘Writing R Extensions’ manual.
Flavors: r-devel-linux-x86_64-debian-clang, r-devel-linux-x86_64-debian-gcc, r-devel-linux-x86_64-fedora-clang, r-devel-linux-x86_64-fedora-gcc, r-patched-linux-x86_64, r-patched-solaris-sparc, r-patched-solaris-x86, r-release-linux-x86_64

Version: 1.4
Check: compiled code
Result: NOTE
    File ‘hSDM/libs/hSDM.so’:
     Found ‘_rand’, possibly from ‘rand’ (C)
     Object: ‘useful.o’
     Found ‘_srand’, possibly from ‘srand’ (C)
     Objects: ‘hSDM.Nmixture.o’, ‘hSDM.Nmixture.iCAR.o’, ‘hSDM.ZIB.o’,
     ‘hSDM.ZIB.iCAR.alteration.o’, ‘hSDM.ZIB.iCAR.o’, ‘hSDM.ZIP.o’,
     ‘hSDM.ZIP.iCAR.alteration.o’, ‘hSDM.ZIP.iCAR.o’,
     ‘hSDM.binomial.o’, ‘hSDM.binomial.iCAR.o’, ‘hSDM.poisson.o’,
     ‘hSDM.poisson.iCAR.o’, ‘hSDM.siteocc.o’, ‘hSDM.siteocc.iCAR.o’
    
    Compiled code should not call entry points which might terminate R nor
    write to stdout/stderr instead of to the console, nor the system RNG.
    
    See ‘Writing portable packages’ in the ‘Writing R Extensions’ manual.
Flavors: r-devel-osx-x86_64-clang, r-release-osx-x86_64-mavericks, r-release-osx-x86_64-snowleopard

Version: 1.4
Check: compiled code
Result: NOTE
    File 'hSDM/libs/i386/hSDM.dll':
     Found 'rand', possibly from 'rand' (C)
     Object: 'useful.o'
     Found 'srand', possibly from 'srand' (C)
     Objects: 'hSDM.Nmixture.o', 'hSDM.Nmixture.iCAR.o', 'hSDM.ZIB.o',
     'hSDM.ZIB.iCAR.alteration.o', 'hSDM.ZIB.iCAR.o', 'hSDM.ZIP.o',
     'hSDM.ZIP.iCAR.alteration.o', 'hSDM.ZIP.iCAR.o',
     'hSDM.binomial.o', 'hSDM.binomial.iCAR.o', 'hSDM.poisson.o',
     'hSDM.poisson.iCAR.o', 'hSDM.siteocc.o', 'hSDM.siteocc.iCAR.o'
    File 'hSDM/libs/x64/hSDM.dll':
     Found 'rand', possibly from 'rand' (C)
     Object: 'useful.o'
     Found 'srand', possibly from 'srand' (C)
     Objects: 'hSDM.Nmixture.o', 'hSDM.Nmixture.iCAR.o', 'hSDM.ZIB.o',
     'hSDM.ZIB.iCAR.alteration.o', 'hSDM.ZIB.iCAR.o', 'hSDM.ZIP.o',
     'hSDM.ZIP.iCAR.alteration.o', 'hSDM.ZIP.iCAR.o',
     'hSDM.binomial.o', 'hSDM.binomial.iCAR.o', 'hSDM.poisson.o',
     'hSDM.poisson.iCAR.o', 'hSDM.siteocc.o', 'hSDM.siteocc.iCAR.o'
    
    Compiled code should not call entry points which might terminate R nor
    write to stdout/stderr instead of to the console, nor the system RNG.
    
    See 'Writing portable packages' in the 'Writing R Extensions' manual.
Flavors: r-devel-windows-ix86+x86_64, r-release-windows-ix86+x86_64

Version: 1.4
Check: package dependencies
Result: NOTE
    Packages suggested but not available for checking: ‘knitr’ ‘raster’
Flavor: r-release-osx-x86_64-snowleopard