CRAN Package Check Results for Package hSDM

Last updated on 2015-01-30 14:48:50.

Flavor Version Tinstall Tcheck Ttotal Status Flags
r-devel-linux-x86_64-debian-clang 1.4 6.73 18.84 25.57 NOTE
r-devel-linux-x86_64-debian-gcc 1.4 8.91 18.56 27.47 NOTE
r-devel-linux-x86_64-fedora-clang 1.4 51.98 NOTE
r-devel-linux-x86_64-fedora-gcc 1.4 48.34 NOTE
r-devel-osx-x86_64-clang 1.4 47.63 NOTE
r-devel-windows-ix86+x86_64 1.4 44.00 33.00 77.00 NOTE
r-patched-linux-x86_64 1.4 8.80 20.38 29.18 NOTE
r-patched-solaris-sparc 1.4 349.80 NOTE
r-patched-solaris-x86 1.4 107.90 NOTE
r-release-linux-ix86 1.4 7.82 27.57 35.39 NOTE
r-release-linux-x86_64 1.4 8.64 20.58 29.22 NOTE
r-release-osx-x86_64-mavericks 1.4 NOTE
r-release-osx-x86_64-snowleopard 1.4 OK
r-release-windows-ix86+x86_64 1.4 28.00 41.00 69.00 NOTE
r-oldrel-windows-ix86+x86_64 1.4 28.00 41.00 69.00 OK

Check Details

Version: 1.4
Check: compiled code
Result: NOTE
    File ‘hSDM/libs/hSDM.so’:
     Found ‘rand’, possibly from ‘rand’ (C)
     Object: ‘useful.o’
     Found ‘srand’, possibly from ‘srand’ (C)
     Objects: ‘hSDM.Nmixture.o’, ‘hSDM.Nmixture.iCAR.o’, ‘hSDM.ZIB.o’,
     ‘hSDM.ZIB.iCAR.alteration.o’, ‘hSDM.ZIB.iCAR.o’, ‘hSDM.ZIP.o’,
     ‘hSDM.ZIP.iCAR.alteration.o’, ‘hSDM.ZIP.iCAR.o’,
     ‘hSDM.binomial.o’, ‘hSDM.binomial.iCAR.o’, ‘hSDM.poisson.o’,
     ‘hSDM.poisson.iCAR.o’, ‘hSDM.siteocc.o’, ‘hSDM.siteocc.iCAR.o’
    
    Compiled code should not call entry points which might terminate R nor
    write to stdout/stderr instead of to the console, nor the system RNG.
    
    See ‘Writing portable packages’ in the ‘Writing R Extensions’ manual.
Flavors: r-devel-linux-x86_64-debian-clang, r-devel-linux-x86_64-debian-gcc, r-devel-linux-x86_64-fedora-clang, r-devel-linux-x86_64-fedora-gcc, r-patched-linux-x86_64, r-patched-solaris-sparc, r-patched-solaris-x86

Version: 1.4
Check: compiled code
Result: NOTE
    File ‘hSDM/libs/hSDM.so’:
     Found ‘_rand’, possibly from ‘rand’ (C)
     Object: ‘useful.o’
     Found ‘_srand’, possibly from ‘srand’ (C)
     Objects: ‘hSDM.Nmixture.o’, ‘hSDM.Nmixture.iCAR.o’, ‘hSDM.ZIB.o’,
     ‘hSDM.ZIB.iCAR.alteration.o’, ‘hSDM.ZIB.iCAR.o’, ‘hSDM.ZIP.o’,
     ‘hSDM.ZIP.iCAR.alteration.o’, ‘hSDM.ZIP.iCAR.o’,
     ‘hSDM.binomial.o’, ‘hSDM.binomial.iCAR.o’, ‘hSDM.poisson.o’,
     ‘hSDM.poisson.iCAR.o’, ‘hSDM.siteocc.o’, ‘hSDM.siteocc.iCAR.o’
    
    Compiled code should not call entry points which might terminate R nor
    write to stdout/stderr instead of to the console, nor the system RNG.
    
    See ‘Writing portable packages’ in the ‘Writing R Extensions’ manual.
Flavors: r-devel-osx-x86_64-clang, r-release-osx-x86_64-mavericks

Version: 1.4
Check: compiled code
Result: NOTE
    File 'hSDM/libs/i386/hSDM.dll':
     Found 'rand', possibly from 'rand' (C)
     Object: 'useful.o'
     Found 'srand', possibly from 'srand' (C)
     Objects: 'hSDM.Nmixture.o', 'hSDM.Nmixture.iCAR.o', 'hSDM.ZIB.o',
     'hSDM.ZIB.iCAR.alteration.o', 'hSDM.ZIB.iCAR.o', 'hSDM.ZIP.o',
     'hSDM.ZIP.iCAR.alteration.o', 'hSDM.ZIP.iCAR.o',
     'hSDM.binomial.o', 'hSDM.binomial.iCAR.o', 'hSDM.poisson.o',
     'hSDM.poisson.iCAR.o', 'hSDM.siteocc.o', 'hSDM.siteocc.iCAR.o'
    File 'hSDM/libs/x64/hSDM.dll':
     Found 'rand', possibly from 'rand' (C)
     Object: 'useful.o'
     Found 'srand', possibly from 'srand' (C)
     Objects: 'hSDM.Nmixture.o', 'hSDM.Nmixture.iCAR.o', 'hSDM.ZIB.o',
     'hSDM.ZIB.iCAR.alteration.o', 'hSDM.ZIB.iCAR.o', 'hSDM.ZIP.o',
     'hSDM.ZIP.iCAR.alteration.o', 'hSDM.ZIP.iCAR.o',
     'hSDM.binomial.o', 'hSDM.binomial.iCAR.o', 'hSDM.poisson.o',
     'hSDM.poisson.iCAR.o', 'hSDM.siteocc.o', 'hSDM.siteocc.iCAR.o'
    
    Compiled code should not call entry points which might terminate R nor
    write to stdout/stderr instead of to the console, nor the system RNG.
    
    See 'Writing portable packages' in the 'Writing R Extensions' manual.
Flavor: r-devel-windows-ix86+x86_64

Version: 1.4
Check: compiled code
Result: NOTE
    File ‘hSDM/libs/hSDM.so’:
     Found ‘rand’, possibly from ‘rand’ (C)
     Object: ‘useful.o’
     Found ‘srand’, possibly from ‘srand’ (C)
     Objects: ‘hSDM.Nmixture.o’, ‘hSDM.Nmixture.iCAR.o’, ‘hSDM.ZIB.o’,
     ‘hSDM.ZIB.iCAR.alteration.o’, ‘hSDM.ZIB.iCAR.o’, ‘hSDM.ZIP.o’,
     ‘hSDM.ZIP.iCAR.alteration.o’, ‘hSDM.ZIP.iCAR.o’,
     ‘hSDM.binomial.o’, ‘hSDM.binomial.iCAR.o’, ‘hSDM.poisson.o’,
     ‘hSDM.poisson.iCAR.o’, ‘hSDM.siteocc.o’, ‘hSDM.siteocc.iCAR.o’
    
    Compiled code should not call entry points which might terminate R nor
    write to stdout/stderr instead of to the console, nor the C RNG.
    
    See ‘Writing portable packages’ in the ‘Writing R Extensions’ manual.
Flavors: r-release-linux-ix86, r-release-linux-x86_64

Version: 1.4
Check: compiled code
Result: NOTE
    File 'hSDM/libs/i386/hSDM.dll':
     Found 'rand', possibly from 'rand' (C)
     Object: 'useful.o'
     Found 'srand', possibly from 'srand' (C)
     Objects: 'hSDM.Nmixture.o', 'hSDM.Nmixture.iCAR.o', 'hSDM.ZIB.o',
     'hSDM.ZIB.iCAR.alteration.o', 'hSDM.ZIB.iCAR.o', 'hSDM.ZIP.o',
     'hSDM.ZIP.iCAR.alteration.o', 'hSDM.ZIP.iCAR.o',
     'hSDM.binomial.o', 'hSDM.binomial.iCAR.o', 'hSDM.poisson.o',
     'hSDM.poisson.iCAR.o', 'hSDM.siteocc.o', 'hSDM.siteocc.iCAR.o'
    File 'hSDM/libs/x64/hSDM.dll':
     Found 'rand', possibly from 'rand' (C)
     Object: 'useful.o'
     Found 'srand', possibly from 'srand' (C)
     Objects: 'hSDM.Nmixture.o', 'hSDM.Nmixture.iCAR.o', 'hSDM.ZIB.o',
     'hSDM.ZIB.iCAR.alteration.o', 'hSDM.ZIB.iCAR.o', 'hSDM.ZIP.o',
     'hSDM.ZIP.iCAR.alteration.o', 'hSDM.ZIP.iCAR.o',
     'hSDM.binomial.o', 'hSDM.binomial.iCAR.o', 'hSDM.poisson.o',
     'hSDM.poisson.iCAR.o', 'hSDM.siteocc.o', 'hSDM.siteocc.iCAR.o'
    
    Compiled code should not call entry points which might terminate R nor
    write to stdout/stderr instead of to the console, nor the C RNG.
    
    See 'Writing portable packages' in the 'Writing R Extensions' manual.
Flavor: r-release-windows-ix86+x86_64