CRAN Package Check Results for Package hSDM

Last updated on 2014-11-01 08:48:17.

Flavor Version Tinstall Tcheck Ttotal Status Flags
r-devel-linux-x86_64-debian-clang 1.4 6.46 20.03 26.49 NOTE
r-devel-linux-x86_64-debian-gcc 1.4 8.85 19.47 28.32 NOTE
r-devel-linux-x86_64-fedora-clang 1.4 53.41 NOTE
r-devel-linux-x86_64-fedora-gcc 1.4 48.42 NOTE
r-devel-osx-x86_64-clang 1.4 47.39 NOTE
r-devel-windows-ix86+x86_64 1.4 31.00 35.00 66.00 NOTE
r-patched-linux-x86_64 1.4 8.60 20.39 28.99 NOTE
r-patched-solaris-sparc 1.4 327.00 NOTE
r-patched-solaris-x86 1.4 109.50 NOTE
r-release-linux-ix86 1.4 8.17 29.28 37.45 OK
r-release-linux-x86_64 1.4 8.61 21.60 30.21 OK
r-release-osx-x86_64-mavericks 1.4 OK
r-release-osx-x86_64-snowleopard 1.4 OK
r-release-windows-ix86+x86_64 1.4 29.00 39.00 68.00 OK
r-oldrel-windows-ix86+x86_64 1.4 27.00 43.00 70.00 OK

Check Details

Version: 1.4
Check: compiled code
Result: NOTE
    File ‘hSDM/libs/hSDM.so’:
     Found ‘rand’, possibly from ‘rand’ (C)
     Object: ‘useful.o’
     Found ‘srand’, possibly from ‘srand’ (C)
     Objects: ‘hSDM.Nmixture.o’, ‘hSDM.Nmixture.iCAR.o’, ‘hSDM.ZIB.o’,
     ‘hSDM.ZIB.iCAR.alteration.o’, ‘hSDM.ZIB.iCAR.o’, ‘hSDM.ZIP.o’,
     ‘hSDM.ZIP.iCAR.alteration.o’, ‘hSDM.ZIP.iCAR.o’,
     ‘hSDM.binomial.o’, ‘hSDM.binomial.iCAR.o’, ‘hSDM.poisson.o’,
     ‘hSDM.poisson.iCAR.o’, ‘hSDM.siteocc.o’, ‘hSDM.siteocc.iCAR.o’
    
    Compiled code should not call entry points which might terminate R nor
    write to stdout/stderr instead of to the console, nor the C RNG.
    
    See ‘Writing portable packages’ in the ‘Writing R Extensions’ manual.
Flavors: r-devel-linux-x86_64-debian-clang, r-devel-linux-x86_64-debian-gcc, r-devel-linux-x86_64-fedora-clang, r-devel-linux-x86_64-fedora-gcc, r-patched-linux-x86_64, r-patched-solaris-sparc, r-patched-solaris-x86

Version: 1.4
Check: compiled code
Result: NOTE
    File ‘hSDM/libs/hSDM.so’:
     Found ‘_rand’, possibly from ‘rand’ (C)
     Object: ‘useful.o’
     Found ‘_srand’, possibly from ‘srand’ (C)
     Objects: ‘hSDM.Nmixture.o’, ‘hSDM.Nmixture.iCAR.o’, ‘hSDM.ZIB.o’,
     ‘hSDM.ZIB.iCAR.alteration.o’, ‘hSDM.ZIB.iCAR.o’, ‘hSDM.ZIP.o’,
     ‘hSDM.ZIP.iCAR.alteration.o’, ‘hSDM.ZIP.iCAR.o’,
     ‘hSDM.binomial.o’, ‘hSDM.binomial.iCAR.o’, ‘hSDM.poisson.o’,
     ‘hSDM.poisson.iCAR.o’, ‘hSDM.siteocc.o’, ‘hSDM.siteocc.iCAR.o’
    
    Compiled code should not call entry points which might terminate R nor
    write to stdout/stderr instead of to the console, nor the C RNG.
    
    See ‘Writing portable packages’ in the ‘Writing R Extensions’ manual.
Flavor: r-devel-osx-x86_64-clang

Version: 1.4
Check: compiled code
Result: NOTE
    File 'hSDM/libs/i386/hSDM.dll':
     Found 'rand', possibly from 'rand' (C)
     Object: 'useful.o'
     Found 'srand', possibly from 'srand' (C)
     Objects: 'hSDM.Nmixture.o', 'hSDM.Nmixture.iCAR.o', 'hSDM.ZIB.o',
     'hSDM.ZIB.iCAR.alteration.o', 'hSDM.ZIB.iCAR.o', 'hSDM.ZIP.o',
     'hSDM.ZIP.iCAR.alteration.o', 'hSDM.ZIP.iCAR.o',
     'hSDM.binomial.o', 'hSDM.binomial.iCAR.o', 'hSDM.poisson.o',
     'hSDM.poisson.iCAR.o', 'hSDM.siteocc.o', 'hSDM.siteocc.iCAR.o'
    File 'hSDM/libs/x64/hSDM.dll':
     Found 'rand', possibly from 'rand' (C)
     Object: 'useful.o'
     Found 'srand', possibly from 'srand' (C)
     Objects: 'hSDM.Nmixture.o', 'hSDM.Nmixture.iCAR.o', 'hSDM.ZIB.o',
     'hSDM.ZIB.iCAR.alteration.o', 'hSDM.ZIB.iCAR.o', 'hSDM.ZIP.o',
     'hSDM.ZIP.iCAR.alteration.o', 'hSDM.ZIP.iCAR.o',
     'hSDM.binomial.o', 'hSDM.binomial.iCAR.o', 'hSDM.poisson.o',
     'hSDM.poisson.iCAR.o', 'hSDM.siteocc.o', 'hSDM.siteocc.iCAR.o'
    
    Compiled code should not call entry points which might terminate R nor
    write to stdout/stderr instead of to the console, nor the C RNG.
    
    See 'Writing portable packages' in the 'Writing R Extensions' manual.
Flavor: r-devel-windows-ix86+x86_64