CRAN Package Check Results for Package hSDM

Last updated on 2017-07-26 12:48:27.

Flavor Version Tinstall Tcheck Ttotal Status Flags
r-devel-linux-x86_64-debian-clang 1.4 10.05 31.17 41.23 NOTE
r-devel-linux-x86_64-debian-gcc 1.4 12.80 30.87 43.67 NOTE
r-devel-linux-x86_64-fedora-clang 1.4 55.74 NOTE
r-devel-linux-x86_64-fedora-gcc 1.4 47.64 NOTE
r-devel-windows-ix86+x86_64 1.4 49.00 51.00 100.00 NOTE
r-patched-linux-x86_64 1.4 9.32 31.05 40.37 NOTE
r-patched-solaris-x86 1.4 103.60 NOTE
r-release-linux-x86_64 1.4 10.01 30.87 40.87 NOTE
r-release-windows-ix86+x86_64 1.4 32.00 62.00 94.00 NOTE
r-release-osx-x86_64 1.4 NOTE
r-oldrel-windows-ix86+x86_64 1.4 30.00 46.00 76.00 NOTE
r-oldrel-osx-x86_64 1.4 NOTE

Check Details

Version: 1.4
Check: R code for possible problems
Result: NOTE
    hSDM.Nmixture: no visible global function definition for ‘model.frame’
    hSDM.Nmixture: no visible global function definition for ‘model.matrix’
    hSDM.Nmixture.iCAR: no visible global function definition for
     ‘model.frame’
    hSDM.Nmixture.iCAR: no visible global function definition for
     ‘model.matrix’
    hSDM.ZIB: no visible global function definition for ‘model.frame’
    hSDM.ZIB: no visible global function definition for ‘model.matrix’
    hSDM.ZIB.iCAR: no visible global function definition for ‘model.frame’
    hSDM.ZIB.iCAR: no visible global function definition for ‘model.matrix’
    hSDM.ZIB.iCAR.alteration: no visible global function definition for
     ‘model.frame’
    hSDM.ZIB.iCAR.alteration: no visible global function definition for
     ‘model.matrix’
    hSDM.ZIP: no visible global function definition for ‘model.frame’
    hSDM.ZIP: no visible global function definition for ‘model.matrix’
    hSDM.ZIP.iCAR: no visible global function definition for ‘model.frame’
    hSDM.ZIP.iCAR: no visible global function definition for ‘model.matrix’
    hSDM.ZIP.iCAR.alteration: no visible global function definition for
     ‘model.frame’
    hSDM.ZIP.iCAR.alteration: no visible global function definition for
     ‘model.matrix’
    hSDM.binomial: no visible global function definition for ‘model.frame’
    hSDM.binomial: no visible global function definition for ‘model.matrix’
    hSDM.binomial.iCAR: no visible global function definition for
     ‘model.frame’
    hSDM.binomial.iCAR: no visible global function definition for
     ‘model.matrix’
    hSDM.poisson: no visible global function definition for ‘model.frame’
    hSDM.poisson: no visible global function definition for ‘model.matrix’
    hSDM.poisson.iCAR: no visible global function definition for
     ‘model.frame’
    hSDM.poisson.iCAR: no visible global function definition for
     ‘model.matrix’
    hSDM.siteocc: no visible global function definition for ‘model.frame’
    hSDM.siteocc: no visible global function definition for ‘model.matrix’
    hSDM.siteocc.iCAR: no visible global function definition for
     ‘model.frame’
    hSDM.siteocc.iCAR: no visible global function definition for
     ‘model.matrix’
    Undefined global functions or variables:
     model.frame model.matrix
    Consider adding
     importFrom("stats", "model.frame", "model.matrix")
    to your NAMESPACE file.
Flavors: r-devel-linux-x86_64-debian-clang, r-devel-linux-x86_64-debian-gcc, r-devel-linux-x86_64-fedora-clang, r-devel-linux-x86_64-fedora-gcc, r-devel-windows-ix86+x86_64, r-patched-linux-x86_64, r-patched-solaris-x86, r-release-linux-x86_64, r-release-windows-ix86+x86_64, r-release-osx-x86_64, r-oldrel-windows-ix86+x86_64, r-oldrel-osx-x86_64

Version: 1.4
Check: compiled code
Result: NOTE
    File ‘hSDM/libs/hSDM.so’:
     Found ‘rand’, possibly from ‘rand’ (C)
     Object: ‘useful.o’
     Found ‘srand’, possibly from ‘srand’ (C)
     Objects: ‘hSDM.Nmixture.o’, ‘hSDM.Nmixture.iCAR.o’, ‘hSDM.ZIB.o’,
     ‘hSDM.ZIB.iCAR.alteration.o’, ‘hSDM.ZIB.iCAR.o’, ‘hSDM.ZIP.o’,
     ‘hSDM.ZIP.iCAR.alteration.o’, ‘hSDM.ZIP.iCAR.o’,
     ‘hSDM.binomial.o’, ‘hSDM.binomial.iCAR.o’, ‘hSDM.poisson.o’,
     ‘hSDM.poisson.iCAR.o’, ‘hSDM.siteocc.o’, ‘hSDM.siteocc.iCAR.o’
    File ‘hSDM/libs/hSDM.so’:
     Found no calls to: ‘R_registerRoutines’, ‘R_useDynamicSymbols’
    
    Compiled code should not call entry points which might terminate R nor
    write to stdout/stderr instead of to the console, nor the system RNG.
    It is good practice to register native routines and to disable symbol
    search.
    
    See ‘Writing portable packages’ in the ‘Writing R Extensions’ manual.
Flavors: r-devel-linux-x86_64-debian-clang, r-devel-linux-x86_64-debian-gcc, r-devel-linux-x86_64-fedora-clang, r-devel-linux-x86_64-fedora-gcc, r-patched-linux-x86_64, r-release-linux-x86_64

Version: 1.4
Check: compiled code
Result: NOTE
    File 'hSDM/libs/i386/hSDM.dll':
     Found 'rand', possibly from 'rand' (C)
     Object: 'useful.o'
     Found 'srand', possibly from 'srand' (C)
     Objects: 'hSDM.Nmixture.o', 'hSDM.Nmixture.iCAR.o', 'hSDM.ZIB.o',
     'hSDM.ZIB.iCAR.alteration.o', 'hSDM.ZIB.iCAR.o', 'hSDM.ZIP.o',
     'hSDM.ZIP.iCAR.alteration.o', 'hSDM.ZIP.iCAR.o',
     'hSDM.binomial.o', 'hSDM.binomial.iCAR.o', 'hSDM.poisson.o',
     'hSDM.poisson.iCAR.o', 'hSDM.siteocc.o', 'hSDM.siteocc.iCAR.o'
    File 'hSDM/libs/x64/hSDM.dll':
     Found 'rand', possibly from 'rand' (C)
     Object: 'useful.o'
     Found 'srand', possibly from 'srand' (C)
     Objects: 'hSDM.Nmixture.o', 'hSDM.Nmixture.iCAR.o', 'hSDM.ZIB.o',
     'hSDM.ZIB.iCAR.alteration.o', 'hSDM.ZIB.iCAR.o', 'hSDM.ZIP.o',
     'hSDM.ZIP.iCAR.alteration.o', 'hSDM.ZIP.iCAR.o',
     'hSDM.binomial.o', 'hSDM.binomial.iCAR.o', 'hSDM.poisson.o',
     'hSDM.poisson.iCAR.o', 'hSDM.siteocc.o', 'hSDM.siteocc.iCAR.o'
    
    Compiled code should not call entry points which might terminate R nor
    write to stdout/stderr instead of to the console, nor the system RNG.
    
    See 'Writing portable packages' in the 'Writing R Extensions' manual.
Flavors: r-devel-windows-ix86+x86_64, r-release-windows-ix86+x86_64, r-oldrel-windows-ix86+x86_64

Version: 1.4
Check: compiled code
Result: NOTE
    File ‘hSDM/libs/hSDM.so’:
     Found ‘rand’, possibly from ‘rand’ (C)
     Object: ‘useful.o’
     Found ‘srand’, possibly from ‘srand’ (C)
     Objects: ‘hSDM.Nmixture.o’, ‘hSDM.Nmixture.iCAR.o’, ‘hSDM.ZIB.o’,
     ‘hSDM.ZIB.iCAR.alteration.o’, ‘hSDM.ZIB.iCAR.o’, ‘hSDM.ZIP.o’,
     ‘hSDM.ZIP.iCAR.alteration.o’, ‘hSDM.ZIP.iCAR.o’,
     ‘hSDM.binomial.o’, ‘hSDM.binomial.iCAR.o’, ‘hSDM.poisson.o’,
     ‘hSDM.poisson.iCAR.o’, ‘hSDM.siteocc.o’, ‘hSDM.siteocc.iCAR.o’
    
    Compiled code should not call entry points which might terminate R nor
    write to stdout/stderr instead of to the console, nor the system RNG.
    
    See ‘Writing portable packages’ in the ‘Writing R Extensions’ manual.
Flavor: r-patched-solaris-x86

Version: 1.4
Check: compiled code
Result: NOTE
    File ‘hSDM/libs/hSDM.so’:
     Found ‘_rand’, possibly from ‘rand’ (C)
     Object: ‘useful.o’
     Found ‘_srand’, possibly from ‘srand’ (C)
     Objects: ‘hSDM.Nmixture.o’, ‘hSDM.Nmixture.iCAR.o’, ‘hSDM.ZIB.o’,
     ‘hSDM.ZIB.iCAR.alteration.o’, ‘hSDM.ZIB.iCAR.o’, ‘hSDM.ZIP.o’,
     ‘hSDM.ZIP.iCAR.alteration.o’, ‘hSDM.ZIP.iCAR.o’,
     ‘hSDM.binomial.o’, ‘hSDM.binomial.iCAR.o’, ‘hSDM.poisson.o’,
     ‘hSDM.poisson.iCAR.o’, ‘hSDM.siteocc.o’, ‘hSDM.siteocc.iCAR.o’
    
    Compiled code should not call entry points which might terminate R nor
    write to stdout/stderr instead of to the console, nor the system RNG.
    
    See ‘Writing portable packages’ in the ‘Writing R Extensions’ manual.
Flavors: r-release-osx-x86_64, r-oldrel-osx-x86_64