CRAN Package Check Results for Package hSDM

Last updated on 2015-06-30 10:48:20.

Flavor Version Tinstall Tcheck Ttotal Status Flags
r-devel-linux-x86_64-debian-clang 1.4 7.10 18.59 25.69 NOTE
r-devel-linux-x86_64-debian-gcc 1.4 8.30 17.59 25.89 NOTE
r-devel-linux-x86_64-fedora-clang 1.4 48.82 NOTE
r-devel-linux-x86_64-fedora-gcc 1.4 44.93 NOTE
r-devel-osx-x86_64-clang 1.4 45.37 NOTE
r-devel-windows-ix86+x86_64 1.4 43.00 35.00 78.00 NOTE
r-patched-linux-x86_64 1.4 8.44 18.22 26.66 NOTE
r-patched-solaris-sparc 1.4 315.80 NOTE
r-patched-solaris-x86 1.4 102.20 NOTE
r-release-linux-x86_64 1.4 8.37 18.78 27.15 NOTE
r-release-osx-x86_64-mavericks 1.4 NOTE
r-release-windows-ix86+x86_64 1.4 42.00 35.00 77.00 NOTE
r-oldrel-windows-ix86+x86_64 1.4 30.00 61.00 91.00 NOTE

Check Details

Version: 1.4
Check: R code for possible problems
Result: NOTE
    hSDM.Nmixture: no visible global function definition for ‘model.frame’
    hSDM.Nmixture: no visible global function definition for ‘model.matrix’
    hSDM.Nmixture.iCAR: no visible global function definition for
     ‘model.frame’
    hSDM.Nmixture.iCAR: no visible global function definition for
     ‘model.matrix’
    hSDM.ZIB: no visible global function definition for ‘model.frame’
    hSDM.ZIB: no visible global function definition for ‘model.matrix’
    hSDM.ZIB.iCAR: no visible global function definition for ‘model.frame’
    hSDM.ZIB.iCAR: no visible global function definition for ‘model.matrix’
    hSDM.ZIB.iCAR.alteration: no visible global function definition for
     ‘model.frame’
    hSDM.ZIB.iCAR.alteration: no visible global function definition for
     ‘model.matrix’
    hSDM.ZIP: no visible global function definition for ‘model.frame’
    hSDM.ZIP: no visible global function definition for ‘model.matrix’
    hSDM.ZIP.iCAR: no visible global function definition for ‘model.frame’
    hSDM.ZIP.iCAR: no visible global function definition for ‘model.matrix’
    hSDM.ZIP.iCAR.alteration: no visible global function definition for
     ‘model.frame’
    hSDM.ZIP.iCAR.alteration: no visible global function definition for
     ‘model.matrix’
    hSDM.binomial: no visible global function definition for ‘model.frame’
    hSDM.binomial: no visible global function definition for ‘model.matrix’
    hSDM.binomial.iCAR: no visible global function definition for
     ‘model.frame’
    hSDM.binomial.iCAR: no visible global function definition for
     ‘model.matrix’
    hSDM.poisson: no visible global function definition for ‘model.frame’
    hSDM.poisson: no visible global function definition for ‘model.matrix’
    hSDM.poisson.iCAR: no visible global function definition for
     ‘model.frame’
    hSDM.poisson.iCAR: no visible global function definition for
     ‘model.matrix’
    hSDM.siteocc: no visible global function definition for ‘model.frame’
    hSDM.siteocc: no visible global function definition for ‘model.matrix’
    hSDM.siteocc.iCAR: no visible global function definition for
     ‘model.frame’
    hSDM.siteocc.iCAR: no visible global function definition for
     ‘model.matrix’
Flavors: r-devel-linux-x86_64-debian-clang, r-devel-linux-x86_64-debian-gcc, r-devel-windows-ix86+x86_64

Version: 1.4
Check: compiled code
Result: NOTE
    File ‘hSDM/libs/hSDM.so’:
     Found ‘rand’, possibly from ‘rand’ (C)
     Object: ‘useful.o’
     Found ‘srand’, possibly from ‘srand’ (C)
     Objects: ‘hSDM.Nmixture.o’, ‘hSDM.Nmixture.iCAR.o’, ‘hSDM.ZIB.o’,
     ‘hSDM.ZIB.iCAR.alteration.o’, ‘hSDM.ZIB.iCAR.o’, ‘hSDM.ZIP.o’,
     ‘hSDM.ZIP.iCAR.alteration.o’, ‘hSDM.ZIP.iCAR.o’,
     ‘hSDM.binomial.o’, ‘hSDM.binomial.iCAR.o’, ‘hSDM.poisson.o’,
     ‘hSDM.poisson.iCAR.o’, ‘hSDM.siteocc.o’, ‘hSDM.siteocc.iCAR.o’
    
    Compiled code should not call entry points which might terminate R nor
    write to stdout/stderr instead of to the console, nor the system RNG.
    
    See ‘Writing portable packages’ in the ‘Writing R Extensions’ manual.
Flavors: r-devel-linux-x86_64-debian-clang, r-devel-linux-x86_64-debian-gcc, r-devel-linux-x86_64-fedora-clang, r-devel-linux-x86_64-fedora-gcc, r-patched-linux-x86_64, r-patched-solaris-sparc, r-patched-solaris-x86, r-release-linux-x86_64

Version: 1.4
Check: compiled code
Result: NOTE
    File ‘hSDM/libs/hSDM.so’:
     Found ‘_rand’, possibly from ‘rand’ (C)
     Object: ‘useful.o’
     Found ‘_srand’, possibly from ‘srand’ (C)
     Objects: ‘hSDM.Nmixture.o’, ‘hSDM.Nmixture.iCAR.o’, ‘hSDM.ZIB.o’,
     ‘hSDM.ZIB.iCAR.alteration.o’, ‘hSDM.ZIB.iCAR.o’, ‘hSDM.ZIP.o’,
     ‘hSDM.ZIP.iCAR.alteration.o’, ‘hSDM.ZIP.iCAR.o’,
     ‘hSDM.binomial.o’, ‘hSDM.binomial.iCAR.o’, ‘hSDM.poisson.o’,
     ‘hSDM.poisson.iCAR.o’, ‘hSDM.siteocc.o’, ‘hSDM.siteocc.iCAR.o’
    
    Compiled code should not call entry points which might terminate R nor
    write to stdout/stderr instead of to the console, nor the system RNG.
    
    See ‘Writing portable packages’ in the ‘Writing R Extensions’ manual.
Flavors: r-devel-osx-x86_64-clang, r-release-osx-x86_64-mavericks

Version: 1.4
Check: compiled code
Result: NOTE
    File 'hSDM/libs/i386/hSDM.dll':
     Found 'rand', possibly from 'rand' (C)
     Object: 'useful.o'
     Found 'srand', possibly from 'srand' (C)
     Objects: 'hSDM.Nmixture.o', 'hSDM.Nmixture.iCAR.o', 'hSDM.ZIB.o',
     'hSDM.ZIB.iCAR.alteration.o', 'hSDM.ZIB.iCAR.o', 'hSDM.ZIP.o',
     'hSDM.ZIP.iCAR.alteration.o', 'hSDM.ZIP.iCAR.o',
     'hSDM.binomial.o', 'hSDM.binomial.iCAR.o', 'hSDM.poisson.o',
     'hSDM.poisson.iCAR.o', 'hSDM.siteocc.o', 'hSDM.siteocc.iCAR.o'
    File 'hSDM/libs/x64/hSDM.dll':
     Found 'rand', possibly from 'rand' (C)
     Object: 'useful.o'
     Found 'srand', possibly from 'srand' (C)
     Objects: 'hSDM.Nmixture.o', 'hSDM.Nmixture.iCAR.o', 'hSDM.ZIB.o',
     'hSDM.ZIB.iCAR.alteration.o', 'hSDM.ZIB.iCAR.o', 'hSDM.ZIP.o',
     'hSDM.ZIP.iCAR.alteration.o', 'hSDM.ZIP.iCAR.o',
     'hSDM.binomial.o', 'hSDM.binomial.iCAR.o', 'hSDM.poisson.o',
     'hSDM.poisson.iCAR.o', 'hSDM.siteocc.o', 'hSDM.siteocc.iCAR.o'
    
    Compiled code should not call entry points which might terminate R nor
    write to stdout/stderr instead of to the console, nor the system RNG.
    
    See 'Writing portable packages' in the 'Writing R Extensions' manual.
Flavors: r-devel-windows-ix86+x86_64, r-release-windows-ix86+x86_64, r-oldrel-windows-ix86+x86_64