CRAN Package Check Results for Package haarfisz

Last updated on 2016-12-03 23:47:41.

Flavor Version Tinstall Tcheck Ttotal Status Flags
r-devel-linux-x86_64-debian-clang 4.5 0.67 11.85 12.52 NOTE
r-devel-linux-x86_64-debian-gcc 4.5 0.66 11.62 12.28 NOTE
r-devel-linux-x86_64-fedora-clang 4.5 21.35 NOTE
r-devel-linux-x86_64-fedora-gcc 4.5 20.40 NOTE
r-devel-macos-x86_64-clang 4.5 18.55 NOTE
r-devel-windows-ix86+x86_64 4.5 3.00 38.00 41.00 NOTE
r-patched-linux-x86_64 4.5 0.68 9.99 10.67 NOTE
r-patched-solaris-sparc 4.5 114.60 NOTE
r-patched-solaris-x86 4.5 25.90 NOTE
r-release-linux-x86_64 4.5 0.61 9.66 10.27 NOTE
r-release-osx-x86_64-mavericks 4.5 NOTE
r-release-windows-ix86+x86_64 4.5 6.00 27.00 33.00 NOTE
r-oldrel-windows-ix86+x86_64 4.5 4.00 37.00 41.00 NOTE

Check Details

Version: 4.5
Check: DESCRIPTION meta-information
Result: NOTE
    Malformed Description field: should contain one or more complete sentences.
Flavors: r-devel-linux-x86_64-debian-clang, r-devel-linux-x86_64-debian-gcc, r-devel-linux-x86_64-fedora-clang, r-devel-linux-x86_64-fedora-gcc, r-devel-macos-x86_64-clang, r-devel-windows-ix86+x86_64, r-patched-linux-x86_64, r-patched-solaris-sparc, r-patched-solaris-x86, r-release-linux-x86_64, r-release-osx-x86_64-mavericks, r-release-windows-ix86+x86_64, r-oldrel-windows-ix86+x86_64

Version: 4.5
Check: R code for possible problems
Result: NOTE
    hf.bt: no visible global function definition for ‘median’
    Undefined global functions or variables:
     median
    Consider adding
     importFrom("stats", "median")
    to your NAMESPACE file.
Flavors: r-devel-linux-x86_64-debian-clang, r-devel-linux-x86_64-debian-gcc, r-devel-linux-x86_64-fedora-clang, r-devel-linux-x86_64-fedora-gcc, r-devel-macos-x86_64-clang, r-devel-windows-ix86+x86_64, r-patched-linux-x86_64, r-patched-solaris-sparc, r-patched-solaris-x86, r-release-linux-x86_64, r-release-osx-x86_64-mavericks, r-release-windows-ix86+x86_64