CRAN Package Check Results for Package haarfisz

Last updated on 2017-06-23 15:48:03.

Flavor Version Tinstall Tcheck Ttotal Status Flags
r-devel-linux-x86_64-debian-clang 4.5 0.67 12.85 13.52 NOTE
r-devel-linux-x86_64-debian-gcc 4.5 0.70 12.01 12.71 NOTE
r-devel-linux-x86_64-fedora-clang 4.5 21.50 NOTE
r-devel-linux-x86_64-fedora-gcc 4.5 19.57 NOTE
r-devel-windows-ix86+x86_64 4.5 3.00 40.00 43.00 NOTE
r-patched-linux-x86_64 4.5 0.64 11.84 12.48 NOTE
r-patched-solaris-sparc 4.5 125.10 NOTE
r-patched-solaris-x86 4.5 29.20 NOTE
r-release-linux-x86_64 4.5 0.68 12.17 12.85 NOTE
r-release-windows-ix86+x86_64 4.5 2.00 39.00 41.00 NOTE
r-release-osx-x86_64 4.5 NOTE
r-oldrel-windows-ix86+x86_64 4.5 4.00 38.00 42.00 NOTE
r-oldrel-osx-x86_64 4.5 NOTE

Check Details

Version: 4.5
Check: DESCRIPTION meta-information
Result: NOTE
    Malformed Description field: should contain one or more complete sentences.
Flavors: r-devel-linux-x86_64-debian-clang, r-devel-linux-x86_64-debian-gcc, r-devel-linux-x86_64-fedora-clang, r-devel-linux-x86_64-fedora-gcc, r-devel-windows-ix86+x86_64, r-patched-linux-x86_64, r-patched-solaris-sparc, r-patched-solaris-x86, r-release-linux-x86_64, r-release-windows-ix86+x86_64, r-release-osx-x86_64, r-oldrel-windows-ix86+x86_64, r-oldrel-osx-x86_64

Version: 4.5
Check: R code for possible problems
Result: NOTE
    hf.bt: no visible global function definition for ‘median’
    Undefined global functions or variables:
     median
    Consider adding
     importFrom("stats", "median")
    to your NAMESPACE file.
Flavors: r-devel-linux-x86_64-debian-clang, r-devel-linux-x86_64-debian-gcc, r-devel-linux-x86_64-fedora-clang, r-devel-linux-x86_64-fedora-gcc, r-devel-windows-ix86+x86_64, r-patched-linux-x86_64, r-patched-solaris-sparc, r-patched-solaris-x86, r-release-linux-x86_64, r-release-windows-ix86+x86_64, r-release-osx-x86_64, r-oldrel-windows-ix86+x86_64, r-oldrel-osx-x86_64