CRAN Package Check Results for Package haarfisz

Last updated on 2017-10-20 04:47:11.

Flavor Version Tinstall Tcheck Ttotal Status Flags
r-devel-linux-x86_64-debian-clang 4.5 0.62 12.16 12.78 NOTE
r-devel-linux-x86_64-debian-gcc 4.5 0.76 13.30 14.06 NOTE
r-devel-linux-x86_64-fedora-clang 4.5 22.26 NOTE
r-devel-linux-x86_64-fedora-gcc 4.5 21.26 NOTE
r-devel-windows-ix86+x86_64 4.5 4.00 28.00 32.00 NOTE
r-patched-linux-x86_64 4.5 0.67 12.08 12.75 NOTE
r-patched-solaris-x86 4.5 30.80 NOTE
r-release-linux-x86_64 4.5 0.67 12.40 13.07 NOTE
r-release-windows-ix86+x86_64 4.5 3.00 28.00 31.00 NOTE
r-release-osx-x86_64 4.5 NOTE
r-oldrel-windows-ix86+x86_64 4.5 3.00 37.00 40.00 NOTE
r-oldrel-osx-x86_64 4.5 NOTE

Check Details

Version: 4.5
Check: DESCRIPTION meta-information
Result: NOTE
    Malformed Description field: should contain one or more complete sentences.
Flavors: r-devel-linux-x86_64-debian-clang, r-devel-linux-x86_64-debian-gcc, r-devel-linux-x86_64-fedora-clang, r-devel-linux-x86_64-fedora-gcc, r-devel-windows-ix86+x86_64, r-patched-linux-x86_64, r-patched-solaris-x86, r-release-linux-x86_64, r-release-windows-ix86+x86_64, r-release-osx-x86_64, r-oldrel-windows-ix86+x86_64, r-oldrel-osx-x86_64

Version: 4.5
Check: R code for possible problems
Result: NOTE
    hf.bt: no visible global function definition for ‘median’
    Undefined global functions or variables:
     median
    Consider adding
     importFrom("stats", "median")
    to your NAMESPACE file.
Flavors: r-devel-linux-x86_64-debian-clang, r-devel-linux-x86_64-debian-gcc, r-devel-linux-x86_64-fedora-clang, r-devel-linux-x86_64-fedora-gcc, r-devel-windows-ix86+x86_64, r-patched-linux-x86_64, r-patched-solaris-x86, r-release-linux-x86_64, r-release-windows-ix86+x86_64, r-release-osx-x86_64, r-oldrel-windows-ix86+x86_64, r-oldrel-osx-x86_64