CRAN Package Check Results for Package haarfisz

Last updated on 2017-08-24 02:48:12.

Flavor Version Tinstall Tcheck Ttotal Status Flags
r-devel-linux-x86_64-debian-clang 4.5 0.72 12.43 13.15 NOTE
r-devel-linux-x86_64-debian-gcc 4.5 0.72 12.35 13.06 NOTE
r-devel-linux-x86_64-fedora-clang 4.5 20.90 NOTE
r-devel-linux-x86_64-fedora-gcc 4.5 19.65 NOTE
r-devel-windows-ix86+x86_64 4.5 3.00 30.00 33.00 NOTE
r-patched-linux-x86_64 4.5 0.75 12.19 12.94 NOTE
r-patched-solaris-x86 4.5 30.70 NOTE
r-release-linux-x86_64 4.5 0.67 12.52 13.19 NOTE
r-release-windows-ix86+x86_64 4.5 3.00 40.00 43.00 NOTE
r-release-osx-x86_64 4.5 NOTE
r-oldrel-windows-ix86+x86_64 4.5 4.00 44.00 48.00 NOTE
r-oldrel-osx-x86_64 4.5 NOTE

Check Details

Version: 4.5
Check: DESCRIPTION meta-information
Result: NOTE
    Malformed Description field: should contain one or more complete sentences.
Flavors: r-devel-linux-x86_64-debian-clang, r-devel-linux-x86_64-debian-gcc, r-devel-linux-x86_64-fedora-clang, r-devel-linux-x86_64-fedora-gcc, r-devel-windows-ix86+x86_64, r-patched-linux-x86_64, r-patched-solaris-x86, r-release-linux-x86_64, r-release-windows-ix86+x86_64, r-release-osx-x86_64, r-oldrel-windows-ix86+x86_64, r-oldrel-osx-x86_64

Version: 4.5
Check: R code for possible problems
Result: NOTE
    hf.bt: no visible global function definition for ‘median’
    Undefined global functions or variables:
     median
    Consider adding
     importFrom("stats", "median")
    to your NAMESPACE file.
Flavors: r-devel-linux-x86_64-debian-clang, r-devel-linux-x86_64-debian-gcc, r-devel-linux-x86_64-fedora-clang, r-devel-linux-x86_64-fedora-gcc, r-devel-windows-ix86+x86_64, r-patched-linux-x86_64, r-patched-solaris-x86, r-release-linux-x86_64, r-release-windows-ix86+x86_64, r-release-osx-x86_64, r-oldrel-windows-ix86+x86_64, r-oldrel-osx-x86_64