CRAN Package Check Results for Package haarfisz

Last updated on 2015-09-01 10:50:54.

Flavor Version Tinstall Tcheck Ttotal Status Flags
r-devel-linux-x86_64-debian-clang 4.5 0.60 9.38 9.99 NOTE
r-devel-linux-x86_64-debian-gcc 4.5 0.60 9.38 9.98 NOTE
r-devel-linux-x86_64-fedora-clang 4.5 18.97 NOTE
r-devel-linux-x86_64-fedora-gcc 4.5 17.73 NOTE
r-devel-osx-x86_64-clang 4.5 19.55 NOTE
r-devel-windows-ix86+x86_64 4.5 5.00 25.00 30.00 NOTE
r-patched-linux-x86_64 4.5 0.64 9.89 10.52 NOTE
r-patched-solaris-sparc 4.5 132.90 NOTE
r-patched-solaris-x86 4.5 31.10 NOTE
r-release-linux-x86_64 4.5 0.62 10.75 11.36 NOTE
r-release-osx-x86_64-mavericks 4.5 NOTE
r-release-windows-ix86+x86_64 4.5 4.00 21.00 25.00 NOTE
r-oldrel-windows-ix86+x86_64 4.5 5.00 22.00 27.00 OK

Check Details

Version: 4.5
Check: DESCRIPTION meta-information
Result: NOTE
    Malformed Description field: should contain one or more complete sentences.
Flavors: r-devel-linux-x86_64-debian-clang, r-devel-linux-x86_64-debian-gcc, r-devel-linux-x86_64-fedora-clang, r-devel-linux-x86_64-fedora-gcc, r-devel-osx-x86_64-clang, r-devel-windows-ix86+x86_64, r-patched-linux-x86_64, r-patched-solaris-sparc, r-patched-solaris-x86, r-release-linux-x86_64, r-release-osx-x86_64-mavericks, r-release-windows-ix86+x86_64

Version: 4.5
Check: R code for possible problems
Result: NOTE
    hf.bt: no visible global function definition for ‘median’
    Undefined global functions or variables:
     median
    Consider adding
     importFrom("stats", "median")
    to your NAMESPACE.
Flavors: r-devel-linux-x86_64-debian-clang, r-devel-linux-x86_64-debian-gcc, r-devel-linux-x86_64-fedora-clang, r-devel-linux-x86_64-fedora-gcc, r-devel-windows-ix86+x86_64