CRAN Package Check Results for Package haarfisz

Last updated on 2017-05-22 18:51:46.

Flavor Version Tinstall Tcheck Ttotal Status Flags
r-devel-linux-x86_64-debian-clang 4.5 0.70 12.03 12.73 NOTE
r-devel-linux-x86_64-debian-gcc 4.5 0.65 12.08 12.73 NOTE
r-devel-linux-x86_64-fedora-clang 4.5 22.86 NOTE --no-stop-on-test-error
r-devel-linux-x86_64-fedora-gcc 4.5 21.39 NOTE --no-stop-on-test-error
r-devel-windows-ix86+x86_64 4.5 7.00 40.00 47.00 NOTE
r-patched-linux-x86_64 4.5 0.66 11.90 12.56 NOTE
r-patched-solaris-sparc 4.5 125.10 NOTE
r-patched-solaris-x86 4.5 30.00 NOTE
r-release-linux-x86_64 4.5 0.72 11.85 12.57 NOTE
r-release-windows-ix86+x86_64 4.5 3.00 41.00 44.00 NOTE
r-release-osx-x86_64 4.5 NOTE
r-oldrel-windows-ix86+x86_64 4.5 5.00 40.00 45.00 NOTE
r-oldrel-osx-x86_64 4.5 NOTE

Check Details

Version: 4.5
Check: DESCRIPTION meta-information
Result: NOTE
    Malformed Description field: should contain one or more complete sentences.
Flavors: r-devel-linux-x86_64-debian-clang, r-devel-linux-x86_64-debian-gcc, r-devel-windows-ix86+x86_64, r-patched-linux-x86_64, r-patched-solaris-sparc, r-patched-solaris-x86, r-release-linux-x86_64, r-release-windows-ix86+x86_64, r-release-osx-x86_64, r-oldrel-windows-ix86+x86_64, r-oldrel-osx-x86_64

Version: 4.5
Check: R code for possible problems
Result: NOTE
    hf.bt: no visible global function definition for ‘median’
    Undefined global functions or variables:
     median
    Consider adding
     importFrom("stats", "median")
    to your NAMESPACE file.
Flavors: r-devel-linux-x86_64-debian-clang, r-devel-linux-x86_64-debian-gcc, r-devel-windows-ix86+x86_64, r-patched-linux-x86_64, r-patched-solaris-sparc, r-patched-solaris-x86, r-release-linux-x86_64, r-release-windows-ix86+x86_64, r-release-osx-x86_64, r-oldrel-windows-ix86+x86_64, r-oldrel-osx-x86_64

Version: 4.5
Flags: --no-stop-on-test-error
Check: DESCRIPTION meta-information
Result: NOTE
    Malformed Description field: should contain one or more complete sentences.
Flavors: r-devel-linux-x86_64-fedora-clang, r-devel-linux-x86_64-fedora-gcc

Version: 4.5
Flags: --no-stop-on-test-error
Check: R code for possible problems
Result: NOTE
    hf.bt: no visible global function definition for ‘median’
    Undefined global functions or variables:
     median
    Consider adding
     importFrom("stats", "median")
    to your NAMESPACE file.
Flavors: r-devel-linux-x86_64-fedora-clang, r-devel-linux-x86_64-fedora-gcc