CRAN Package Check Results for Package haarfisz

Last updated on 2017-03-29 06:48:11.

Flavor Version Tinstall Tcheck Ttotal Status Flags
r-devel-linux-x86_64-debian-clang 4.5 0.67 12.03 12.71 NOTE
r-devel-linux-x86_64-debian-gcc 4.5 0.71 11.81 12.52 NOTE
r-devel-linux-x86_64-fedora-clang 4.5 21.09 NOTE --no-stop-on-test-error
r-devel-linux-x86_64-fedora-gcc 4.5 20.16 NOTE --no-stop-on-test-error
r-devel-macos-x86_64-clang 4.5 18.17 NOTE --no-stop-on-test-error
r-devel-windows-ix86+x86_64 4.5 3.00 28.00 31.00 NOTE
r-patched-linux-x86_64 4.5 0.66 12.01 12.67 NOTE
r-patched-solaris-sparc 4.5 125.10 NOTE
r-patched-solaris-x86 4.5 29.90 NOTE
r-release-linux-x86_64 4.5 0.71 10.33 11.03 NOTE
r-release-osx-x86_64-mavericks 4.5 NOTE
r-release-windows-ix86+x86_64 4.5 4.00 66.00 70.00 NOTE
r-oldrel-windows-ix86+x86_64 4.5 2.00 35.00 37.00 NOTE

Check Details

Version: 4.5
Check: DESCRIPTION meta-information
Result: NOTE
    Malformed Description field: should contain one or more complete sentences.
Flavors: r-devel-linux-x86_64-debian-clang, r-devel-linux-x86_64-debian-gcc, r-devel-windows-ix86+x86_64, r-patched-linux-x86_64, r-patched-solaris-sparc, r-patched-solaris-x86, r-release-linux-x86_64, r-release-osx-x86_64-mavericks, r-release-windows-ix86+x86_64, r-oldrel-windows-ix86+x86_64

Version: 4.5
Check: R code for possible problems
Result: NOTE
    hf.bt: no visible global function definition for ‘median’
    Undefined global functions or variables:
     median
    Consider adding
     importFrom("stats", "median")
    to your NAMESPACE file.
Flavors: r-devel-linux-x86_64-debian-clang, r-devel-linux-x86_64-debian-gcc, r-devel-windows-ix86+x86_64, r-patched-linux-x86_64, r-patched-solaris-sparc, r-patched-solaris-x86, r-release-linux-x86_64, r-release-osx-x86_64-mavericks, r-release-windows-ix86+x86_64

Version: 4.5
Flags: --no-stop-on-test-error
Check: DESCRIPTION meta-information
Result: NOTE
    Malformed Description field: should contain one or more complete sentences.
Flavors: r-devel-linux-x86_64-fedora-clang, r-devel-linux-x86_64-fedora-gcc, r-devel-macos-x86_64-clang

Version: 4.5
Flags: --no-stop-on-test-error
Check: R code for possible problems
Result: NOTE
    hf.bt: no visible global function definition for ‘median’
    Undefined global functions or variables:
     median
    Consider adding
     importFrom("stats", "median")
    to your NAMESPACE file.
Flavors: r-devel-linux-x86_64-fedora-clang, r-devel-linux-x86_64-fedora-gcc, r-devel-macos-x86_64-clang