CRAN Package Check Results for Package haarfisz

Last updated on 2015-08-03 14:47:26.

Flavor Version Tinstall Tcheck Ttotal Status Flags
r-devel-linux-x86_64-debian-clang 4.5 0.59 10.09 10.68 NOTE
r-devel-linux-x86_64-debian-gcc 4.5 0.59 9.59 10.18 NOTE
r-devel-linux-x86_64-fedora-clang 4.5 20.07 NOTE
r-devel-linux-x86_64-fedora-gcc 4.5 17.62 NOTE
r-devel-osx-x86_64-clang 4.5 20.44 NOTE
r-devel-windows-ix86+x86_64 4.5 3.00 20.00 23.00 NOTE
r-patched-linux-x86_64 4.5 0.66 10.40 11.06 NOTE
r-patched-solaris-sparc 4.5 132.90 NOTE
r-patched-solaris-x86 4.5 31.80 NOTE
r-release-linux-x86_64 4.5 0.61 9.65 10.26 NOTE
r-release-osx-x86_64-mavericks 4.5 NOTE
r-release-windows-ix86+x86_64 4.5 5.00 30.00 35.00 NOTE
r-oldrel-windows-ix86+x86_64 4.5 5.00 23.00 28.00 OK

Check Details

Version: 4.5
Check: DESCRIPTION meta-information
Result: NOTE
    Malformed Description field: should contain one or more complete sentences.
Flavors: r-devel-linux-x86_64-debian-clang, r-devel-linux-x86_64-debian-gcc, r-devel-linux-x86_64-fedora-clang, r-devel-linux-x86_64-fedora-gcc, r-devel-osx-x86_64-clang, r-devel-windows-ix86+x86_64, r-patched-linux-x86_64, r-patched-solaris-sparc, r-patched-solaris-x86, r-release-linux-x86_64, r-release-osx-x86_64-mavericks, r-release-windows-ix86+x86_64

Version: 4.5
Check: R code for possible problems
Result: NOTE
    hf.bt: no visible global function definition for ‘median’
    Undefined global functions or variables:
     median
    Consider adding
     importFrom("stats", "median")
    to your NAMESPACE.
Flavors: r-devel-linux-x86_64-debian-clang, r-devel-linux-x86_64-debian-gcc, r-devel-linux-x86_64-fedora-clang, r-devel-linux-x86_64-fedora-gcc, r-devel-windows-ix86+x86_64