CRAN Package Check Results for Package haarfisz

Last updated on 2016-10-01 06:47:24.

Flavor Version Tinstall Tcheck Ttotal Status Flags
r-devel-linux-x86_64-debian-clang 4.5 0.66 11.14 11.79 NOTE
r-devel-linux-x86_64-debian-gcc 4.5 0.71 10.99 11.70 NOTE
r-devel-linux-x86_64-fedora-clang 4.5 19.15 NOTE
r-devel-linux-x86_64-fedora-gcc 4.5 16.53 NOTE
r-devel-macos-x86_64-clang 4.5 15.92 NOTE
r-devel-windows-ix86+x86_64 4.5 4.00 34.00 38.00 NOTE
r-patched-linux-x86_64 4.5 0.66 9.91 10.57 NOTE
r-patched-solaris-sparc 4.5 114.60 NOTE
r-patched-solaris-x86 4.5 25.80 NOTE
r-release-linux-x86_64 4.5 0.62 10.01 10.63 NOTE
r-release-osx-x86_64-mavericks 4.5 NOTE
r-release-windows-ix86+x86_64 4.5 3.00 40.00 43.00 NOTE
r-oldrel-windows-ix86+x86_64 4.5 4.00 31.00 35.00 NOTE

Check Details

Version: 4.5
Check: DESCRIPTION meta-information
Result: NOTE
    Malformed Description field: should contain one or more complete sentences.
Flavors: r-devel-linux-x86_64-debian-clang, r-devel-linux-x86_64-debian-gcc, r-devel-linux-x86_64-fedora-clang, r-devel-linux-x86_64-fedora-gcc, r-devel-macos-x86_64-clang, r-devel-windows-ix86+x86_64, r-patched-linux-x86_64, r-patched-solaris-sparc, r-patched-solaris-x86, r-release-linux-x86_64, r-release-osx-x86_64-mavericks, r-release-windows-ix86+x86_64, r-oldrel-windows-ix86+x86_64

Version: 4.5
Check: R code for possible problems
Result: NOTE
    hf.bt: no visible global function definition for ‘median’
    Undefined global functions or variables:
     median
    Consider adding
     importFrom("stats", "median")
    to your NAMESPACE file.
Flavors: r-devel-linux-x86_64-debian-clang, r-devel-linux-x86_64-debian-gcc, r-devel-linux-x86_64-fedora-clang, r-devel-linux-x86_64-fedora-gcc, r-devel-macos-x86_64-clang, r-devel-windows-ix86+x86_64, r-patched-linux-x86_64, r-patched-solaris-sparc, r-patched-solaris-x86, r-release-linux-x86_64, r-release-osx-x86_64-mavericks, r-release-windows-ix86+x86_64