CRAN Package Check Results for Package haarfisz

Last updated on 2016-06-27 21:47:06.

Flavor Version Tinstall Tcheck Ttotal Status Flags
r-devel-linux-x86_64-debian-gcc 4.5 0.62 10.13 10.75 NOTE
r-devel-linux-x86_64-fedora-clang 4.5 18.98 NOTE
r-devel-linux-x86_64-fedora-gcc 4.5 16.13 NOTE
r-devel-osx-x86_64-clang 4.5 15.87 NOTE
r-devel-windows-ix86+x86_64 4.5 3.00 42.00 45.00 NOTE
r-patched-linux-x86_64 4.5 0.73 10.53 11.26 NOTE
r-patched-solaris-sparc 4.5 114.60 NOTE
r-patched-solaris-x86 4.5 26.80 NOTE
r-release-linux-x86_64 4.5 0.72 9.55 10.27 NOTE
r-release-osx-x86_64-mavericks 4.5 NOTE
r-release-windows-ix86+x86_64 4.5 3.00 36.00 39.00 NOTE
r-oldrel-windows-ix86+x86_64 4.5 5.00 40.00 45.00 NOTE

Check Details

Version: 4.5
Check: DESCRIPTION meta-information
Result: NOTE
    Malformed Description field: should contain one or more complete sentences.
Flavors: r-devel-linux-x86_64-debian-gcc, r-devel-linux-x86_64-fedora-clang, r-devel-linux-x86_64-fedora-gcc, r-devel-osx-x86_64-clang, r-devel-windows-ix86+x86_64, r-patched-linux-x86_64, r-patched-solaris-sparc, r-patched-solaris-x86, r-release-linux-x86_64, r-release-osx-x86_64-mavericks, r-release-windows-ix86+x86_64, r-oldrel-windows-ix86+x86_64

Version: 4.5
Check: R code for possible problems
Result: NOTE
    hf.bt: no visible global function definition for ‘median’
    Undefined global functions or variables:
     median
    Consider adding
     importFrom("stats", "median")
    to your NAMESPACE file.
Flavors: r-devel-linux-x86_64-debian-gcc, r-devel-linux-x86_64-fedora-clang, r-devel-linux-x86_64-fedora-gcc, r-devel-osx-x86_64-clang, r-devel-windows-ix86+x86_64, r-patched-linux-x86_64, r-patched-solaris-sparc, r-patched-solaris-x86, r-release-linux-x86_64, r-release-osx-x86_64-mavericks, r-release-windows-ix86+x86_64