CRAN Package Check Results for Package haarfisz

Last updated on 2017-02-20 20:47:53.

Flavor Version Tinstall Tcheck Ttotal Status Flags
r-devel-linux-x86_64-debian-clang 4.5 0.70 12.03 12.73 NOTE
r-devel-linux-x86_64-debian-gcc 4.5 0.74 11.99 12.74 NOTE
r-devel-linux-x86_64-fedora-clang 4.5 20.32 NOTE --no-stop-on-test-error
r-devel-linux-x86_64-fedora-gcc 4.5 20.00 NOTE --no-stop-on-test-error
r-devel-macos-x86_64-clang 4.5 18.60 NOTE --no-stop-on-test-error
r-devel-windows-ix86+x86_64 4.5 4.00 36.00 40.00 NOTE
r-patched-linux-x86_64 4.5 2.66 9.96 12.62 NOTE
r-patched-solaris-sparc 4.5 116.00 NOTE
r-patched-solaris-x86 4.5 26.40 NOTE
r-release-linux-x86_64 4.5 0.66 9.98 10.64 NOTE
r-release-osx-x86_64-mavericks 4.5 NOTE
r-release-windows-ix86+x86_64 4.5 2.00 26.00 28.00 NOTE
r-oldrel-windows-ix86+x86_64 4.5 3.00 38.00 41.00 NOTE

Check Details

Version: 4.5
Check: DESCRIPTION meta-information
Result: NOTE
    Malformed Description field: should contain one or more complete sentences.
Flavors: r-devel-linux-x86_64-debian-clang, r-devel-linux-x86_64-debian-gcc, r-devel-windows-ix86+x86_64, r-patched-linux-x86_64, r-patched-solaris-sparc, r-patched-solaris-x86, r-release-linux-x86_64, r-release-osx-x86_64-mavericks, r-release-windows-ix86+x86_64, r-oldrel-windows-ix86+x86_64

Version: 4.5
Check: R code for possible problems
Result: NOTE
    hf.bt: no visible global function definition for ‘median’
    Undefined global functions or variables:
     median
    Consider adding
     importFrom("stats", "median")
    to your NAMESPACE file.
Flavors: r-devel-linux-x86_64-debian-clang, r-devel-linux-x86_64-debian-gcc, r-devel-windows-ix86+x86_64, r-patched-linux-x86_64, r-patched-solaris-sparc, r-patched-solaris-x86, r-release-linux-x86_64, r-release-osx-x86_64-mavericks, r-release-windows-ix86+x86_64

Version: 4.5
Flags: --no-stop-on-test-error
Check: DESCRIPTION meta-information
Result: NOTE
    Malformed Description field: should contain one or more complete sentences.
Flavors: r-devel-linux-x86_64-fedora-clang, r-devel-linux-x86_64-fedora-gcc, r-devel-macos-x86_64-clang

Version: 4.5
Flags: --no-stop-on-test-error
Check: R code for possible problems
Result: NOTE
    hf.bt: no visible global function definition for ‘median’
    Undefined global functions or variables:
     median
    Consider adding
     importFrom("stats", "median")
    to your NAMESPACE file.
Flavors: r-devel-linux-x86_64-fedora-clang, r-devel-linux-x86_64-fedora-gcc, r-devel-macos-x86_64-clang