CRAN Package Check Results for Package haarfisz

Last updated on 2014-04-24 21:47:42.

Flavor Version Tinstall Tcheck Ttotal Status Flags
r-devel-linux-x86_64-debian-clang 4.5 0.76 11.36 12.12 OK
r-devel-linux-x86_64-debian-gcc 4.5 0.72 11.33 12.04 OK
r-devel-linux-x86_64-fedora-clang 4.5 23.52 OK
r-devel-linux-x86_64-fedora-gcc 4.5 21.42 OK
r-devel-osx-x86_64-clang 4.5 24.75 OK
r-devel-osx-x86_64-gcc 4.5 OK
r-devel-windows-ix86+x86_64 4.5 2.00 19.00 21.00 OK
r-patched-linux-x86_64 4.5 0.77 11.22 11.99 OK
r-patched-solaris-sparc 4.5 150.90 OK
r-patched-solaris-x86 4.5 35.10 OK
r-release-linux-ix86 4.5 1.00 27.00 28.00 OK
r-release-linux-x86_64 4.5 0.72 11.48 12.20 OK
r-release-osx-x86_64-mavericks 4.5 WARN
r-release-osx-x86_64-snowleopard 4.5 OK
r-release-windows-ix86+x86_64 4.5 3.00 18.00 21.00 OK
r-oldrel-windows-ix86+x86_64 4.5 3.00 20.00 23.00 OK

Check Details

Version: 4.5
Check: PDF version of manual
Result: WARNING
    LaTeX errors when creating PDF version.
    This typically indicates Rd problems.
    LaTeX errors found:
    ! LaTeX Error: File `upquote.sty' not found.
    
    Type X to quit or <RETURN> to proceed,
    or enter new name. (Default extension: sty)
    
    70f8861/Rd2.tex:8: ==> Fatal error occurred, no output PDF file produced!
Flavor: r-release-osx-x86_64-mavericks