CRAN Package Check Results for Package haarfisz

Last updated on 2016-05-31 06:47:25.

Flavor Version Tinstall Tcheck Ttotal Status Flags
r-devel-linux-x86_64-debian-gcc 4.5 0.60 10.08 10.68 NOTE
r-devel-linux-x86_64-fedora-clang 4.5 18.60 NOTE
r-devel-linux-x86_64-fedora-gcc 4.5 16.18 NOTE
r-devel-osx-x86_64-clang 4.5 20.37 NOTE
r-devel-windows-ix86+x86_64 4.5 2.00 26.00 28.00 NOTE
r-patched-linux-x86_64 4.5 0.62 9.68 10.29 NOTE
r-patched-solaris-sparc 4.5 113.40 NOTE
r-patched-solaris-x86 4.5 27.00 NOTE
r-release-linux-x86_64 4.5 0.63 9.66 10.29 NOTE
r-release-osx-x86_64-mavericks 4.5 NOTE
r-release-windows-ix86+x86_64 4.5 5.00 27.00 32.00 NOTE
r-oldrel-windows-ix86+x86_64 4.5 3.00 40.00 43.00 NOTE

Check Details

Version: 4.5
Check: DESCRIPTION meta-information
Result: NOTE
    Malformed Description field: should contain one or more complete sentences.
Flavors: r-devel-linux-x86_64-debian-gcc, r-devel-linux-x86_64-fedora-clang, r-devel-linux-x86_64-fedora-gcc, r-devel-osx-x86_64-clang, r-devel-windows-ix86+x86_64, r-patched-linux-x86_64, r-patched-solaris-sparc, r-patched-solaris-x86, r-release-linux-x86_64, r-release-osx-x86_64-mavericks, r-release-windows-ix86+x86_64, r-oldrel-windows-ix86+x86_64

Version: 4.5
Check: R code for possible problems
Result: NOTE
    hf.bt: no visible global function definition for ‘median’
    Undefined global functions or variables:
     median
    Consider adding
     importFrom("stats", "median")
    to your NAMESPACE file.
Flavors: r-devel-linux-x86_64-debian-gcc, r-devel-linux-x86_64-fedora-clang, r-devel-linux-x86_64-fedora-gcc, r-devel-osx-x86_64-clang, r-devel-windows-ix86+x86_64, r-patched-linux-x86_64, r-patched-solaris-sparc, r-patched-solaris-x86, r-release-linux-x86_64, r-release-osx-x86_64-mavericks, r-release-windows-ix86+x86_64