CRAN Package Check Results for Package haarfisz

Last updated on 2015-07-05 03:47:27.

Flavor Version Tinstall Tcheck Ttotal Status Flags
r-devel-linux-x86_64-debian-clang 4.5 0.60 9.37 9.97 NOTE
r-devel-linux-x86_64-debian-gcc 4.5 0.58 9.35 9.93 NOTE
r-devel-linux-x86_64-fedora-clang 4.5 18.75 NOTE
r-devel-linux-x86_64-fedora-gcc 4.5 18.05 NOTE
r-devel-osx-x86_64-clang 4.5 20.02 NOTE
r-devel-windows-ix86+x86_64 4.5 3.00 27.00 30.00 NOTE
r-patched-linux-x86_64 4.5 0.61 9.73 10.34 NOTE
r-patched-solaris-sparc 4.5 123.20 NOTE
r-patched-solaris-x86 4.5 30.10 NOTE
r-release-linux-x86_64 4.5 0.62 9.90 10.52 NOTE
r-release-osx-x86_64-mavericks 4.5 NOTE
r-release-windows-ix86+x86_64 4.5 4.00 20.00 24.00 NOTE
r-oldrel-windows-ix86+x86_64 4.5 6.00 30.00 36.00 OK

Check Details

Version: 4.5
Check: DESCRIPTION meta-information
Result: NOTE
    Malformed Description field: should contain one or more complete sentences.
Flavors: r-devel-linux-x86_64-debian-clang, r-devel-linux-x86_64-debian-gcc, r-devel-linux-x86_64-fedora-clang, r-devel-linux-x86_64-fedora-gcc, r-devel-osx-x86_64-clang, r-devel-windows-ix86+x86_64, r-patched-linux-x86_64, r-patched-solaris-sparc, r-patched-solaris-x86, r-release-linux-x86_64, r-release-osx-x86_64-mavericks, r-release-windows-ix86+x86_64

Version: 4.5
Check: R code for possible problems
Result: NOTE
    hf.bt: no visible global function definition for ‘median’
    Undefined global functions or variables:
     median
Flavors: r-devel-linux-x86_64-debian-clang, r-devel-linux-x86_64-debian-gcc, r-devel-linux-x86_64-fedora-clang, r-devel-linux-x86_64-fedora-gcc, r-devel-windows-ix86+x86_64