CRAN Package Check Results for Package haarfisz

Last updated on 2017-12-11 19:48:15 CET.

Flavor Version Tinstall Tcheck Ttotal Status Flags
r-devel-linux-x86_64-debian-clang 4.5 0.69 14.77 15.46 NOTE
r-devel-linux-x86_64-debian-gcc 4.5 0.66 13.72 14.38 NOTE
r-devel-linux-x86_64-fedora-clang 4.5 20.23 NOTE
r-devel-linux-x86_64-fedora-gcc 4.5 18.99 NOTE
r-devel-windows-ix86+x86_64 4.5 5.00 31.00 36.00 NOTE
r-patched-linux-x86_64 4.5 0.75 16.64 17.39 NOTE
r-patched-solaris-x86 4.5 30.20 NOTE
r-release-linux-x86_64 4.5 0.87 17.16 18.03 NOTE
r-release-windows-ix86+x86_64 4.5 4.00 35.00 39.00 NOTE
r-release-osx-x86_64 4.5 NOTE
r-oldrel-windows-ix86+x86_64 4.5 5.00 38.00 43.00 NOTE
r-oldrel-osx-x86_64 4.5 NOTE

Check Details

Version: 4.5
Check: DESCRIPTION meta-information
Result: NOTE
    Malformed Description field: should contain one or more complete sentences.
Flavors: r-devel-linux-x86_64-debian-clang, r-devel-linux-x86_64-debian-gcc, r-devel-linux-x86_64-fedora-clang, r-devel-linux-x86_64-fedora-gcc, r-devel-windows-ix86+x86_64, r-patched-linux-x86_64, r-patched-solaris-x86, r-release-linux-x86_64, r-release-windows-ix86+x86_64, r-release-osx-x86_64, r-oldrel-windows-ix86+x86_64, r-oldrel-osx-x86_64

Version: 4.5
Check: R code for possible problems
Result: NOTE
    hf.bt: no visible global function definition for ‘median’
    Undefined global functions or variables:
     median
    Consider adding
     importFrom("stats", "median")
    to your NAMESPACE file.
Flavors: r-devel-linux-x86_64-debian-clang, r-devel-linux-x86_64-debian-gcc, r-devel-linux-x86_64-fedora-clang, r-devel-linux-x86_64-fedora-gcc, r-devel-windows-ix86+x86_64, r-patched-linux-x86_64, r-patched-solaris-x86, r-release-linux-x86_64, r-release-windows-ix86+x86_64, r-release-osx-x86_64, r-oldrel-windows-ix86+x86_64, r-oldrel-osx-x86_64