CRAN Package Check Results for Package haarfisz

Last updated on 2015-05-06 11:48:35.

Flavor Version Tinstall Tcheck Ttotal Status Flags
r-devel-linux-x86_64-debian-clang 4.5 0.70 10.27 10.97 NOTE
r-devel-linux-x86_64-debian-gcc 4.5 0.61 9.76 10.36 NOTE
r-devel-linux-x86_64-fedora-clang 4.5 20.26 NOTE
r-devel-linux-x86_64-fedora-gcc 4.5 18.72 NOTE
r-devel-osx-x86_64-clang 4.5 23.70 NOTE
r-devel-windows-ix86+x86_64 4.5 2.00 18.00 20.00 NOTE
r-patched-linux-x86_64 4.5 0.61 10.07 10.68 NOTE
r-patched-solaris-sparc 4.5 123.90 NOTE
r-patched-solaris-x86 4.5 31.10 NOTE
r-release-linux-x86_64 4.5 0.62 9.94 10.55 NOTE
r-release-osx-x86_64-mavericks 4.5 NOTE
r-release-osx-x86_64-snowleopard 4.5 NOTE
r-release-windows-ix86+x86_64 4.5 3.00 16.00 19.00 NOTE
r-oldrel-windows-ix86+x86_64 4.5 4.00 28.00 32.00 OK

Check Details

Version: 4.5
Check: DESCRIPTION meta-information
Result: NOTE
    Malformed Description field: should contain one or more complete sentences.
Flavors: r-devel-linux-x86_64-debian-clang, r-devel-linux-x86_64-debian-gcc, r-devel-linux-x86_64-fedora-clang, r-devel-linux-x86_64-fedora-gcc, r-devel-osx-x86_64-clang, r-devel-windows-ix86+x86_64, r-patched-linux-x86_64, r-patched-solaris-sparc, r-patched-solaris-x86, r-release-linux-x86_64, r-release-osx-x86_64-mavericks, r-release-osx-x86_64-snowleopard, r-release-windows-ix86+x86_64