CRAN Package Check Results for Package haarfisz

Last updated on 2018-04-26 06:47:19 CEST.

Flavor Version Tinstall Tcheck Ttotal Status Flags
r-devel-linux-x86_64-debian-clang 4.5 0.86 17.10 17.96 NOTE
r-devel-linux-x86_64-debian-gcc 4.5 0.87 14.78 15.65 NOTE
r-devel-linux-x86_64-fedora-clang 4.5 23.32 NOTE
r-devel-linux-x86_64-fedora-gcc 4.5 21.80 NOTE
r-devel-windows-ix86+x86_64 4.5 4.00 33.00 37.00 NOTE
r-patched-linux-x86_64 4.5 1.12 18.42 19.54 NOTE
r-patched-solaris-x86 4.5 36.20 NOTE
r-release-linux-x86_64 4.5 1.12 18.32 19.44 NOTE
r-release-windows-ix86+x86_64 4.5 4.00 33.00 37.00 NOTE
r-release-osx-x86_64 4.5 NOTE
r-oldrel-windows-ix86+x86_64 4.5 4.00 38.00 42.00 NOTE
r-oldrel-osx-x86_64 4.5 NOTE

Check Details

Version: 4.5
Check: DESCRIPTION meta-information
Result: NOTE
    Malformed Description field: should contain one or more complete sentences.
Flavors: r-devel-linux-x86_64-debian-clang, r-devel-linux-x86_64-debian-gcc, r-devel-linux-x86_64-fedora-clang, r-devel-linux-x86_64-fedora-gcc, r-devel-windows-ix86+x86_64, r-patched-linux-x86_64, r-patched-solaris-x86, r-release-linux-x86_64, r-release-windows-ix86+x86_64, r-release-osx-x86_64, r-oldrel-windows-ix86+x86_64, r-oldrel-osx-x86_64

Version: 4.5
Check: R code for possible problems
Result: NOTE
    hf.bt: no visible global function definition for ‘median’
    Undefined global functions or variables:
     median
    Consider adding
     importFrom("stats", "median")
    to your NAMESPACE file.
Flavors: r-devel-linux-x86_64-debian-clang, r-devel-linux-x86_64-debian-gcc, r-devel-linux-x86_64-fedora-clang, r-devel-linux-x86_64-fedora-gcc, r-devel-windows-ix86+x86_64, r-patched-linux-x86_64, r-patched-solaris-x86, r-release-linux-x86_64, r-release-windows-ix86+x86_64, r-release-osx-x86_64, r-oldrel-windows-ix86+x86_64, r-oldrel-osx-x86_64