CRAN Package Check Results for Package haarfisz

Last updated on 2015-03-30 03:49:13.

Flavor Version Tinstall Tcheck Ttotal Status Flags
r-devel-linux-x86_64-debian-clang 4.5 0.62 10.28 10.90 NOTE
r-devel-linux-x86_64-debian-gcc 4.5 0.61 9.70 10.32 NOTE
r-devel-linux-x86_64-fedora-clang 4.5 20.21 NOTE
r-devel-linux-x86_64-fedora-gcc 4.5 19.11 NOTE
r-devel-osx-x86_64-clang 4.5 27.39 NOTE
r-prerel-windows-ix86+x86_64 4.5 2.00 18.00 20.00 NOTE
r-prerel-linux-x86_64 4.5 0.61 10.12 10.73 NOTE
r-prerel-solaris-sparc 4.5 123.90 NOTE
r-prerel-solaris-x86 4.5 29.00 NOTE
r-release-linux-x86_64 4.5 0.70 11.55 12.25 OK
r-release-osx-x86_64-mavericks 4.5 OK
r-release-osx-x86_64-snowleopard 4.5 OK
r-release-windows-ix86+x86_64 4.5 4.00 21.00 25.00 OK
r-oldrel-windows-ix86+x86_64 4.5 3.00 20.00 23.00 OK

Check Details

Version: 4.5
Check: DESCRIPTION meta-information
Result: NOTE
    Malformed Description field: should contain one or more complete sentences.
Flavors: r-devel-linux-x86_64-debian-clang, r-devel-linux-x86_64-debian-gcc, r-devel-linux-x86_64-fedora-clang, r-devel-linux-x86_64-fedora-gcc, r-devel-osx-x86_64-clang, r-prerel-windows-ix86+x86_64, r-prerel-linux-x86_64, r-prerel-solaris-sparc, r-prerel-solaris-x86