CRAN Package Check Results for Package hadron

Last updated on 2020-09-26 22:46:39 CEST.

Flavor Version Tinstall Tcheck Ttotal Status Flags
r-devel-linux-x86_64-debian-clang 3.1.2 44.52 189.29 233.81 OK
r-devel-linux-x86_64-debian-gcc 3.1.2 34.50 137.02 171.52 OK
r-devel-linux-x86_64-fedora-clang 3.1.2 287.65 OK
r-devel-linux-x86_64-fedora-gcc 3.1.2 282.52 OK
r-devel-windows-ix86+x86_64 3.1.2 93.00 271.00 364.00 NOTE
r-patched-linux-x86_64 3.1.2 40.01 176.38 216.39 OK
r-patched-solaris-x86 3.1.2 291.90 NOTE
r-release-linux-x86_64 3.1.2 41.68 178.96 220.64 OK
r-release-macos-x86_64 3.1.2 NOTE
r-release-windows-ix86+x86_64 3.1.2 91.00 275.00 366.00 NOTE
r-oldrel-macos-x86_64 3.1.2 WARN
r-oldrel-windows-ix86+x86_64 3.1.2 85.00 261.00 346.00 WARN

Check Details

Version: 3.1.2
Check: installed package size
Result: NOTE
     installed size is 5.9Mb
     sub-directories of 1Mb or more:
     data 1.3Mb
     libs 2.4Mb
Flavors: r-devel-windows-ix86+x86_64, r-release-macos-x86_64, r-release-windows-ix86+x86_64, r-oldrel-macos-x86_64, r-oldrel-windows-ix86+x86_64

Version: 3.1.2
Check: package dependencies
Result: NOTE
    Package suggested but not available for checking: ‘staplr’
Flavor: r-patched-solaris-x86

Version: 3.1.2
Check: dependencies in R code
Result: NOTE
    No protocol specified
    No protocol specified
Flavor: r-oldrel-macos-x86_64

Version: 3.1.2
Check: Rd cross-references
Result: WARN
    Missing link or links in documentation object 'plotwitherror.Rd':
     ‘[base]{plot}’
    
    See section 'Cross-references' in the 'Writing R Extensions' manual.
Flavors: r-oldrel-macos-x86_64, r-oldrel-windows-ix86+x86_64