CRAN Package Check Results for Package haplo.stats

Last updated on 2018-02-23 22:47:58 CET.

Flavor Version Tinstall Tcheck Ttotal Status Flags
r-devel-linux-x86_64-debian-clang 1.7.7 15.18 186.41 201.59 NOTE
r-devel-linux-x86_64-debian-gcc 1.7.7 11.66 157.34 169.00 NOTE
r-devel-linux-x86_64-fedora-clang 1.7.7 249.76 NOTE
r-devel-linux-x86_64-fedora-gcc 1.7.7 251.14 NOTE
r-devel-windows-ix86+x86_64 1.7.7 41.00 423.00 464.00 OK
r-patched-linux-x86_64 1.7.7 10.16 195.02 205.18 NOTE
r-patched-solaris-x86 1.7.7 497.00 OK
r-release-linux-x86_64 1.7.7 9.68 195.91 205.59 NOTE
r-release-windows-ix86+x86_64 1.7.7 36.00 415.00 451.00 OK
r-release-osx-x86_64 1.7.7 OK
r-oldrel-windows-ix86+x86_64 1.7.7 24.00 381.00 405.00 OK
r-oldrel-osx-x86_64 1.7.7 OK

Check Details

Version: 1.7.7
Check: compiled code
Result: NOTE
    File ‘haplo.stats/libs/haplo.stats.so’:
     Found no calls to: ‘R_registerRoutines’, ‘R_useDynamicSymbols’
    
    It is good practice to register native routines and to disable symbol
    search.
    
    See ‘Writing portable packages’ in the ‘Writing R Extensions’ manual.
Flavors: r-devel-linux-x86_64-debian-clang, r-devel-linux-x86_64-debian-gcc, r-devel-linux-x86_64-fedora-clang, r-devel-linux-x86_64-fedora-gcc, r-patched-linux-x86_64, r-release-linux-x86_64