CRAN Package Check Results for Package haplo.stats

Last updated on 2018-06-25 19:54:52 CEST.

Flavor Version Tinstall Tcheck Ttotal Status Flags
r-devel-linux-x86_64-debian-clang 1.7.9 12.29 180.69 192.98 OK
r-devel-linux-x86_64-debian-gcc 1.7.9 0.43 1.64 2.07 ERROR
r-devel-linux-x86_64-fedora-clang 1.7.9 274.28 OK
r-devel-linux-x86_64-fedora-gcc 1.7.9 256.56 OK
r-devel-windows-ix86+x86_64 1.7.9 31.00 342.00 373.00 OK
r-patched-linux-x86_64 1.7.9 13.15 186.65 199.80 OK
r-patched-solaris-x86 1.7.9 533.70 OK
r-release-linux-x86_64 1.7.9 12.92 184.35 197.27 OK
r-release-windows-ix86+x86_64 1.7.9 43.00 325.00 368.00 OK
r-release-osx-x86_64 1.7.9 OK
r-oldrel-windows-ix86+x86_64 1.7.9 23.00 300.00 323.00 OK
r-oldrel-osx-x86_64 1.7.9 OK

Check Details

Version: 1.7.9
Check: package dependencies
Result: ERROR
    Package required but not available: ‘rms’
    
    See section ‘The DESCRIPTION file’ in the ‘Writing R Extensions’
    manual.
Flavor: r-devel-linux-x86_64-debian-gcc