CRAN Package Check Results for Package haplo.stats

Last updated on 2017-09-21 11:48:18.

Flavor Version Tinstall Tcheck Ttotal Status Flags
r-devel-linux-x86_64-debian-clang 1.7.7 6.53 130.17 136.70 NOTE
r-devel-linux-x86_64-debian-gcc 1.7.7 6.70 127.87 134.57 NOTE
r-devel-linux-x86_64-fedora-clang 1.7.7 282.89 NOTE
r-devel-linux-x86_64-fedora-gcc 1.7.7 268.16 NOTE
r-devel-windows-ix86+x86_64 1.7.7 21.00 318.00 339.00 OK
r-patched-linux-x86_64 1.7.7 6.65 132.79 139.44 NOTE
r-patched-solaris-x86 1.7.7 548.70 OK
r-release-linux-x86_64 1.7.7 6.59 132.27 138.86 NOTE
r-release-windows-ix86+x86_64 1.7.7 23.00 310.00 333.00 OK
r-release-osx-x86_64 1.7.7 OK
r-oldrel-windows-ix86+x86_64 1.7.7 23.00 293.00 316.00 OK
r-oldrel-osx-x86_64 1.7.7 OK

Check Details

Version: 1.7.7
Check: compiled code
Result: NOTE
    File ‘haplo.stats/libs/haplo.stats.so’:
     Found no calls to: ‘R_registerRoutines’, ‘R_useDynamicSymbols’
    
    It is good practice to register native routines and to disable symbol
    search.
    
    See ‘Writing portable packages’ in the ‘Writing R Extensions’ manual.
Flavors: r-devel-linux-x86_64-debian-clang, r-devel-linux-x86_64-debian-gcc, r-devel-linux-x86_64-fedora-clang, r-devel-linux-x86_64-fedora-gcc, r-patched-linux-x86_64, r-release-linux-x86_64