CRAN Package Check Results for Package haplo.stats

Last updated on 2017-11-24 22:51:11 CET.

Flavor Version Tinstall Tcheck Ttotal Status Flags
r-devel-linux-x86_64-debian-clang 1.7.7 7.57 251.88 259.46 NOTE
r-devel-linux-x86_64-debian-gcc 1.7.7 8.45 222.36 230.81 NOTE
r-devel-linux-x86_64-fedora-clang 1.7.7 248.05 NOTE
r-devel-linux-x86_64-fedora-gcc 1.7.7 247.77 NOTE
r-devel-windows-ix86+x86_64 1.7.7 22.00 402.00 424.00 OK
r-patched-linux-x86_64 1.7.7 8.45 273.80 282.25 NOTE
r-patched-solaris-x86 1.7.7 542.80 OK
r-release-linux-x86_64 1.7.7 8.68 266.28 274.96 NOTE
r-release-windows-ix86+x86_64 1.7.7 23.00 297.00 320.00 OK
r-release-osx-x86_64 1.7.7 OK
r-oldrel-windows-ix86+x86_64 1.7.7 24.00 423.00 447.00 OK
r-oldrel-osx-x86_64 1.7.7 OK

Check Details

Version: 1.7.7
Check: compiled code
Result: NOTE
    File ‘haplo.stats/libs/haplo.stats.so’:
     Found no calls to: ‘R_registerRoutines’, ‘R_useDynamicSymbols’
    
    It is good practice to register native routines and to disable symbol
    search.
    
    See ‘Writing portable packages’ in the ‘Writing R Extensions’ manual.
Flavors: r-devel-linux-x86_64-debian-clang, r-devel-linux-x86_64-debian-gcc, r-devel-linux-x86_64-fedora-clang, r-devel-linux-x86_64-fedora-gcc, r-patched-linux-x86_64, r-release-linux-x86_64