CRAN Package Check Results for Package harbinger

Last updated on 2024-04-22 10:56:26 CEST.

Flavor Version Tinstall Tcheck Ttotal Status Flags
r-devel-linux-x86_64-debian-clang 1.0.767 25.99 207.98 233.97 OK
r-devel-linux-x86_64-debian-gcc 1.0.767 18.97 150.62 169.59 OK
r-devel-linux-x86_64-fedora-clang 1.0.767 288.49 OK
r-devel-linux-x86_64-fedora-gcc 1.0.767 277.18 OK
r-prerel-macos-arm64 1.0.767 76.00 OK
r-prerel-macos-x86_64 1.0.767 163.00 OK
r-prerel-windows-x86_64 1.0.767 22.00 165.00 187.00 OK
r-patched-linux-x86_64 1.0.767 15.78 193.37 209.15 OK
r-release-linux-x86_64 1.0.767 16.18 198.12 214.30 OK
r-release-macos-arm64 1.0.767 97.00 OK
r-release-macos-x86_64 1.0.767 221.00 OK
r-release-windows-x86_64 1.0.767 28.00 209.00 237.00 OK
r-oldrel-macos-arm64 1.0.767 78.00 WARN
r-oldrel-windows-x86_64 1.0.767 28.00 208.00 236.00 WARN

Check Details

Version: 1.0.767
Check: S3 generic/method consistency
Result: WARN Warning: declared S3 method 'transform.trans_sax' not found Warning: declared S3 method 'transform.trans_xsax' not found See section ‘Generic functions and methods’ in the ‘Writing R Extensions’ manual. Flavors: r-oldrel-macos-arm64, r-oldrel-windows-x86_64