CRAN Package Check Results for Package harvestr

Last updated on 2017-02-20 13:50:52.

Flavor Version Tinstall Tcheck Ttotal Status Flags
r-devel-linux-x86_64-debian-clang 0.7.1 1.19 47.72 48.91 ERROR
r-devel-linux-x86_64-debian-gcc 0.7.1 0.98 46.63 47.61 OK
r-devel-linux-x86_64-fedora-clang 0.7.1 91.26 ERROR --no-stop-on-test-error
r-devel-linux-x86_64-fedora-gcc 0.7.1 86.57 OK --no-stop-on-test-error
r-devel-macos-x86_64-clang 0.7.1 86.71 OK --no-stop-on-test-error
r-devel-windows-ix86+x86_64 0.7.1 8.00 107.00 115.00 OK
r-patched-linux-x86_64 0.7.1 1.12 41.10 42.22 OK
r-patched-solaris-sparc 0.7.1 566.20 OK
r-patched-solaris-x86 0.7.1 144.20 OK
r-release-linux-x86_64 0.7.1 1.08 41.09 42.17 OK
r-release-osx-x86_64-mavericks 0.7.1 OK
r-release-windows-ix86+x86_64 0.7.1 3.00 71.00 74.00 OK
r-oldrel-windows-ix86+x86_64 0.7.1 4.00 82.00 86.00 OK

Check Details

Version: 0.7.1
Check: tests
Result: ERROR
     Running ‘testthat.R’ [15s/15s]
    Running the tests in ‘tests/testthat.R’ failed.
    Last 13 lines of output:
     Loading required package: coda
     Loading required package: MASS
     ##
     ## Markov Chain Monte Carlo Package (MCMCpack)
     ## Copyright (C) 2003-2017 Andrew D. Martin, Kevin M. Quinn, and Jong Hee Park
     ##
     ## Support provided by the U.S. National Science Foundation
     ## (Grants SES-0350646 and SES-0350613)
     ##
     testthat results ================================================================
     OK: 104 SKIPPED: 0 FAILED: 1
     1. Failure: caching in reap with long sample (@test-caching.R#76)
    
     Error: testthat unit tests failed
     Execution halted
Flavor: r-devel-linux-x86_64-debian-clang

Version: 0.7.1
Flags: --no-stop-on-test-error
Check: tests
Result: ERROR
     Running ‘testthat.R’ [29s/34s]
    Running the tests in ‘tests/testthat.R’ failed.
    Complete output:
     > library(testthat)
     > library(harvestr)
     > foreach::registerDoSEQ()
     > test_check("harvestr")
     1. Failure: caching in reap with long sample (@test-caching.R#76) --------------
     all(t2[1] <= t1[1]) isn't true.
    
    
     Loading required package: coda
     Loading required package: MASS
     ##
     ## Markov Chain Monte Carlo Package (MCMCpack)
     ## Copyright (C) 2003-2017 Andrew D. Martin, Kevin M. Quinn, and Jong Hee Park
     ##
     ## Support provided by the U.S. National Science Foundation
     ## (Grants SES-0350646 and SES-0350613)
     ##
     testthat results ================================================================
     OK: 104 SKIPPED: 0 FAILED: 1
     1. Failure: caching in reap with long sample (@test-caching.R#76)
    
     Error: testthat unit tests failed
     Execution halted
Flavor: r-devel-linux-x86_64-fedora-clang