CRAN Package Check Results for Package harvestr

Last updated on 2016-12-09 23:49:36.

Flavor Version Tinstall Tcheck Ttotal Status Flags
r-devel-linux-x86_64-debian-clang 0.7.1 1.03 48.87 49.90 OK
r-devel-linux-x86_64-debian-gcc 0.7.1 1.03 46.03 47.06 OK
r-devel-linux-x86_64-fedora-clang 0.7.1 96.62 OK --no-stop-on-test-error
r-devel-linux-x86_64-fedora-gcc 0.7.1 92.35 OK --no-stop-on-test-error
r-devel-macos-x86_64-clang 0.7.1 85.27 OK --no-stop-on-test-error
r-devel-windows-ix86+x86_64 0.7.1 4.00 82.00 86.00 ERROR
r-patched-linux-x86_64 0.7.1 1.08 42.52 43.60 OK
r-patched-solaris-sparc 0.7.1 563.50 OK
r-patched-solaris-x86 0.7.1 144.50 OK
r-release-linux-x86_64 0.7.1 1.12 41.09 42.21 OK
r-release-osx-x86_64-mavericks 0.7.1 OK
r-release-windows-ix86+x86_64 0.7.1 4.00 76.00 80.00 OK
r-oldrel-windows-ix86+x86_64 0.7.1 5.00 96.00 101.00 OK

Check Details

Version: 0.7.1
Check: tests
Result: ERROR
     Running 'testthat.R' [21s]
    Running the tests in 'tests/testthat.R' failed.
    Last 13 lines of output:
     Loading required package: coda
     Loading required package: MASS
     ##
     ## Markov Chain Monte Carlo Package (MCMCpack)
     ## Copyright (C) 2003-2016 Andrew D. Martin, Kevin M. Quinn, and Jong Hee Park
     ##
     ## Support provided by the U.S. National Science Foundation
     ## (Grants SES-0350646 and SES-0350613)
     ##
     testthat results ================================================================
     OK: 104 SKIPPED: 0 FAILED: 1
     1. Failure: caching in reap with long sample (@test-caching.R#76)
    
     Error: testthat unit tests failed
     Execution halted
Flavor: r-devel-windows-ix86+x86_64