CRAN Package Check Results for Package harvestr

Last updated on 2017-04-24 10:47:21.

Flavor Version Tinstall Tcheck Ttotal Status Flags
r-devel-linux-x86_64-debian-clang 0.7.1 1.03 48.17 49.20 OK
r-devel-linux-x86_64-debian-gcc 0.7.1 1.02 46.24 47.26 OK
r-devel-linux-x86_64-fedora-clang 0.7.1 91.60 OK --no-stop-on-test-error
r-devel-linux-x86_64-fedora-gcc 0.7.1 62.51 OK --no-stop-on-test-error
r-devel-windows-ix86+x86_64 0.7.1 7.00 125.00 132.00 OK
r-patched-linux-x86_64 0.7.1 1.04 46.16 47.21 OK
r-patched-solaris-sparc 0.7.1 610.70 OK
r-patched-solaris-x86 0.7.1 160.80 OK
r-release-linux-x86_64 0.7.1 1.14 46.29 47.44 ERROR
r-release-windows-ix86+x86_64 0.7.1 4.00 91.00 95.00 OK
r-release-osx-x86_64 0.7.1 OK
r-oldrel-windows-ix86+x86_64 0.7.1 4.00 87.00 91.00 OK
r-oldrel-osx-x86_64 0.7.1 OK

Check Details

Version: 0.7.1
Check: tests
Result: ERROR
     Running ‘testthat.R’ [14s/14s]
    Running the tests in ‘tests/testthat.R’ failed.
    Last 13 lines of output:
     Loading required package: coda
     Loading required package: MASS
     ##
     ## Markov Chain Monte Carlo Package (MCMCpack)
     ## Copyright (C) 2003-2017 Andrew D. Martin, Kevin M. Quinn, and Jong Hee Park
     ##
     ## Support provided by the U.S. National Science Foundation
     ## (Grants SES-0350646 and SES-0350613)
     ##
     testthat results ================================================================
     OK: 104 SKIPPED: 0 FAILED: 1
     1. Failure: caching in reap with long sample (@test-caching.R#76)
    
     Error: testthat unit tests failed
     Execution halted
Flavor: r-release-linux-x86_64