CRAN Package Check Results for Package harvestr

Last updated on 2017-12-13 07:48:26 CET.

Flavor Version Tinstall Tcheck Ttotal Status Flags
r-devel-linux-x86_64-debian-clang 0.7.1 1.35 50.54 51.89 OK --no-tests
r-devel-linux-x86_64-debian-gcc 0.7.1 0.97 40.60 41.57 OK --no-tests
r-devel-linux-x86_64-fedora-clang 0.7.1 86.29 OK
r-devel-linux-x86_64-fedora-gcc 0.7.1 85.33 OK
r-devel-windows-ix86+x86_64 0.7.1 6.00 111.00 117.00 ERROR
r-patched-linux-x86_64 0.7.1 1.47 51.70 53.17 OK --no-tests
r-patched-solaris-x86 0.7.1 162.80 OK
r-release-linux-x86_64 0.7.1 1.13 51.93 53.06 OK --no-tests
r-release-windows-ix86+x86_64 0.7.1 4.00 90.00 94.00 OK
r-release-osx-x86_64 0.7.1 OK
r-oldrel-windows-ix86+x86_64 0.7.1 4.00 106.00 110.00 OK
r-oldrel-osx-x86_64 0.7.1 OK

Check Details

Version: 0.7.1
Check: tests
Result: ERROR
     Running 'testthat.R' [28s]
    Running the tests in 'tests/testthat.R' failed.
    Last 13 lines of output:
     Loading required package: coda
     Loading required package: MASS
     ##
     ## Markov Chain Monte Carlo Package (MCMCpack)
     ## Copyright (C) 2003-2017 Andrew D. Martin, Kevin M. Quinn, and Jong Hee Park
     ##
     ## Support provided by the U.S. National Science Foundation
     ## (Grants SES-0350646 and SES-0350613)
     ##
     testthat results ================================================================
     OK: 104 SKIPPED: 0 FAILED: 1
     1. Failure: caching in reap with long sample (@test-caching.R#76)
    
     Error: testthat unit tests failed
     Execution halted
Flavor: r-devel-windows-ix86+x86_64