CRAN Package Check Results for Package harvestr

Last updated on 2017-01-20 19:47:01.

Flavor Version Tinstall Tcheck Ttotal Status Flags
r-devel-linux-x86_64-debian-clang 0.7.1 1.00 48.41 49.42 ERROR
r-devel-linux-x86_64-debian-gcc 0.7.1 1.05 46.90 47.95 OK
r-devel-linux-x86_64-fedora-clang 0.7.1 92.01 OK --no-stop-on-test-error
r-devel-linux-x86_64-fedora-gcc 0.7.1 86.94 OK --no-stop-on-test-error
r-devel-macos-x86_64-clang 0.7.1 85.53 OK --no-stop-on-test-error
r-devel-windows-ix86+x86_64 0.7.1 6.00 88.00 94.00 ERROR
r-patched-linux-x86_64 0.7.1 1.20 41.39 42.59 OK
r-patched-solaris-sparc 0.7.1 566.20 OK
r-patched-solaris-x86 0.7.1 142.50 OK
r-release-linux-x86_64 0.7.1 1.02 41.14 42.15 OK
r-release-osx-x86_64-mavericks 0.7.1 OK
r-release-windows-ix86+x86_64 0.7.1 3.00 77.00 80.00 OK
r-oldrel-windows-ix86+x86_64 0.7.1 5.00 106.00 111.00 OK

Check Details

Version: 0.7.1
Check: tests
Result: ERROR
     Running ‘testthat.R’ [16s/16s]
    Running the tests in ‘tests/testthat.R’ failed.
    Last 13 lines of output:
     Loading required package: coda
     Loading required package: MASS
     ##
     ## Markov Chain Monte Carlo Package (MCMCpack)
     ## Copyright (C) 2003-2017 Andrew D. Martin, Kevin M. Quinn, and Jong Hee Park
     ##
     ## Support provided by the U.S. National Science Foundation
     ## (Grants SES-0350646 and SES-0350613)
     ##
     testthat results ================================================================
     OK: 104 SKIPPED: 0 FAILED: 1
     1. Failure: caching in reap with long sample (@test-caching.R#76)
    
     Error: testthat unit tests failed
     Execution halted
Flavor: r-devel-linux-x86_64-debian-clang

Version: 0.7.1
Check: tests
Result: ERROR
     Running 'testthat.R' [23s]
    Running the tests in 'tests/testthat.R' failed.
    Last 13 lines of output:
     Loading required package: coda
     Loading required package: MASS
     ##
     ## Markov Chain Monte Carlo Package (MCMCpack)
     ## Copyright (C) 2003-2017 Andrew D. Martin, Kevin M. Quinn, and Jong Hee Park
     ##
     ## Support provided by the U.S. National Science Foundation
     ## (Grants SES-0350646 and SES-0350613)
     ##
     testthat results ================================================================
     OK: 104 SKIPPED: 0 FAILED: 1
     1. Failure: caching in reap with long sample (@test-caching.R#76)
    
     Error: testthat unit tests failed
     Execution halted
Flavor: r-devel-windows-ix86+x86_64