CRAN Package Check Results for Package harvestr

Last updated on 2017-06-23 01:47:07.

Flavor Version Tinstall Tcheck Ttotal Status Flags
r-devel-linux-x86_64-debian-clang 0.7.1 0.98 49.49 50.47 ERROR
r-devel-linux-x86_64-debian-gcc 0.7.1 1.07 46.10 47.17 ERROR
r-devel-linux-x86_64-fedora-clang 0.7.1 93.53 OK
r-devel-linux-x86_64-fedora-gcc 0.7.1 87.19 OK
r-devel-windows-ix86+x86_64 0.7.1 5.00 91.00 96.00 OK
r-patched-linux-x86_64 0.7.1 1.13 45.58 46.71 ERROR
r-patched-solaris-sparc 0.7.1 610.70 OK
r-patched-solaris-x86 0.7.1 179.00 OK
r-release-linux-x86_64 0.7.1 1.00 45.95 46.95 OK
r-release-windows-ix86+x86_64 0.7.1 6.00 92.00 98.00 OK
r-release-osx-x86_64 0.7.1 OK
r-oldrel-windows-ix86+x86_64 0.7.1 6.00 81.00 87.00 OK
r-oldrel-osx-x86_64 0.7.1 OK

Check Details

Version: 0.7.1
Check: tests
Result: ERROR
     Running ‘testthat.R’ [16s/16s]
    Running the tests in ‘tests/testthat.R’ failed.
    Complete output:
     > library(testthat)
     > library(harvestr)
     > foreach::registerDoSEQ()
     > test_check("harvestr")
     1. Failure: caching in reap with long sample (@test-caching.R#76) --------------
     all(t2[1] <= t1[1]) isn't true.
    
    
     Loading required package: coda
     Loading required package: MASS
     ##
     ## Markov Chain Monte Carlo Package (MCMCpack)
     ## Copyright (C) 2003-2017 Andrew D. Martin, Kevin M. Quinn, and Jong Hee Park
     ##
     ## Support provided by the U.S. National Science Foundation
     ## (Grants SES-0350646 and SES-0350613)
     ##
     testthat results ================================================================
     OK: 104 SKIPPED: 0 FAILED: 1
     1. Failure: caching in reap with long sample (@test-caching.R#76)
    
     Error: testthat unit tests failed
     Execution halted
Flavor: r-devel-linux-x86_64-debian-clang

Version: 0.7.1
Check: tests
Result: ERROR
     Running ‘testthat.R’ [14s/14s]
    Running the tests in ‘tests/testthat.R’ failed.
    Complete output:
     > library(testthat)
     > library(harvestr)
     > foreach::registerDoSEQ()
     > test_check("harvestr")
     1. Failure: caching in reap with long sample (@test-caching.R#76) --------------
     all(t2[1] <= t1[1]) isn't true.
    
    
     Loading required package: coda
     Loading required package: MASS
     ##
     ## Markov Chain Monte Carlo Package (MCMCpack)
     ## Copyright (C) 2003-2017 Andrew D. Martin, Kevin M. Quinn, and Jong Hee Park
     ##
     ## Support provided by the U.S. National Science Foundation
     ## (Grants SES-0350646 and SES-0350613)
     ##
     testthat results ================================================================
     OK: 104 SKIPPED: 0 FAILED: 1
     1. Failure: caching in reap with long sample (@test-caching.R#76)
    
     Error: testthat unit tests failed
     Execution halted
Flavors: r-devel-linux-x86_64-debian-gcc, r-patched-linux-x86_64