CRAN Package Check Results for Package harvestr

Last updated on 2016-07-01 14:47:38.

Flavor Version Tinstall Tcheck Ttotal Status Flags
r-devel-linux-x86_64-debian-gcc 0.6.0 1.06 44.40 45.46 ERROR
r-devel-linux-x86_64-fedora-clang 0.6.0 76.02 ERROR
r-devel-linux-x86_64-fedora-gcc 0.6.0 72.65 ERROR
r-devel-osx-x86_64-clang 0.6.0 72.45 ERROR
r-devel-windows-ix86+x86_64 0.6.0 3.00 75.00 78.00 ERROR
r-patched-linux-x86_64 0.6.0 0.93 45.77 46.70 ERROR
r-patched-solaris-sparc 0.6.0 549.90 ERROR
r-patched-solaris-x86 0.6.0 142.00 ERROR
r-release-linux-x86_64 0.6.0 0.97 42.31 43.28 ERROR
r-release-osx-x86_64-mavericks 0.6.0 ERROR
r-release-windows-ix86+x86_64 0.6.0 5.00 94.00 99.00 ERROR
r-oldrel-windows-ix86+x86_64 0.6.0 4.00 111.00 115.00 ERROR

Check Details

Version: 0.6.0
Check: R code for possible problems
Result: NOTE
    GetOrSetSeed: no visible global function definition for ‘runif’
    Undefined global functions or variables:
     runif
    Consider adding
     importFrom("stats", "runif")
    to your NAMESPACE file.
Flavors: r-devel-linux-x86_64-debian-gcc, r-devel-linux-x86_64-fedora-clang, r-devel-linux-x86_64-fedora-gcc, r-devel-osx-x86_64-clang, r-devel-windows-ix86+x86_64, r-patched-linux-x86_64, r-patched-solaris-sparc, r-patched-solaris-x86, r-release-linux-x86_64, r-release-osx-x86_64-mavericks, r-release-windows-ix86+x86_64

Version: 0.6.0
Check: tests
Result: ERROR
    Running the tests in ‘tests/testthat-package.R’ failed.
    Last 13 lines of output:
     5: stop("'arg' must be NULL or a character vector")
    
     4. Error: harvest times results (@test-timing.R#74) ----------------------------
     'arg' must be NULL or a character vector
     1: expect_that(harvest(x, mean, time = T), has_time) at /home/hornik/tmp/R.check/r-devel-gcc/Work/build/Packages/harvestr/tests/test-timing.R:74
     2: condition(object)
     3: expectation(T, "") at /home/hornik/tmp/R.check/r-devel-gcc/Work/build/Packages/harvestr/tests/test-timing.R:37
     4: match.arg(type, c("success", "failure", "error", "skip", "warning"))
     5: stop("'arg' must be NULL or a character vector")
    
     DONE ===========================================================================
     Error: Test failures
     In addition: Warning message:
     Placing tests in `inst/tests/` is deprecated. Please use `tests/testthat/` instead
     Execution halted
Flavor: r-devel-linux-x86_64-debian-gcc

Version: 0.6.0
Check: tests
Result: ERROR
    Running the tests in ‘tests/testthat-package.R’ failed.
    Last 13 lines of output:
     5: stop("'arg' must be NULL or a character vector")
    
     4. Error: harvest times results (@test-timing.R#74) ----------------------------
     'arg' must be NULL or a character vector
     1: expect_that(harvest(x, mean, time = T), has_time) at /data/gannet/ripley/R/packages/tests-clang/harvestr.Rcheck/harvestr/tests/test-timing.R:74
     2: condition(object)
     3: expectation(T, "") at /data/gannet/ripley/R/packages/tests-clang/harvestr.Rcheck/harvestr/tests/test-timing.R:37
     4: match.arg(type, c("success", "failure", "error", "skip", "warning"))
     5: stop("'arg' must be NULL or a character vector")
    
     DONE ===========================================================================
     Error: Test failures
     In addition: Warning message:
     Placing tests in `inst/tests/` is deprecated. Please use `tests/testthat/` instead
     Execution halted
Flavor: r-devel-linux-x86_64-fedora-clang

Version: 0.6.0
Check: tests
Result: ERROR
    Running the tests in ‘tests/testthat-package.R’ failed.
    Last 13 lines of output:
     5: stop("'arg' must be NULL or a character vector")
    
     4. Error: harvest times results (@test-timing.R#74) ----------------------------
     'arg' must be NULL or a character vector
     1: expect_that(harvest(x, mean, time = T), has_time) at /data/gannet/ripley/R/packages/tests-devel/harvestr.Rcheck/harvestr/tests/test-timing.R:74
     2: condition(object)
     3: expectation(T, "") at /data/gannet/ripley/R/packages/tests-devel/harvestr.Rcheck/harvestr/tests/test-timing.R:37
     4: match.arg(type, c("success", "failure", "error", "skip", "warning"))
     5: stop("'arg' must be NULL or a character vector")
    
     DONE ===========================================================================
     Error: Test failures
     In addition: Warning message:
     Placing tests in `inst/tests/` is deprecated. Please use `tests/testthat/` instead
     Execution halted
Flavor: r-devel-linux-x86_64-fedora-gcc

Version: 0.6.0
Check: tests
Result: ERROR
    Running the tests in ‘tests/testthat-package.R’ failed.
    Last 13 lines of output:
     5: stop("'arg' must be NULL or a character vector")
    
     4. Error: harvest times results (@test-timing.R#74) ----------------------------
     'arg' must be NULL or a character vector
     1: expect_that(harvest(x, mean, time = T), has_time) at /Users/ripley/R/packages/tests-devel/harvestr.Rcheck/harvestr/tests/test-timing.R:74
     2: condition(object)
     3: expectation(T, "") at /Users/ripley/R/packages/tests-devel/harvestr.Rcheck/harvestr/tests/test-timing.R:37
     4: match.arg(type, c("success", "failure", "error", "skip", "warning"))
     5: stop("'arg' must be NULL or a character vector")
    
     DONE ===========================================================================
     Error: Test failures
     In addition: Warning message:
     Placing tests in `inst/tests/` is deprecated. Please use `tests/testthat/` instead
     Execution halted
Flavor: r-devel-osx-x86_64-clang

Version: 0.6.0
Check: tests
Result: ERROR
    Running the tests in 'tests/testthat-package.R' failed.
    Last 13 lines of output:
     5: stop("'arg' must be NULL or a character vector")
    
     4. Error: harvest times results (@test-timing.R#74) ----------------------------
     'arg' must be NULL or a character vector
     1: expect_that(harvest(x, mean, time = T), has_time) at D:/temp/Rtmpqoih9y/RLIBS_3aac7764e9c/harvestr/tests/test-timing.R:74
     2: condition(object)
     3: expectation(T, "") at D:/temp/Rtmpqoih9y/RLIBS_3aac7764e9c/harvestr/tests/test-timing.R:37
     4: match.arg(type, c("success", "failure", "error", "skip", "warning"))
     5: stop("'arg' must be NULL or a character vector")
    
     DONE ===========================================================================
     Error: Test failures
     In addition: Warning message:
     Placing tests in `inst/tests/` is deprecated. Please use `tests/testthat/` instead
     Execution halted
Flavor: r-devel-windows-ix86+x86_64

Version: 0.6.0
Check: tests
Result: ERROR
    Running the tests in ‘tests/testthat-package.R’ failed.
    Last 13 lines of output:
     4. Error: harvest times results (@test-timing.R#74) ----------------------------
     'arg' must be NULL or a character vector
     1: expect_that(harvest(x, mean, time = T), has_time) at /home/hornik/tmp/R.check/r-patched-gcc/Work/build/Packages/harvestr/tests/test-timing.R:74
     2: condition(object)
     3: expectation(T, "") at /home/hornik/tmp/R.check/r-patched-gcc/Work/build/Packages/harvestr/tests/test-timing.R:37
     4: match.arg(type, c("success", "failure", "error", "skip", "warning"))
     5: stop("'arg' must be NULL or a character vector")
    
     DONE ===========================================================================
     Error: Test failures
     In addition: Warning message:
     Placing tests in `inst/tests/` is deprecated. Please use `tests/testthat/` instead
     Execution halted
Flavor: r-patched-linux-x86_64

Version: 0.6.0
Check: tests
Result: ERROR
    Running the tests in ‘tests/testthat-package.R’ failed.
    Last 13 lines of output:
     4. Error: harvest times results (@test-timing.R#74) ----------------------------
     'arg' must be NULL or a character vector
     1: expect_that(harvest(x, mean, time = T), has_time) at /home/ripley/R/Lib32/harvestr/tests/test-timing.R:74
     2: condition(object)
     3: expectation(T, "") at /home/ripley/R/Lib32/harvestr/tests/test-timing.R:37
     4: match.arg(type, c("success", "failure", "error", "skip", "warning"))
     5: stop("'arg' must be NULL or a character vector")
    
     DONE ===========================================================================
     Error: Test failures
     In addition: Warning message:
     Placing tests in `inst/tests/` is deprecated. Please use `tests/testthat/` instead
     Execution halted
Flavors: r-patched-solaris-sparc, r-patched-solaris-x86

Version: 0.6.0
Check: tests
Result: ERROR
    Running the tests in ‘tests/testthat-package.R’ failed.
    Last 13 lines of output:
     4. Error: harvest times results (@test-timing.R#74) ----------------------------
     'arg' must be NULL or a character vector
     1: expect_that(harvest(x, mean, time = T), has_time) at /home/hornik/tmp/R.check/r-release-gcc/Work/build/Packages/harvestr/tests/test-timing.R:74
     2: condition(object)
     3: expectation(T, "") at /home/hornik/tmp/R.check/r-release-gcc/Work/build/Packages/harvestr/tests/test-timing.R:37
     4: match.arg(type, c("success", "failure", "error", "skip", "warning"))
     5: stop("'arg' must be NULL or a character vector")
    
     DONE ===========================================================================
     Error: Test failures
     In addition: Warning message:
     Placing tests in `inst/tests/` is deprecated. Please use `tests/testthat/` instead
     Execution halted
Flavor: r-release-linux-x86_64

Version: 0.6.0
Check: tests
Result: ERROR
    Running the tests in ‘tests/testthat-package.R’ failed.
    Last 13 lines of output:
     4. Error: harvest times results (@test-timing.R#74) ----------------------------
     'arg' must be NULL or a character vector
     1: expect_that(harvest(x, mean, time = T), has_time) at /Builds/CRAN-QA-Simon/packages/mavericks-x86_64/results/3.3/harvestr.Rcheck/harvestr/tests/test-timing.R:74
     2: condition(object)
     3: expectation(T, "") at /Builds/CRAN-QA-Simon/packages/mavericks-x86_64/results/3.3/harvestr.Rcheck/harvestr/tests/test-timing.R:37
     4: match.arg(type, c("success", "failure", "error", "skip", "warning"))
     5: stop("'arg' must be NULL or a character vector")
    
     DONE ===========================================================================
     Error: Test failures
     In addition: Warning message:
     Placing tests in `inst/tests/` is deprecated. Please use `tests/testthat/` instead
     Execution halted
Flavor: r-release-osx-x86_64-mavericks

Version: 0.6.0
Check: tests
Result: ERROR
    Running the tests in 'tests/testthat-package.R' failed.
    Last 13 lines of output:
     4. Error: harvest times results (@test-timing.R#74) ----------------------------
     'arg' must be NULL or a character vector
     1: expect_that(harvest(x, mean, time = T), has_time) at D:/temp/Rtmp8A9X8g/RLIBS_4d34b77465f/harvestr/tests/test-timing.R:74
     2: condition(object)
     3: expectation(T, "") at D:/temp/Rtmp8A9X8g/RLIBS_4d34b77465f/harvestr/tests/test-timing.R:37
     4: match.arg(type, c("success", "failure", "error", "skip", "warning"))
     5: stop("'arg' must be NULL or a character vector")
    
     DONE ===========================================================================
     Error: Test failures
     In addition: Warning message:
     Placing tests in `inst/tests/` is deprecated. Please use `tests/testthat/` instead
     Execution halted
Flavor: r-release-windows-ix86+x86_64

Version: 0.6.0
Check: tests
Result: ERROR
    Running the tests in 'tests/testthat-package.R' failed.
    Last 13 lines of output:
     4. Error: harvest times results (@test-timing.R#74) ----------------------------
     'arg' must be NULL or a character vector
     1: expect_that(harvest(x, mean, time = T), has_time) at D:/temp/RtmpUFpO0v/RLIBS_230c365f84/harvestr/tests/test-timing.R:74
     2: condition(object)
     3: expectation(T, "") at D:/temp/RtmpUFpO0v/RLIBS_230c365f84/harvestr/tests/test-timing.R:37
     4: match.arg(type, c("success", "failure", "error", "skip", "warning"))
     5: stop("'arg' must be NULL or a character vector")
    
     DONE ===========================================================================
     Error: Test failures
     In addition: Warning message:
     Placing tests in `inst/tests/` is deprecated. Please use `tests/testthat/` instead
     Execution halted
Flavor: r-oldrel-windows-ix86+x86_64