CRAN Package Check Results for Package harvestr

Last updated on 2017-10-18 23:47:48.

Flavor Version Tinstall Tcheck Ttotal Status Flags
r-devel-linux-x86_64-debian-clang 0.7.1 1.02 32.53 33.55 OK --no-tests
r-devel-linux-x86_64-debian-gcc 0.7.1 1.09 34.29 35.38 OK --no-tests
r-devel-linux-x86_64-fedora-clang 0.7.1 93.51 OK
r-devel-linux-x86_64-fedora-gcc 0.7.1 91.64 OK
r-devel-windows-ix86+x86_64 0.7.1 4.00 87.00 91.00 OK
r-patched-linux-x86_64 0.7.1 1.12 32.28 33.40 OK --no-tests
r-patched-solaris-x86 0.7.1 165.50 OK
r-release-linux-x86_64 0.7.1 1.14 32.73 33.87 OK --no-tests
r-release-windows-ix86+x86_64 0.7.1 6.00 93.00 99.00 ERROR
r-release-osx-x86_64 0.7.1 OK
r-oldrel-windows-ix86+x86_64 0.7.1 5.00 97.00 102.00 OK
r-oldrel-osx-x86_64 0.7.1 OK

Check Details

Version: 0.7.1
Check: tests
Result: ERROR
     Running 'testthat.R' [24s]
    Running the tests in 'tests/testthat.R' failed.
    Last 13 lines of output:
     Loading required package: coda
     Loading required package: MASS
     ##
     ## Markov Chain Monte Carlo Package (MCMCpack)
     ## Copyright (C) 2003-2017 Andrew D. Martin, Kevin M. Quinn, and Jong Hee Park
     ##
     ## Support provided by the U.S. National Science Foundation
     ## (Grants SES-0350646 and SES-0350613)
     ##
     testthat results ================================================================
     OK: 104 SKIPPED: 0 FAILED: 1
     1. Failure: caching in reap with long sample (@test-caching.R#76)
    
     Error: testthat unit tests failed
     Execution halted
Flavor: r-release-windows-ix86+x86_64