CRAN Package Check Results for Package harvestr

Last updated on 2015-07-03 03:46:51.

Flavor Version Tinstall Tcheck Ttotal Status Flags
r-devel-linux-x86_64-debian-clang 0.6.0 0.88 50.35 51.22 NOTE
r-devel-linux-x86_64-debian-gcc 0.6.0 0.90 47.78 48.68 NOTE
r-devel-linux-x86_64-fedora-clang 0.6.0 99.56 NOTE
r-devel-linux-x86_64-fedora-gcc 0.6.0 95.58 NOTE
r-devel-osx-x86_64-clang 0.6.0 134.99 OK
r-devel-windows-ix86+x86_64 0.6.0 4.00 98.00 102.00 NOTE
r-patched-linux-x86_64 0.6.0 0.96 53.65 54.61 OK
r-patched-solaris-sparc 0.6.0 771.20 OK
r-patched-solaris-x86 0.6.0 194.90 OK
r-release-linux-x86_64 0.6.0 0.89 48.32 49.22 OK
r-release-osx-x86_64-mavericks 0.6.0 OK
r-release-windows-ix86+x86_64 0.6.0 3.00 96.00 99.00 OK
r-oldrel-windows-ix86+x86_64 0.6.0 5.00 99.00 104.00 OK

Check Details

Version: 0.6.0
Check: R code for possible problems
Result: NOTE
    GetOrSetSeed: no visible global function definition for ‘runif’
    Undefined global functions or variables:
     runif
Flavors: r-devel-linux-x86_64-debian-clang, r-devel-linux-x86_64-fedora-clang, r-devel-linux-x86_64-fedora-gcc, r-devel-windows-ix86+x86_64

Version: 0.6.0
Check: R code for possible problems
Result: NOTE
    GetOrSetSeed: no visible global function definition for ‘runif’
Flavor: r-devel-linux-x86_64-debian-gcc