CRAN Package Check Results for Package harvestr

Last updated on 2015-09-05 09:46:52.

Flavor Version Tinstall Tcheck Ttotal Status Flags
r-devel-linux-x86_64-debian-clang 0.6.0 0.93 48.21 49.14 NOTE
r-devel-linux-x86_64-debian-gcc 0.6.0 0.87 46.64 47.51 NOTE
r-devel-linux-x86_64-fedora-clang 0.6.0 97.67 NOTE
r-devel-linux-x86_64-fedora-gcc 0.6.0 92.87 NOTE
r-devel-osx-x86_64-clang 0.6.0 116.76 OK
r-devel-windows-ix86+x86_64 0.6.0 5.00 102.00 107.00 NOTE
r-patched-linux-x86_64 0.6.0 0.87 47.76 48.62 OK
r-patched-solaris-sparc 0.6.0 778.20 OK
r-patched-solaris-x86 0.6.0 193.60 OK
r-release-linux-x86_64 0.6.0 0.90 48.44 49.34 OK
r-release-osx-x86_64-mavericks 0.6.0 OK
r-release-windows-ix86+x86_64 0.6.0 6.00 103.00 109.00 OK
r-oldrel-windows-ix86+x86_64 0.6.0 5.00 114.00 119.00 OK

Check Details

Version: 0.6.0
Check: R code for possible problems
Result: NOTE
    GetOrSetSeed: no visible global function definition for ‘runif’
    Undefined global functions or variables:
     runif
    Consider adding
     importFrom("stats", "runif")
    to your NAMESPACE.
Flavors: r-devel-linux-x86_64-debian-clang, r-devel-linux-x86_64-debian-gcc, r-devel-linux-x86_64-fedora-clang, r-devel-linux-x86_64-fedora-gcc, r-devel-windows-ix86+x86_64