CRAN Package Check Results for Package harvestr

Last updated on 2018-02-25 21:56:00 CET.

Flavor Version Tinstall Tcheck Ttotal Status Flags
r-devel-linux-x86_64-debian-clang 0.7.1 2.06 44.77 46.83 OK --no-tests
r-devel-linux-x86_64-debian-gcc 0.7.1 1.55 35.68 37.23 OK --no-tests
r-devel-linux-x86_64-fedora-clang 0.7.1 84.07 OK
r-devel-linux-x86_64-fedora-gcc 0.7.1 64.71 OK
r-devel-windows-ix86+x86_64 0.7.1 6.00 116.00 122.00 ERROR
r-patched-linux-x86_64 0.7.1 1.41 49.17 50.58 OK --no-tests
r-patched-solaris-x86 0.7.1 164.70 OK
r-release-linux-x86_64 0.7.1 1.43 49.03 50.46 OK --no-tests
r-release-windows-ix86+x86_64 0.7.1 4.00 112.00 116.00 OK
r-release-osx-x86_64 0.7.1 OK
r-oldrel-windows-ix86+x86_64 0.7.1 6.00 77.00 83.00 OK
r-oldrel-osx-x86_64 0.7.1 OK

Check Details

Version: 0.7.1
Check: tests
Result: ERROR
     Running 'testthat.R' [21s]
    Running the tests in 'tests/testthat.R' failed.
    Complete output:
     > library(testthat)
     > library(harvestr)
     > foreach::registerDoSEQ()
     > test_check("harvestr")
     -- 1. Failure: caching in reap with long sample (@test-caching.R#76) ----------
     all(t2[1] <= t1[1]) isn't true.
    
     == testthat results ===========================================================
     OK: 104 SKIPPED: 5 FAILED: 1
     1. Failure: caching in reap with long sample (@test-caching.R#76)
    
     Error: testthat unit tests failed
     Execution halted
Flavor: r-devel-windows-ix86+x86_64