CRAN Package Check Results for Package harvestr

Last updated on 2014-04-18 17:48:03.

Flavor Version Tinstall Tcheck Ttotal Status Flags
r-devel-linux-x86_64-debian-clang 0.5.2 1.33 52.38 53.71 OK
r-devel-linux-x86_64-debian-gcc OK
r-devel-linux-x86_64-fedora-clang 0.5.2 118.64 OK
r-devel-linux-x86_64-fedora-gcc 0.5.2 110.28 OK
r-devel-macosx-x86_64-clang 0.5.2 129.09 OK
r-devel-macosx-x86_64-gcc 0.5.2 NOTE
r-devel-windows-ix86+x86_64 0.5.2 4.00 94.00 98.00 OK
r-patched-linux-x86_64 0.5.2 1.26 53.82 55.08 OK
r-patched-solaris-sparc 0.5.2 793.90 OK
r-patched-solaris-x86 0.5.2 214.50 OK
r-release-linux-ix86 0.5.2 3.00 131.00 134.00 OK
r-release-linux-x86_64 0.5.2 1.24 53.54 54.79 OK
r-release-macosx-x86_64 0.5.2 OK
r-release-windows-ix86+x86_64 0.5.2 4.00 98.00 102.00 OK
r-oldrel-windows-ix86+x86_64 0.5.2 5.00 111.00 116.00 OK

Check Details

Version: 0.5.2
Check: package dependencies
Result: NOTE
    Packages suggested but not available for checking: ‘doParallel’ ‘foreach’
Flavor: r-devel-macosx-x86_64-gcc