CRAN Package Check Results for Package hash

Last updated on 2015-03-28 18:50:28.

Flavor Version Tinstall Tcheck Ttotal Status Flags
r-devel-linux-x86_64-debian-clang 2.2.6 0.80 12.68 13.48 NOTE
r-devel-linux-x86_64-debian-gcc 2.2.6 0.77 12.86 13.63 NOTE
r-devel-linux-x86_64-fedora-clang 2.2.6 26.25 NOTE
r-devel-linux-x86_64-fedora-gcc 2.2.6 25.30 NOTE
r-devel-osx-x86_64-clang 2.2.6 33.43 NOTE
r-prerel-windows-ix86+x86_64 2.2.6 3.00 24.00 27.00 NOTE
r-prerel-linux-x86_64 2.2.6 1.48 12.99 14.47 NOTE
r-prerel-solaris-sparc 2.2.6 184.10 NOTE
r-prerel-solaris-x86 2.2.6 38.80 NOTE
r-release-linux-x86_64 2.2.6 1.07 13.77 14.84 NOTE
r-release-osx-x86_64-mavericks 2.2.6 NOTE
r-release-osx-x86_64-snowleopard 2.2.6 NOTE
r-release-windows-ix86+x86_64 2.2.6 4.00 23.00 27.00 NOTE
r-oldrel-windows-ix86+x86_64 2.2.6 3.00 36.00 39.00 NOTE

Check Details

Version: 2.2.6
Check: top-level files
Result: NOTE
    File
     LICENSE
    is not mentioned in the DESCRIPTION file.
    Non-standard file/directory found at top level:
     ‘dev’
Flavors: r-devel-linux-x86_64-debian-clang, r-devel-linux-x86_64-debian-gcc, r-devel-linux-x86_64-fedora-clang, r-devel-linux-x86_64-fedora-gcc, r-prerel-linux-x86_64, r-release-linux-x86_64

Version: 2.2.6
Check: dependencies in R code
Result: NOTE
    Package in Depends field not imported from: ‘methods’
     These packages need to be imported from (in the NAMESPACE file)
     for when this namespace is loaded but not attached.
Flavors: r-devel-linux-x86_64-debian-clang, r-devel-linux-x86_64-debian-gcc, r-devel-linux-x86_64-fedora-clang, r-devel-linux-x86_64-fedora-gcc, r-devel-osx-x86_64-clang, r-prerel-windows-ix86+x86_64, r-prerel-linux-x86_64, r-prerel-solaris-sparc, r-prerel-solaris-x86, r-release-linux-x86_64, r-release-osx-x86_64-snowleopard, r-release-windows-ix86+x86_64

Version: 2.2.6
Check: S3 generic/method consistency
Result: NOTE
    Found the following apparent S3 methods exported but not registered:
     as.list.hash names.hash
    See section ‘Registering S3 methods’ in the ‘Writing R Extensions’
    manual.
Flavors: r-devel-linux-x86_64-debian-clang, r-devel-linux-x86_64-debian-gcc, r-devel-linux-x86_64-fedora-clang, r-devel-linux-x86_64-fedora-gcc, r-devel-osx-x86_64-clang, r-prerel-linux-x86_64

Version: 2.2.6
Check: top-level files
Result: NOTE
    File
     LICENSE
    is not mentioned in the DESCRIPTION file.
Flavors: r-devel-osx-x86_64-clang, r-prerel-windows-ix86+x86_64, r-prerel-solaris-sparc, r-prerel-solaris-x86, r-release-osx-x86_64-mavericks, r-release-osx-x86_64-snowleopard, r-release-windows-ix86+x86_64, r-oldrel-windows-ix86+x86_64

Version: 2.2.6
Check: dependencies in R code
Result: NOTE
    Package in Depends field not imported from: ‘methods’
     These packages need to be imported from (in the NAMESPACE file)
     for when this namespace is loaded but not attached.
    See the information on DESCRIPTION files in the chapter ‘Creating R
    packages’ of the ‘Writing R Extensions’ manual.
Flavors: r-release-osx-x86_64-mavericks, r-oldrel-windows-ix86+x86_64