CRAN Package Check Results for Package hash

Last updated on 2014-04-19 18:47:41.

Flavor Version Tinstall Tcheck Ttotal Status Flags
r-devel-linux-x86_64-debian-clang 2.2.6 0.92 14.37 15.29 NOTE
r-devel-linux-x86_64-debian-gcc 2.2.6 0.92 14.06 14.98 NOTE
r-devel-linux-x86_64-fedora-clang 2.2.6 29.64 NOTE
r-devel-linux-x86_64-fedora-gcc 2.2.6 27.96 NOTE
r-devel-macosx-x86_64-clang 2.2.6 28.06 NOTE
r-devel-macosx-x86_64-gcc 2.2.6 NOTE
r-devel-windows-ix86+x86_64 2.2.6 3.00 25.00 28.00 NOTE
r-patched-linux-x86_64 2.2.6 0.94 13.81 14.75 NOTE
r-patched-solaris-sparc 2.2.6 170.80 NOTE
r-patched-solaris-x86 2.2.6 46.10 NOTE
r-release-linux-ix86 NOTE
r-release-linux-x86_64 2.2.6 0.94 14.18 15.12 NOTE
r-release-macosx-x86_64 2.2.6 NOTE
r-release-windows-ix86+x86_64 2.2.6 5.00 31.00 36.00 NOTE
r-oldrel-windows-ix86+x86_64 2.2.6 3.00 23.00 26.00 NOTE

Check Details

Version: 2.2.6
Check: top-level files
Result: NOTE
    File
     LICENSE
    is not mentioned in the DESCRIPTION file.
Flavors: r-devel-linux-x86_64-debian-clang, r-devel-linux-x86_64-debian-gcc, r-devel-macosx-x86_64-clang, r-devel-macosx-x86_64-gcc, r-devel-windows-ix86+x86_64, r-patched-linux-x86_64, r-patched-solaris-sparc, r-patched-solaris-x86, r-release-linux-ix86, r-release-linux-x86_64, r-release-macosx-x86_64, r-release-windows-ix86+x86_64, r-oldrel-windows-ix86+x86_64

Version: 2.2.6
Check: dependencies in R code
Result: NOTE
    Package in Depends field not imported from: ‘methods’
     These packages need to be imported from (in the NAMESPACE file)
     for when this namespace is loaded but not attached.
    See the information on DESCRIPTION files in the chapter ‘Creating R
    packages’ of the ‘Writing R Extensions’ manual.
Flavors: r-devel-linux-x86_64-debian-clang, r-devel-linux-x86_64-debian-gcc, r-devel-linux-x86_64-fedora-clang, r-devel-linux-x86_64-fedora-gcc, r-devel-macosx-x86_64-clang, r-devel-macosx-x86_64-gcc, r-devel-windows-ix86+x86_64, r-patched-linux-x86_64, r-patched-solaris-sparc, r-patched-solaris-x86, r-release-linux-ix86, r-release-linux-x86_64, r-release-macosx-x86_64, r-release-windows-ix86+x86_64, r-oldrel-windows-ix86+x86_64

Version: 2.2.6
Check: top-level files
Result: NOTE
    File
     LICENSE
    is not mentioned in the DESCRIPTION file.
    Non-standard file/directory found at top level:
     ‘dev’
Flavors: r-devel-linux-x86_64-fedora-clang, r-devel-linux-x86_64-fedora-gcc