CRAN Package Check Results for Package hash

Last updated on 2015-09-01 19:47:16.

Flavor Version Tinstall Tcheck Ttotal Status Flags
r-devel-linux-x86_64-debian-clang 2.2.6 0.84 12.43 13.27 NOTE
r-devel-linux-x86_64-debian-gcc 2.2.6 0.72 12.18 12.91 NOTE
r-devel-linux-x86_64-fedora-clang 2.2.6 25.62 NOTE
r-devel-linux-x86_64-fedora-gcc 2.2.6 24.93 NOTE
r-devel-osx-x86_64-clang 2.2.6 25.38 NOTE
r-devel-windows-ix86+x86_64 2.2.6 5.00 24.00 29.00 NOTE
r-patched-linux-x86_64 2.2.6 0.87 13.45 14.32 NOTE
r-patched-solaris-sparc 2.2.6 175.10 NOTE
r-patched-solaris-x86 2.2.6 41.00 NOTE
r-release-linux-x86_64 2.2.6 0.88 12.92 13.80 NOTE
r-release-osx-x86_64-mavericks 2.2.6 NOTE
r-release-windows-ix86+x86_64 2.2.6 6.00 37.00 43.00 NOTE
r-oldrel-windows-ix86+x86_64 2.2.6 5.00 26.00 31.00 NOTE

Check Details

Version: 2.2.6
Check: top-level files
Result: NOTE
    File
     LICENSE
    is not mentioned in the DESCRIPTION file.
    Non-standard file/directory found at top level:
     ‘dev’
Flavors: r-devel-linux-x86_64-debian-clang, r-devel-linux-x86_64-debian-gcc, r-devel-linux-x86_64-fedora-clang, r-devel-linux-x86_64-fedora-gcc, r-patched-linux-x86_64, r-release-linux-x86_64

Version: 2.2.6
Check: dependencies in R code
Result: NOTE
    Package in Depends field not imported from: ‘methods’
     These packages need to be imported from (in the NAMESPACE file)
     for when this namespace is loaded but not attached.
Flavors: r-devel-linux-x86_64-debian-clang, r-devel-linux-x86_64-debian-gcc, r-devel-linux-x86_64-fedora-clang, r-devel-linux-x86_64-fedora-gcc, r-devel-osx-x86_64-clang, r-devel-windows-ix86+x86_64, r-patched-linux-x86_64, r-patched-solaris-sparc, r-patched-solaris-x86, r-release-linux-x86_64, r-release-osx-x86_64-mavericks, r-release-windows-ix86+x86_64, r-oldrel-windows-ix86+x86_64

Version: 2.2.6
Check: S3 generic/method consistency
Result: NOTE
    Found the following apparent S3 methods exported but not registered:
     as.list.hash names.hash
    See section ‘Registering S3 methods’ in the ‘Writing R Extensions’
    manual.
Flavors: r-devel-linux-x86_64-debian-clang, r-devel-linux-x86_64-debian-gcc, r-devel-linux-x86_64-fedora-clang, r-devel-linux-x86_64-fedora-gcc, r-devel-osx-x86_64-clang, r-patched-linux-x86_64, r-patched-solaris-sparc, r-patched-solaris-x86, r-release-linux-x86_64

Version: 2.2.6
Check: R code for possible problems
Result: NOTE
    hash: no visible global function definition for ‘new’
    is.hash: no visible global function definition for ‘is’
    Undefined global functions or variables:
     is new
    Consider adding
     importFrom("methods", "is", "new")
    to your NAMESPACE (and ensure that your DESCRIPTION Imports field
    contains 'methods').
Flavors: r-devel-linux-x86_64-debian-clang, r-devel-linux-x86_64-debian-gcc, r-devel-linux-x86_64-fedora-clang, r-devel-linux-x86_64-fedora-gcc, r-devel-windows-ix86+x86_64

Version: 2.2.6
Check: top-level files
Result: NOTE
    File
     LICENSE
    is not mentioned in the DESCRIPTION file.
Flavors: r-devel-osx-x86_64-clang, r-devel-windows-ix86+x86_64, r-patched-solaris-sparc, r-patched-solaris-x86, r-release-osx-x86_64-mavericks, r-release-windows-ix86+x86_64, r-oldrel-windows-ix86+x86_64