CRAN Package Check Results for Package hash

Last updated on 2014-07-24 22:48:37.

Flavor Version Tinstall Tcheck Ttotal Status Flags
r-devel-linux-x86_64-debian-clang 2.2.6 0.94 13.33 14.27 NOTE
r-devel-linux-x86_64-debian-gcc 2.2.6 0.91 13.09 14.00 NOTE
r-devel-linux-x86_64-fedora-clang 2.2.6 29.59 NOTE
r-devel-linux-x86_64-fedora-gcc 2.2.6 28.75 NOTE
r-devel-osx-x86_64-clang 2.2.6 29.76 NOTE
r-devel-windows-ix86+x86_64 2.2.6 3.00 23.00 26.00 NOTE
r-patched-linux-x86_64 2.2.6 0.87 13.08 13.95 NOTE
r-patched-solaris-sparc 2.2.6 170.80 NOTE
r-patched-solaris-x86 2.2.6 42.50 NOTE
r-release-linux-ix86 2.2.6 1.22 19.98 21.20 NOTE
r-release-linux-x86_64 2.2.6 1.07 13.66 14.73 NOTE
r-release-osx-x86_64-mavericks 2.2.6 NOTE
r-release-osx-x86_64-snowleopard 2.2.6 NOTE
r-release-windows-ix86+x86_64 2.2.6 3.00 34.00 37.00 NOTE
r-oldrel-windows-ix86+x86_64 2.2.6 3.00 23.00 26.00 NOTE

Check Details

Version: 2.2.6
Check: top-level files
Result: NOTE
    File
     LICENSE
    is not mentioned in the DESCRIPTION file.
Flavors: r-devel-linux-x86_64-debian-clang, r-devel-linux-x86_64-debian-gcc, r-devel-osx-x86_64-clang, r-devel-windows-ix86+x86_64, r-patched-linux-x86_64, r-patched-solaris-sparc, r-patched-solaris-x86, r-release-linux-ix86, r-release-linux-x86_64, r-release-osx-x86_64-mavericks, r-release-osx-x86_64-snowleopard, r-release-windows-ix86+x86_64, r-oldrel-windows-ix86+x86_64

Version: 2.2.6
Check: dependencies in R code
Result: NOTE
    Package in Depends field not imported from: ‘methods’
     These packages need to be imported from (in the NAMESPACE file)
     for when this namespace is loaded but not attached.
    See the information on DESCRIPTION files in the chapter ‘Creating R
    packages’ of the ‘Writing R Extensions’ manual.
Flavors: r-devel-linux-x86_64-debian-clang, r-devel-linux-x86_64-debian-gcc, r-devel-linux-x86_64-fedora-clang, r-devel-linux-x86_64-fedora-gcc, r-devel-osx-x86_64-clang, r-devel-windows-ix86+x86_64, r-patched-linux-x86_64, r-patched-solaris-sparc, r-patched-solaris-x86, r-release-linux-ix86, r-release-linux-x86_64, r-release-osx-x86_64-mavericks, r-release-osx-x86_64-snowleopard, r-release-windows-ix86+x86_64, r-oldrel-windows-ix86+x86_64

Version: 2.2.6
Check: top-level files
Result: NOTE
    File
     LICENSE
    is not mentioned in the DESCRIPTION file.
    Non-standard file/directory found at top level:
     ‘dev’
Flavors: r-devel-linux-x86_64-fedora-clang, r-devel-linux-x86_64-fedora-gcc