CRAN Package Check Results for Package hash

Last updated on 2015-07-04 11:49:46.

Flavor Version Tinstall Tcheck Ttotal Status Flags
r-devel-linux-x86_64-debian-clang 2.2.6 0.79 12.57 13.36 NOTE
r-devel-linux-x86_64-debian-gcc 2.2.6 0.80 12.65 13.45 NOTE
r-devel-linux-x86_64-fedora-clang 2.2.6 25.30 NOTE
r-devel-linux-x86_64-fedora-gcc 2.2.6 23.87 NOTE
r-devel-osx-x86_64-clang 2.2.6 28.24 NOTE
r-devel-windows-ix86+x86_64 2.2.6 6.00 25.00 31.00 NOTE
r-patched-linux-x86_64 2.2.6 0.77 12.78 13.55 NOTE
r-patched-solaris-sparc 2.2.6 171.70 NOTE
r-patched-solaris-x86 2.2.6 40.10 NOTE
r-release-linux-x86_64 2.2.6 0.80 12.67 13.47 NOTE
r-release-osx-x86_64-mavericks 2.2.6 NOTE
r-release-windows-ix86+x86_64 2.2.6 6.00 40.00 46.00 NOTE
r-oldrel-windows-ix86+x86_64 2.2.6 6.00 35.00 41.00 NOTE

Check Details

Version: 2.2.6
Check: top-level files
Result: NOTE
    File
     LICENSE
    is not mentioned in the DESCRIPTION file.
    Non-standard file/directory found at top level:
     ‘dev’
Flavors: r-devel-linux-x86_64-debian-clang, r-devel-linux-x86_64-debian-gcc, r-devel-linux-x86_64-fedora-clang, r-devel-linux-x86_64-fedora-gcc, r-patched-linux-x86_64, r-release-linux-x86_64

Version: 2.2.6
Check: dependencies in R code
Result: NOTE
    Package in Depends field not imported from: ‘methods’
     These packages need to be imported from (in the NAMESPACE file)
     for when this namespace is loaded but not attached.
Flavors: r-devel-linux-x86_64-debian-clang, r-devel-linux-x86_64-debian-gcc, r-devel-linux-x86_64-fedora-clang, r-devel-linux-x86_64-fedora-gcc, r-devel-osx-x86_64-clang, r-devel-windows-ix86+x86_64, r-patched-linux-x86_64, r-patched-solaris-sparc, r-patched-solaris-x86, r-release-linux-x86_64, r-release-osx-x86_64-mavericks, r-release-windows-ix86+x86_64, r-oldrel-windows-ix86+x86_64

Version: 2.2.6
Check: S3 generic/method consistency
Result: NOTE
    Found the following apparent S3 methods exported but not registered:
     as.list.hash names.hash
    See section ‘Registering S3 methods’ in the ‘Writing R Extensions’
    manual.
Flavors: r-devel-linux-x86_64-debian-clang, r-devel-linux-x86_64-debian-gcc, r-devel-linux-x86_64-fedora-clang, r-devel-linux-x86_64-fedora-gcc, r-devel-osx-x86_64-clang, r-patched-linux-x86_64, r-patched-solaris-sparc, r-patched-solaris-x86, r-release-linux-x86_64

Version: 2.2.6
Check: R code for possible problems
Result: NOTE
    hash: no visible global function definition for ‘new’
    is.hash: no visible global function definition for ‘is’
    Undefined global functions or variables:
     is new
Flavors: r-devel-linux-x86_64-debian-clang, r-devel-linux-x86_64-debian-gcc, r-devel-linux-x86_64-fedora-clang, r-devel-linux-x86_64-fedora-gcc, r-devel-windows-ix86+x86_64

Version: 2.2.6
Check: top-level files
Result: NOTE
    File
     LICENSE
    is not mentioned in the DESCRIPTION file.
Flavors: r-devel-osx-x86_64-clang, r-devel-windows-ix86+x86_64, r-patched-solaris-sparc, r-patched-solaris-x86, r-release-osx-x86_64-mavericks, r-release-windows-ix86+x86_64, r-oldrel-windows-ix86+x86_64