CRAN Package Check Results for Package hash

Last updated on 2015-02-28 17:48:37.

Flavor Version Tinstall Tcheck Ttotal Status Flags
r-devel-linux-x86_64-debian-clang 2.2.6 0.78 13.48 14.26 NOTE
r-devel-linux-x86_64-debian-gcc 2.2.6 0.83 12.62 13.44 NOTE
r-devel-linux-x86_64-fedora-clang 2.2.6 27.72 NOTE
r-devel-linux-x86_64-fedora-gcc 2.2.6 25.41 NOTE
r-devel-osx-x86_64-clang 2.2.6 29.71 NOTE
r-devel-windows-ix86+x86_64 2.2.6 6.00 22.00 28.00 NOTE
r-patched-linux-x86_64 2.2.6 0.88 14.22 15.10 NOTE
r-patched-solaris-sparc 2.2.6 178.30 NOTE
r-patched-solaris-x86 2.2.6 44.30 NOTE
r-release-linux-ix86 2.2.6 1.20 21.99 23.19 NOTE
r-release-linux-x86_64 2.2.6 0.85 13.53 14.38 NOTE
r-release-osx-x86_64-mavericks 2.2.6 NOTE
r-release-osx-x86_64-snowleopard 2.2.6 NOTE
r-release-windows-ix86+x86_64 2.2.6 3.00 25.00 28.00 NOTE
r-oldrel-windows-ix86+x86_64 2.2.6 4.00 38.00 42.00 NOTE

Check Details

Version: 2.2.6
Check: top-level files
Result: NOTE
    File
     LICENSE
    is not mentioned in the DESCRIPTION file.
    Non-standard file/directory found at top level:
     ‘dev’
Flavors: r-devel-linux-x86_64-debian-clang, r-devel-linux-x86_64-debian-gcc, r-devel-linux-x86_64-fedora-clang, r-devel-linux-x86_64-fedora-gcc, r-patched-linux-x86_64, r-release-linux-ix86, r-release-linux-x86_64

Version: 2.2.6
Check: dependencies in R code
Result: NOTE
    Package in Depends field not imported from: ‘methods’
     These packages need to be imported from (in the NAMESPACE file)
     for when this namespace is loaded but not attached.
Flavors: r-devel-linux-x86_64-debian-clang, r-devel-linux-x86_64-debian-gcc, r-devel-linux-x86_64-fedora-clang, r-devel-linux-x86_64-fedora-gcc, r-devel-osx-x86_64-clang, r-devel-windows-ix86+x86_64, r-patched-linux-x86_64, r-patched-solaris-x86, r-release-osx-x86_64-snowleopard

Version: 2.2.6
Check: S3 generic/method consistency
Result: NOTE
    Found the following apparent S3 methods exported but not registered:
     as.list.hash names.hash
    See section ‘Registering S3 methods’ in the ‘Writing R Extensions’
    manual.
Flavors: r-devel-linux-x86_64-debian-clang, r-devel-linux-x86_64-debian-gcc, r-devel-linux-x86_64-fedora-clang, r-devel-linux-x86_64-fedora-gcc, r-devel-osx-x86_64-clang

Version: 2.2.6
Check: top-level files
Result: NOTE
    File
     LICENSE
    is not mentioned in the DESCRIPTION file.
Flavors: r-devel-osx-x86_64-clang, r-devel-windows-ix86+x86_64, r-patched-solaris-sparc, r-patched-solaris-x86, r-release-osx-x86_64-mavericks, r-release-osx-x86_64-snowleopard, r-release-windows-ix86+x86_64, r-oldrel-windows-ix86+x86_64

Version: 2.2.6
Check: dependencies in R code
Result: NOTE
    Package in Depends field not imported from: ‘methods’
     These packages need to be imported from (in the NAMESPACE file)
     for when this namespace is loaded but not attached.
    See the information on DESCRIPTION files in the chapter ‘Creating R
    packages’ of the ‘Writing R Extensions’ manual.
Flavors: r-patched-solaris-sparc, r-release-linux-ix86, r-release-linux-x86_64, r-release-osx-x86_64-mavericks, r-release-windows-ix86+x86_64, r-oldrel-windows-ix86+x86_64