Last updated on 2023-05-31 12:00:59 CEST.
Flavor | Version | Tinstall | Tcheck | Ttotal | Status | Flags |
---|---|---|---|---|---|---|
r-devel-linux-x86_64-debian-clang | 2.5.2 | 38.11 | 69.89 | 108.00 | NOTE | |
r-devel-linux-x86_64-debian-gcc | 2.5.2 | 34.26 | 52.59 | 86.85 | NOTE | |
r-devel-linux-x86_64-fedora-clang | 2.5.2 | 139.18 | NOTE | |||
r-devel-linux-x86_64-fedora-gcc | 2.5.2 | 154.62 | NOTE | |||
r-devel-windows-x86_64 | 2.5.2 | 57.00 | 95.00 | 152.00 | NOTE | |
r-patched-linux-x86_64 | 2.5.2 | 31.27 | 65.97 | 97.24 | NOTE | |
r-release-linux-x86_64 | 2.5.2 | 25.81 | 65.83 | 91.64 | NOTE | |
r-release-macos-arm64 | 2.5.2 | 54.00 | NOTE | |||
r-release-macos-x86_64 | 2.5.2 | 85.00 | NOTE | |||
r-release-windows-x86_64 | 2.5.2 | 66.00 | 112.00 | 178.00 | NOTE | |
r-oldrel-macos-arm64 | 2.5.2 | 40.00 | NOTE | |||
r-oldrel-macos-x86_64 | 2.5.2 | 63.00 | NOTE | |||
r-oldrel-windows-x86_64 | 2.5.2 | 54.00 | 106.00 | 160.00 | NOTE |
Version: 2.5.2
Check: for GNU extensions in Makefiles
Result: NOTE
GNU make is a SystemRequirements.
Flavors: r-devel-linux-x86_64-debian-clang, r-devel-linux-x86_64-debian-gcc, r-devel-linux-x86_64-fedora-clang, r-devel-linux-x86_64-fedora-gcc, r-devel-windows-x86_64, r-patched-linux-x86_64, r-release-linux-x86_64, r-release-macos-arm64, r-release-macos-x86_64, r-release-windows-x86_64, r-oldrel-macos-arm64, r-oldrel-macos-x86_64, r-oldrel-windows-x86_64
Version: 2.5.2
Check: Rd cross-references
Result: NOTE
Undeclared package ‘dplyr’ in Rd xrefs
Flavor: r-devel-linux-x86_64-fedora-clang