CRAN Package Check Results for Package hawkes

Last updated on 2017-08-18 04:46:44.

Flavor Version Tinstall Tcheck Ttotal Status Flags
r-devel-linux-x86_64-debian-clang 0.0-4 15.75 13.09 28.84 NOTE
r-devel-linux-x86_64-debian-gcc 0.0-4 16.56 12.88 29.44 NOTE
r-devel-linux-x86_64-fedora-clang 0.0-4 55.11 NOTE
r-devel-linux-x86_64-fedora-gcc 0.0-4 53.55 NOTE
r-devel-windows-ix86+x86_64 0.0-4 44.00 67.00 111.00 OK
r-patched-linux-x86_64 0.0-4 16.61 13.16 29.77 NOTE
r-patched-solaris-x86 0.0-4 62.20 OK
r-release-linux-x86_64 0.0-4 16.85 13.15 30.00 NOTE
r-release-windows-ix86+x86_64 0.0-4 52.00 45.00 97.00 OK
r-release-osx-x86_64 0.0-4 OK
r-oldrel-windows-ix86+x86_64 0.0-4 44.00 41.00 85.00 OK
r-oldrel-osx-x86_64 0.0-4 OK

Check Details

Version: 0.0-4
Check: compiled code
Result: NOTE
    File ‘hawkes/libs/hawkes.so’:
     Found no calls to: ‘R_registerRoutines’, ‘R_useDynamicSymbols’
    
    It is good practice to register native routines and to disable symbol
    search.
    
    See ‘Writing portable packages’ in the ‘Writing R Extensions’ manual.
Flavors: r-devel-linux-x86_64-debian-clang, r-devel-linux-x86_64-debian-gcc, r-devel-linux-x86_64-fedora-clang, r-devel-linux-x86_64-fedora-gcc, r-patched-linux-x86_64, r-release-linux-x86_64