CRAN Package Check Results for Package hawkes

Last updated on 2017-03-23 23:50:46.

Flavor Version Tinstall Tcheck Ttotal Status Flags
r-devel-linux-x86_64-debian-clang 0.0-4 15.62 13.43 29.05 NOTE
r-devel-linux-x86_64-debian-gcc 0.0-4 16.03 13.39 29.42 NOTE
r-devel-linux-x86_64-fedora-clang 0.0-4 55.26 NOTE --no-stop-on-test-error
r-devel-linux-x86_64-fedora-gcc 0.0-4 56.90 NOTE --no-stop-on-test-error
r-devel-macos-x86_64-clang 0.0-4 38.65 NOTE --no-stop-on-test-error
r-devel-windows-ix86+x86_64 0.0-4 52.00 57.00 109.00 OK
r-patched-linux-x86_64 0.0-4 12.82 11.26 24.08 OK
r-patched-solaris-sparc 0.0-4 277.10 OK
r-patched-solaris-x86 0.0-4 60.30 OK
r-release-linux-x86_64 0.0-4 13.07 11.50 24.57 OK
r-release-osx-x86_64-mavericks 0.0-4 OK
r-release-windows-ix86+x86_64 0.0-4 66.00 38.00 104.00 OK
r-oldrel-windows-ix86+x86_64 0.0-4 56.00 46.00 102.00 OK

Check Details

Version: 0.0-4
Check: compiled code
Result: NOTE
    File ‘hawkes/libs/hawkes.so’:
     Found no calls to: ‘R_registerRoutines’, ‘R_useDynamicSymbols’
    
    It is good practice to register native routines and to disable symbol
    search.
    
    See ‘Writing portable packages’ in the ‘Writing R Extensions’ manual.
Flavors: r-devel-linux-x86_64-debian-clang, r-devel-linux-x86_64-debian-gcc

Version: 0.0-4
Flags: --no-stop-on-test-error
Check: compiled code
Result: NOTE
    File ‘hawkes/libs/hawkes.so’:
     Found no calls to: ‘R_registerRoutines’, ‘R_useDynamicSymbols’
    
    It is good practice to register native routines and to disable symbol
    search.
    
    See ‘Writing portable packages’ in the ‘Writing R Extensions’ manual.
Flavors: r-devel-linux-x86_64-fedora-clang, r-devel-linux-x86_64-fedora-gcc, r-devel-macos-x86_64-clang