CRAN Package Check Results for Package hawkes

Last updated on 2017-10-17 00:51:44.

Flavor Version Tinstall Tcheck Ttotal Status Flags
r-devel-linux-x86_64-debian-clang 0.0-4 15.98 13.69 29.67 NOTE
r-devel-linux-x86_64-debian-gcc 0.0-4 16.79 14.64 31.44 NOTE
r-devel-linux-x86_64-fedora-clang 0.0-4 56.79 NOTE
r-devel-linux-x86_64-fedora-gcc 0.0-4 54.79 NOTE
r-devel-windows-ix86+x86_64 0.0-4 54.00 45.00 99.00 OK
r-patched-linux-x86_64 0.0-4 17.01 13.57 30.58 NOTE
r-patched-solaris-x86 0.0-4 67.30 OK
r-release-linux-x86_64 0.0-4 16.70 13.23 29.94 NOTE
r-release-windows-ix86+x86_64 0.0-4 46.00 54.00 100.00 OK
r-release-osx-x86_64 0.0-4 OK
r-oldrel-windows-ix86+x86_64 0.0-4 66.00 55.00 121.00 OK
r-oldrel-osx-x86_64 0.0-4 OK

Check Details

Version: 0.0-4
Check: compiled code
Result: NOTE
    File ‘hawkes/libs/hawkes.so’:
     Found no calls to: ‘R_registerRoutines’, ‘R_useDynamicSymbols’
    
    It is good practice to register native routines and to disable symbol
    search.
    
    See ‘Writing portable packages’ in the ‘Writing R Extensions’ manual.
Flavors: r-devel-linux-x86_64-debian-clang, r-devel-linux-x86_64-debian-gcc, r-devel-linux-x86_64-fedora-clang, r-devel-linux-x86_64-fedora-gcc, r-patched-linux-x86_64, r-release-linux-x86_64