CRAN Package Check Results for Package hawkes

Last updated on 2016-06-29 21:46:47.

Flavor Version Tinstall Tcheck Ttotal Status Flags
r-devel-linux-x86_64-debian-gcc 0.0-4 17.56 12.09 29.66 OK
r-devel-linux-x86_64-fedora-clang 0.0-4 50.15 OK
r-devel-linux-x86_64-fedora-gcc 0.0-4 43.72 OK
r-devel-osx-x86_64-clang 0.0-4 37.26 OK
r-devel-windows-ix86+x86_64 0.0-4 37.00 47.00 84.00 OK
r-patched-linux-x86_64 0.0-4 13.00 11.98 24.98 OK
r-patched-solaris-sparc 0.0-4 259.80 NOTE
r-patched-solaris-x86 0.0-4 54.30 OK
r-release-linux-x86_64 0.0-4 12.59 10.93 23.52 OK
r-release-osx-x86_64-mavericks 0.0-4 OK
r-release-windows-ix86+x86_64 0.0-4 63.00 40.00 103.00 OK
r-oldrel-windows-ix86+x86_64 0.0-4 53.00 39.00 92.00 OK

Check Details

Version: 0.0-4
Check: installed package size
Result: NOTE
     installed size is 5.3Mb
     sub-directories of 1Mb or more:
     libs 5.3Mb
Flavor: r-patched-solaris-sparc