CRAN Package Check Results for Package hawkes

Last updated on 2018-05-27 02:46:41 CEST.

Flavor Version Tinstall Tcheck Ttotal Status Flags
r-devel-linux-x86_64-debian-clang 0.0-4 23.81 22.02 45.83 NOTE
r-devel-linux-x86_64-debian-gcc 0.0-4 21.48 17.54 39.02 NOTE
r-devel-linux-x86_64-fedora-clang 0.0-4 63.71 NOTE
r-devel-linux-x86_64-fedora-gcc 0.0-4 53.89 NOTE
r-devel-windows-ix86+x86_64 0.0-4 48.00 51.00 99.00 OK
r-patched-linux-x86_64 0.0-4 27.28 19.84 47.12 NOTE
r-patched-solaris-x86 0.0-4 67.20 OK
r-release-linux-x86_64 0.0-4 27.51 20.19 47.70 NOTE
r-release-windows-ix86+x86_64 0.0-4 72.00 46.00 118.00 OK
r-release-osx-x86_64 0.0-4 OK
r-oldrel-windows-ix86+x86_64 0.0-4 65.00 57.00 122.00 OK
r-oldrel-osx-x86_64 0.0-4 OK

Check Details

Version: 0.0-4
Check: compiled code
Result: NOTE
    File ‘hawkes/libs/hawkes.so’:
     Found no calls to: ‘R_registerRoutines’, ‘R_useDynamicSymbols’
    
    It is good practice to register native routines and to disable symbol
    search.
    
    See ‘Writing portable packages’ in the ‘Writing R Extensions’ manual.
Flavors: r-devel-linux-x86_64-debian-clang, r-devel-linux-x86_64-debian-gcc, r-devel-linux-x86_64-fedora-clang, r-devel-linux-x86_64-fedora-gcc, r-patched-linux-x86_64, r-release-linux-x86_64