CRAN Package Check Results for Package hawkes

Last updated on 2017-02-20 10:48:33.

Flavor Version Tinstall Tcheck Ttotal Status Flags
r-devel-linux-x86_64-debian-clang 0.0-4 14.94 13.36 28.30 NOTE
r-devel-linux-x86_64-debian-gcc 0.0-4 15.79 13.45 29.24 NOTE
r-devel-linux-x86_64-fedora-clang 0.0-4 54.40 NOTE --no-stop-on-test-error
r-devel-linux-x86_64-fedora-gcc 0.0-4 52.29 NOTE --no-stop-on-test-error
r-devel-macos-x86_64-clang 0.0-4 38.84 NOTE --no-stop-on-test-error
r-devel-windows-ix86+x86_64 0.0-4 74.00 59.00 133.00 OK
r-patched-linux-x86_64 0.0-4 13.26 11.08 24.34 OK
r-patched-solaris-sparc 0.0-4 264.80 OK
r-patched-solaris-x86 0.0-4 57.50 OK
r-release-linux-x86_64 0.0-4 13.22 11.16 24.38 OK
r-release-osx-x86_64-mavericks 0.0-4 OK
r-release-windows-ix86+x86_64 0.0-4 45.00 39.00 84.00 OK
r-oldrel-windows-ix86+x86_64 0.0-4 46.00 52.00 98.00 OK

Check Details

Version: 0.0-4
Check: compiled code
Result: NOTE
    File ‘hawkes/libs/hawkes.so’:
     Found no calls to: ‘R_registerRoutines’, ‘R_useDynamicSymbols’
    
    It is good practice to register native routines and to disable symbol
    search.
    
    See ‘Writing portable packages’ in the ‘Writing R Extensions’ manual.
Flavors: r-devel-linux-x86_64-debian-clang, r-devel-linux-x86_64-debian-gcc

Version: 0.0-4
Flags: --no-stop-on-test-error
Check: compiled code
Result: NOTE
    File ‘hawkes/libs/hawkes.so’:
     Found no calls to: ‘R_registerRoutines’, ‘R_useDynamicSymbols’
    
    It is good practice to register native routines and to disable symbol
    search.
    
    See ‘Writing portable packages’ in the ‘Writing R Extensions’ manual.
Flavors: r-devel-linux-x86_64-fedora-clang, r-devel-linux-x86_64-fedora-gcc, r-devel-macos-x86_64-clang