CRAN Package Check Results for Package hawkes

Last updated on 2017-12-15 04:47:20 CET.

Flavor Version Tinstall Tcheck Ttotal Status Flags
r-devel-linux-x86_64-debian-clang 0.0-4 21.50 14.00 35.50 FAIL
r-devel-linux-x86_64-debian-gcc 0.0-4 16.95 16.38 33.33 NOTE
r-devel-linux-x86_64-fedora-clang 0.0-4 57.21 NOTE
r-devel-linux-x86_64-fedora-gcc 0.0-4 52.73 NOTE
r-devel-windows-ix86+x86_64 0.0-4 68.00 60.00 128.00 OK
r-patched-linux-x86_64 0.0-4 20.89 19.40 40.29 NOTE
r-patched-solaris-x86 0.0-4 61.90 OK
r-release-linux-x86_64 0.0-4 21.47 20.17 41.64 NOTE
r-release-windows-ix86+x86_64 0.0-4 48.00 48.00 96.00 OK
r-release-osx-x86_64 0.0-4 OK
r-oldrel-windows-ix86+x86_64 0.0-4 44.00 52.00 96.00 OK
r-oldrel-osx-x86_64 0.0-4 OK

Check Details

Version: 0.0-4
Check: pragmas in C/C++ headers and code
Result: FAIL
    
Flavor: r-devel-linux-x86_64-debian-clang

Version: 0.0-4
Check: compiled code
Result: NOTE
    File ‘hawkes/libs/hawkes.so’:
     Found no calls to: ‘R_registerRoutines’, ‘R_useDynamicSymbols’
    
    It is good practice to register native routines and to disable symbol
    search.
    
    See ‘Writing portable packages’ in the ‘Writing R Extensions’ manual.
Flavors: r-devel-linux-x86_64-debian-gcc, r-devel-linux-x86_64-fedora-clang, r-devel-linux-x86_64-fedora-gcc, r-patched-linux-x86_64, r-release-linux-x86_64