CRAN Package Check Results for Package hawkes

Last updated on 2022-11-26 13:03:11 CET.

Flavor Version Tinstall Tcheck Ttotal Status Flags
r-devel-linux-x86_64-debian-clang 0.0-4 35.71 27.17 62.88 OK
r-devel-linux-x86_64-debian-gcc 0.0-4 28.34 21.55 49.89 OK
r-devel-linux-x86_64-fedora-clang 0.0-4 102.02 NOTE
r-devel-linux-x86_64-fedora-gcc 0.0-4 99.13 NOTE
r-devel-windows-x86_64 0.0-4 36.00 76.00 112.00 OK
r-patched-linux-x86_64 0.0-4 OK
r-release-linux-x86_64 0.0-4 33.79 27.22 61.01 OK
r-release-macos-arm64 0.0-4 27.00 OK
r-release-macos-x86_64 0.0-4 36.00 OK
r-release-windows-x86_64 0.0-4 36.00 77.00 113.00 OK
r-oldrel-macos-arm64 0.0-4 32.00 OK
r-oldrel-macos-x86_64 0.0-4 50.00 OK
r-oldrel-windows-ix86+x86_64 0.0-4 94.00 75.00 169.00 OK

Check Details

Version: 0.0-4
Check: compiled code
Result: NOTE
    File ‘hawkes/libs/hawkes.so’:
     Found no calls to: ‘R_registerRoutines’, ‘R_useDynamicSymbols’
    
    It is good practice to register native routines and to disable symbol
    search.
    
    See ‘Writing portable packages’ in the ‘Writing R Extensions’ manual.
Flavors: r-devel-linux-x86_64-fedora-clang, r-devel-linux-x86_64-fedora-gcc