Last updated on 2023-06-06 23:58:31 CEST.
Flavor | Version | Tinstall | Tcheck | Ttotal | Status | Flags |
---|---|---|---|---|---|---|
r-devel-linux-x86_64-debian-clang | 1.1.1 | 1360.02 | 155.10 | 1515.12 | NOTE | |
r-devel-linux-x86_64-debian-gcc | 1.1.1 | 1183.32 | 182.57 | 1365.89 | NOTE | |
r-devel-linux-x86_64-fedora-clang | 1.1.1 | 1954.36 | NOTE | |||
r-devel-linux-x86_64-fedora-gcc | 1.1.1 | 2574.27 | NOTE | |||
r-devel-windows-x86_64 | 1.1.1 | 925.00 | 219.00 | 1144.00 | NOTE | |
r-patched-linux-x86_64 | 1.1.1 | 957.82 | 230.07 | 1187.89 | NOTE | |
r-release-linux-x86_64 | 1.1.1 | 967.04 | 237.63 | 1204.67 | NOTE | |
r-release-macos-arm64 | 1.1.1 | 528.00 | NOTE | |||
r-release-macos-x86_64 | 1.0.5 | 810.00 | NOTE | |||
r-release-windows-x86_64 | 1.1.1 | 1203.00 | 287.00 | 1490.00 | NOTE | |
r-oldrel-macos-arm64 | 1.1.1 | 525.00 | NOTE | |||
r-oldrel-macos-x86_64 | 1.1.1 | 623.00 | NOTE | |||
r-oldrel-windows-x86_64 | 1.1.1 | 1152.00 | 258.00 | 1410.00 | NOTE |
Version: 1.1.1
Check: for GNU extensions in Makefiles
Result: NOTE
GNU make is a SystemRequirements.
Flavors: r-devel-linux-x86_64-debian-clang, r-devel-linux-x86_64-debian-gcc, r-devel-linux-x86_64-fedora-clang, r-devel-linux-x86_64-fedora-gcc, r-devel-windows-x86_64, r-patched-linux-x86_64, r-release-linux-x86_64, r-release-macos-arm64, r-release-windows-x86_64, r-oldrel-macos-arm64, r-oldrel-macos-x86_64, r-oldrel-windows-x86_64
Version: 1.1.1
Check: installed package size
Result: NOTE
installed size is 14.3Mb
sub-directories of 1Mb or more:
doc 1.2Mb
libs 12.4Mb
Flavors: r-devel-linux-x86_64-fedora-clang, r-devel-windows-x86_64, r-release-macos-arm64, r-release-windows-x86_64, r-oldrel-macos-arm64, r-oldrel-macos-x86_64, r-oldrel-windows-x86_64
Version: 1.0.5
Check: installed package size
Result: NOTE
installed size is 129.5Mb
sub-directories of 1Mb or more:
doc 1.2Mb
libs 127.7Mb
Flavor: r-release-macos-x86_64
Version: 1.0.5
Check: for GNU extensions in Makefiles
Result: NOTE
GNU make is a SystemRequirements.
Flavor: r-release-macos-x86_64