CRAN Package Check Results for Package hbim

Last updated on 2015-06-30 22:47:20.

Flavor Version Tinstall Tcheck Ttotal Status Flags
r-devel-linux-x86_64-debian-clang 1.0.3 0.73 15.56 16.30 NOTE
r-devel-linux-x86_64-debian-gcc 1.0.3 0.74 14.91 15.65 NOTE
r-devel-linux-x86_64-fedora-clang 1.0.3 29.23 NOTE
r-devel-linux-x86_64-fedora-gcc 1.0.3 27.85 NOTE
r-devel-osx-x86_64-clang 1.0.3 35.21 OK
r-devel-windows-ix86+x86_64 1.0.3 3.00 39.00 42.00 OK
r-patched-linux-x86_64 1.0.3 0.70 14.97 15.67 OK
r-patched-solaris-sparc 1.0.3 187.70 OK
r-patched-solaris-x86 1.0.3 41.30 OK
r-release-linux-x86_64 1.0.3 0.73 15.20 15.93 OK
r-release-osx-x86_64-mavericks 1.0.3 OK
r-release-windows-ix86+x86_64 1.0.3 2.00 30.00 32.00 OK
r-oldrel-windows-ix86+x86_64 1.0.3 5.00 29.00 34.00 OK

Check Details

Version: 1.0.3
Check: R code for possible problems
Result: NOTE
    calc.foldrange: no visible global function definition for ‘qt’
    calc.foldrange: no visible global function definition for ‘qnorm’
    equiv.ab: no visible global function definition for ‘approx’
    equiv.increase: no visible global function definition for ‘approx’
    hbpp.integrate1: no visible global function definition for ‘pnorm’
    hbpp.integrate2 : hb.y: no visible global function definition for
     ‘integrate’
    hbpp.integrate2: no visible global function definition for ‘integrate’
    hbpp.integrate3 : hb.z : hb.yZ: no visible global function definition
     for ‘integrate’
    hbpp.integrate3 : hb.z: no visible global function definition for
     ‘integrate’
    hbpp.integrate3: no visible global function definition for ‘integrate’
    hbpp.simulate: no visible global function definition for ‘rnorm’
    hbrr.integrate1 : hb.x: no visible global function definition for
     ‘dnorm’
    hbrr.integrate1: no visible global function definition for ‘integrate’
    hbrr.integrate2 : hb.y: no visible global function definition for
     ‘integrate’
    hbrr.integrate2: no visible global function definition for ‘integrate’
    hbrr.integrate2.rhoeq1 : hb.x: no visible global function definition
     for ‘dnorm’
    hbrr.integrate2.rhoeq1: no visible global function definition for
     ‘integrate’
    hbrr.integrate3 : hb.z : hb.yZ: no visible global function definition
     for ‘integrate’
    hbrr.integrate3 : hb.z: no visible global function definition for
     ‘integrate’
    hbrr.integrate3: no visible global function definition for ‘integrate’
    hbrr.integrate3.rhoeq1 : hb.x: no visible global function definition
     for ‘dnorm’
    hbrr.integrate3.rhoeq1: no visible global function definition for
     ‘integrate’
    hbrr.simulate: no visible global function definition for ‘rnorm’
    plotlogm.resp: no visible global function definition for ‘plot’
    plotlogm.resp: no visible global function definition for ‘axis’
    plotlogm.resp: no visible global function definition for ‘box’
    plotlogm.resp: no visible global function definition for ‘lines’
    plotresp.equiv: no visible global function definition for ‘plot’
    plotresp.equiv : doline: no visible global function definition for
     ‘lines’
    plotresp.mix: no visible global function definition for ‘plot’
    plotresp.mix : doline: no visible global function definition for
     ‘lines’
    plotresp.mix: no visible global function definition for ‘lines’
Flavors: r-devel-linux-x86_64-debian-clang, r-devel-linux-x86_64-debian-gcc, r-devel-linux-x86_64-fedora-clang, r-devel-linux-x86_64-fedora-gcc