CRAN Package Check Results for Package hbim

Last updated on 2016-08-26 11:47:22.

Flavor Version Tinstall Tcheck Ttotal Status Flags
r-devel-linux-x86_64-debian-clang 1.0.3 0.70 15.65 16.35 NOTE
r-devel-linux-x86_64-debian-gcc 1.0.3 0.91 19.36 20.27 NOTE
r-devel-linux-x86_64-fedora-clang 1.0.3 28.23 NOTE
r-devel-linux-x86_64-fedora-gcc 1.0.3 27.08 NOTE
r-devel-osx-x86_64-clang 1.0.3 23.55 NOTE
r-devel-windows-ix86+x86_64 1.0.3 4.00 44.00 48.00 NOTE
r-patched-linux-x86_64 1.0.3 0.72 14.91 15.63 NOTE
r-patched-solaris-sparc 1.0.3 168.50 NOTE
r-patched-solaris-x86 1.0.3 37.00 NOTE
r-release-linux-x86_64 1.0.3 0.68 15.18 15.87 NOTE
r-release-osx-x86_64-mavericks 1.0.3 NOTE
r-release-windows-ix86+x86_64 1.0.3 3.00 45.00 48.00 NOTE
r-oldrel-windows-ix86+x86_64 1.0.3 4.00 34.00 38.00 OK

Check Details

Version: 1.0.3
Check: R code for possible problems
Result: NOTE
    calc.foldrange: no visible global function definition for ‘qt’
    calc.foldrange: no visible global function definition for ‘qnorm’
    equiv.ab: no visible global function definition for ‘approx’
    equiv.increase: no visible global function definition for ‘approx’
    hbpp.integrate1: no visible global function definition for ‘pnorm’
    hbpp.integrate2 : hb.y: no visible global function definition for
     ‘integrate’
    hbpp.integrate2: no visible global function definition for ‘integrate’
    hbpp.integrate3 : hb.z : hb.yZ: no visible global function definition
     for ‘integrate’
    hbpp.integrate3 : hb.z: no visible global function definition for
     ‘integrate’
    hbpp.integrate3: no visible global function definition for ‘integrate’
    hbpp.simulate: no visible global function definition for ‘rnorm’
    hbrr.integrate1 : hb.x: no visible global function definition for
     ‘dnorm’
    hbrr.integrate1: no visible global function definition for ‘integrate’
    hbrr.integrate2 : hb.y: no visible global function definition for
     ‘integrate’
    hbrr.integrate2: no visible global function definition for ‘integrate’
    hbrr.integrate2.rhoeq1 : hb.x: no visible global function definition
     for ‘dnorm’
    hbrr.integrate2.rhoeq1: no visible global function definition for
     ‘integrate’
    hbrr.integrate3 : hb.z : hb.yZ: no visible global function definition
     for ‘integrate’
    hbrr.integrate3 : hb.z: no visible global function definition for
     ‘integrate’
    hbrr.integrate3: no visible global function definition for ‘integrate’
    hbrr.integrate3.rhoeq1 : hb.x: no visible global function definition
     for ‘dnorm’
    hbrr.integrate3.rhoeq1: no visible global function definition for
     ‘integrate’
    hbrr.simulate: no visible global function definition for ‘rnorm’
    plotlogm.resp: no visible global function definition for ‘plot’
    plotlogm.resp: no visible global function definition for ‘axis’
    plotlogm.resp: no visible global function definition for ‘box’
    plotlogm.resp: no visible global function definition for ‘lines’
    plotresp.equiv: no visible global function definition for ‘plot’
    plotresp.equiv : doline: no visible global function definition for
     ‘lines’
    plotresp.mix: no visible global function definition for ‘plot’
    plotresp.mix : doline: no visible global function definition for
     ‘lines’
    plotresp.mix: no visible global function definition for ‘lines’
    Undefined global functions or variables:
     approx axis box dnorm integrate lines plot pnorm qnorm qt rnorm
    Consider adding
     importFrom("graphics", "axis", "box", "lines", "plot")
     importFrom("stats", "approx", "dnorm", "integrate", "pnorm", "qnorm",
     "qt", "rnorm")
    to your NAMESPACE file.
Flavors: r-devel-linux-x86_64-debian-clang, r-devel-linux-x86_64-debian-gcc, r-devel-linux-x86_64-fedora-clang, r-devel-linux-x86_64-fedora-gcc, r-devel-osx-x86_64-clang, r-devel-windows-ix86+x86_64, r-patched-linux-x86_64, r-patched-solaris-sparc, r-patched-solaris-x86, r-release-linux-x86_64, r-release-osx-x86_64-mavericks, r-release-windows-ix86+x86_64