CRAN Package Check Results for Package hbsae

Last updated on 2015-05-22 23:48:00.

Flavor Version Tinstall Tcheck Ttotal Status Flags
r-devel-linux-x86_64-debian-clang 1.0 4.63 42.54 47.17 NOTE
r-devel-linux-x86_64-debian-gcc 1.0 3.51 44.40 47.91 NOTE
r-devel-linux-x86_64-fedora-clang 1.0 101.89 NOTE
r-devel-linux-x86_64-fedora-gcc 1.0 99.64 NOTE
r-devel-osx-x86_64-clang 1.0 87.85 OK
r-devel-windows-ix86+x86_64 1.0 12.00 60.00 72.00 OK
r-patched-linux-x86_64 1.0 4.66 44.93 49.60 NOTE
r-patched-solaris-sparc 1.0 578.00 OK
r-patched-solaris-x86 1.0 131.10 OK
r-release-linux-x86_64 1.0 3.43 44.41 47.84 NOTE
r-release-osx-x86_64-mavericks 1.0 OK
r-release-osx-x86_64-snowleopard 1.0 OK
r-release-windows-ix86+x86_64 1.0 9.00 64.00 73.00 OK
r-oldrel-windows-ix86+x86_64 1.0 13.00 78.00 91.00 OK

Check Details

Version: 1.0
Check: top-level files
Result: NOTE
    Non-standard file/directory found at top level:
     ‘examples’
Flavors: r-devel-linux-x86_64-debian-clang, r-devel-linux-x86_64-debian-gcc, r-devel-linux-x86_64-fedora-clang, r-devel-linux-x86_64-fedora-gcc, r-patched-linux-x86_64, r-release-linux-x86_64

Version: 1.0
Check: Rd line widths
Result: NOTE
    Rd file 'fSAE.Rd':
     \examples lines wider than 100 characters:
     est.global <- fSAE(y0 ~ x + area2, data=d$sam, area=NULL, popdata=colSums(d$Xpop), method="synthetic")
    
    Rd file 'plot.sae.Rd':
     \usage lines wider than 90 characters:
     main = switch(type, coef = "coefficients", raneff = "random effects", "SAE estimates"),
    
    Rd file 'uweights.Rd':
     \examples lines wider than 100 characters:
     sae <- fSAE(y0 ~ x + area2, data=d$sam, area="area", popdata=d$Xpop, method="hybrid", keep.data=TRUE)
    
    These lines will be truncated in the PDF manual.
Flavors: r-devel-linux-x86_64-debian-clang, r-devel-linux-x86_64-debian-gcc, r-devel-linux-x86_64-fedora-clang, r-devel-linux-x86_64-fedora-gcc, r-patched-linux-x86_64, r-release-linux-x86_64