CRAN Package Check Results for Package hbsae

Last updated on 2015-01-31 05:48:46.

Flavor Version Tinstall Tcheck Ttotal Status Flags
r-devel-linux-x86_64-debian-clang 1.0 3.53 41.43 44.96 NOTE
r-devel-linux-x86_64-debian-gcc 1.0 3.45 41.80 45.26 NOTE
r-devel-linux-x86_64-fedora-clang 1.0 135.80 NOTE
r-devel-linux-x86_64-fedora-gcc 1.0 137.75 NOTE
r-devel-osx-x86_64-clang 1.0 118.04 OK
r-devel-windows-ix86+x86_64 1.0 10.00 62.00 72.00 OK
r-patched-linux-x86_64 1.0 5.03 57.24 62.28 NOTE
r-patched-solaris-sparc 1.0 751.10 OK
r-patched-solaris-x86 1.0 182.20 OK
r-release-linux-ix86 1.0 5.60 64.51 70.11 OK
r-release-linux-x86_64 1.0 5.02 57.00 62.02 NOTE
r-release-osx-x86_64-mavericks 1.0 OK
r-release-osx-x86_64-snowleopard 1.0 OK
r-release-windows-ix86+x86_64 1.0 13.00 82.00 95.00 OK
r-oldrel-windows-ix86+x86_64 1.0 12.00 81.00 93.00 OK

Check Details

Version: 1.0
Check: top-level files
Result: NOTE
    Non-standard file/directory found at top level:
     ‘examples’
Flavors: r-devel-linux-x86_64-debian-clang, r-devel-linux-x86_64-debian-gcc, r-devel-linux-x86_64-fedora-clang, r-devel-linux-x86_64-fedora-gcc, r-patched-linux-x86_64, r-release-linux-x86_64

Version: 1.0
Check: Rd line widths
Result: NOTE
    Rd file 'fSAE.Rd':
     \examples lines wider than 100 characters:
     est.global <- fSAE(y0 ~ x + area2, data=d$sam, area=NULL, popdata=colSums(d$Xpop), method="synthetic")
    
    Rd file 'plot.sae.Rd':
     \usage lines wider than 90 characters:
     main = switch(type, coef = "coefficients", raneff = "random effects", "SAE estimates"),
    
    Rd file 'uweights.Rd':
     \examples lines wider than 100 characters:
     sae <- fSAE(y0 ~ x + area2, data=d$sam, area="area", popdata=d$Xpop, method="hybrid", keep.data=TRUE)
    
    These lines will be truncated in the PDF manual.
Flavors: r-devel-linux-x86_64-debian-clang, r-devel-linux-x86_64-debian-gcc, r-devel-linux-x86_64-fedora-clang, r-devel-linux-x86_64-fedora-gcc, r-patched-linux-x86_64, r-release-linux-x86_64