CRAN Package Check Results for Package hbsae

Last updated on 2014-10-26 07:50:02.

Flavor Version Tinstall Tcheck Ttotal Status Flags
r-devel-linux-x86_64-debian-clang 1.0 4.97 53.51 58.48 NOTE
r-devel-linux-x86_64-debian-gcc 1.0 5.35 55.31 60.66 NOTE
r-devel-linux-x86_64-fedora-clang 1.0 155.32 NOTE
r-devel-linux-x86_64-fedora-gcc 1.0 138.59 NOTE
r-devel-osx-x86_64-clang 1.0 119.00 OK
r-devel-windows-ix86+x86_64 1.0 12.00 80.00 92.00 OK
r-patched-linux-x86_64 1.0 5.12 56.18 61.30 NOTE
r-patched-solaris-sparc 1.0 756.60 OK
r-patched-solaris-x86 1.0 182.40 OK
r-release-linux-ix86 1.0 5.75 66.49 72.24 OK
r-release-linux-x86_64 1.0 5.21 56.62 61.83 NOTE
r-release-osx-x86_64-mavericks 1.0 OK
r-release-osx-x86_64-snowleopard 1.0 OK
r-release-windows-ix86+x86_64 1.0 13.00 77.00 90.00 OK
r-oldrel-windows-ix86+x86_64 1.0 11.00 77.00 88.00 OK

Check Details

Version: 1.0
Check: top-level files
Result: NOTE
    Non-standard file/directory found at top level:
     ‘examples’
Flavors: r-devel-linux-x86_64-debian-clang, r-devel-linux-x86_64-debian-gcc, r-devel-linux-x86_64-fedora-clang, r-devel-linux-x86_64-fedora-gcc, r-patched-linux-x86_64, r-release-linux-x86_64

Version: 1.0
Check: Rd line widths
Result: NOTE
    Rd file 'fSAE.Rd':
     \examples lines wider than 100 characters:
     est.global <- fSAE(y0 ~ x + area2, data=d$sam, area=NULL, popdata=colSums(d$Xpop), method="synthetic")
    
    Rd file 'plot.sae.Rd':
     \usage lines wider than 90 characters:
     main = switch(type, coef = "coefficients", raneff = "random effects", "SAE estimates"),
    
    Rd file 'uweights.Rd':
     \examples lines wider than 100 characters:
     sae <- fSAE(y0 ~ x + area2, data=d$sam, area="area", popdata=d$Xpop, method="hybrid", keep.data=TRUE)
    
    These lines will be truncated in the PDF manual.
Flavors: r-devel-linux-x86_64-debian-clang, r-devel-linux-x86_64-debian-gcc, r-devel-linux-x86_64-fedora-clang, r-devel-linux-x86_64-fedora-gcc, r-patched-linux-x86_64, r-release-linux-x86_64