CRAN Package Check Results for Package hbsae

Last updated on 2014-04-25 09:52:15.

Flavor Version Tinstall Tcheck Ttotal Status Flags
r-devel-linux-x86_64-debian-clang 1.0 5.62 59.02 64.64 OK
r-devel-linux-x86_64-debian-gcc 1.0 5.81 57.80 63.61 OK
r-devel-linux-x86_64-fedora-clang 1.0 149.67 NOTE
r-devel-linux-x86_64-fedora-gcc 1.0 143.85 NOTE
r-devel-osx-x86_64-clang 1.0 114.23 OK
r-devel-osx-x86_64-gcc 1.0 OK
r-devel-windows-ix86+x86_64 1.0 11.00 1.00 12.00 ERROR
r-patched-linux-x86_64 1.0 5.24 57.45 62.69 OK
r-patched-solaris-sparc 1.0 735.50 OK
r-patched-solaris-x86 1.0 180.70 OK
r-release-linux-ix86 1.0 8.00 94.00 102.00 OK
r-release-linux-x86_64 1.0 5.36 58.08 63.44 OK
r-release-osx-x86_64-mavericks 1.0 OK
r-release-osx-x86_64-snowleopard 1.0 OK
r-release-windows-ix86+x86_64 1.0 13.00 1.00 14.00 ERROR
r-oldrel-windows-ix86+x86_64 1.0 12.00 77.00 89.00 OK

Check Details

Version: 1.0
Check: top-level files
Result: NOTE
    Non-standard file/directory found at top level:
     ‘examples’
Flavors: r-devel-linux-x86_64-fedora-clang, r-devel-linux-x86_64-fedora-gcc

Version: 1.0
Check: Rd line widths
Result: NOTE
    Rd file 'fSAE.Rd':
     \examples lines wider than 100 characters:
     est.global <- fSAE(y0 ~ x + area2, data=d$sam, area=NULL, popdata=colSums(d$Xpop), method="synthetic")
    
    Rd file 'plot.sae.Rd':
     \usage lines wider than 90 characters:
     main = switch(type, coef = "coefficients", raneff = "random effects", "SAE estimates"),
    
    Rd file 'uweights.Rd':
     \examples lines wider than 100 characters:
     sae <- fSAE(y0 ~ x + area2, data=d$sam, area="area", popdata=d$Xpop, method="hybrid", keep.data=TRUE)
    
    These lines will be truncated in the PDF manual.
Flavors: r-devel-linux-x86_64-fedora-clang, r-devel-linux-x86_64-fedora-gcc

Version: 1.0
Check: whether package can be installed
Result: ERROR
    Installation failed.
    See 'd:/Rcompile/CRANpkg/local/3.2/hbsae.Rcheck/00install.out' for details.
Flavor: r-devel-windows-ix86+x86_64

Version: 1.0
Check: whether package can be installed
Result: ERROR
    Installation failed.
    See 'd:/Rcompile/CRANpkg/local/3.1/hbsae.Rcheck/00install.out' for details.
Flavor: r-release-windows-ix86+x86_64