CRAN Package Check Results for Package hbsae

Last updated on 2014-09-20 20:46:36.

Flavor Version Tinstall Tcheck Ttotal Status Flags
r-devel-linux-x86_64-debian-clang 1.0 4.71 53.70 58.41 NOTE
r-devel-linux-x86_64-debian-gcc 1.0 4.69 52.86 57.55 NOTE
r-devel-linux-x86_64-fedora-clang 1.0 146.06 NOTE
r-devel-linux-x86_64-fedora-gcc 1.0 136.13 NOTE
r-devel-osx-x86_64-clang 1.0 116.46 OK
r-devel-windows-ix86+x86_64 1.0 14.00 72.00 86.00 OK
r-patched-linux-x86_64 1.0 5.03 55.76 60.79 NOTE
r-patched-solaris-sparc 1.0 756.60 OK
r-patched-solaris-x86 1.0 178.40 OK
r-release-linux-ix86 1.0 5.83 66.37 72.20 OK
r-release-linux-x86_64 1.0 5.06 58.43 63.49 NOTE
r-release-osx-x86_64-mavericks 1.0 OK
r-release-osx-x86_64-snowleopard 1.0 OK
r-release-windows-ix86+x86_64 1.0 12.00 82.00 94.00 OK
r-oldrel-windows-ix86+x86_64 1.0 12.00 79.00 91.00 OK

Check Details

Version: 1.0
Check: top-level files
Result: NOTE
    Non-standard file/directory found at top level:
     ‘examples’
Flavors: r-devel-linux-x86_64-debian-clang, r-devel-linux-x86_64-debian-gcc, r-devel-linux-x86_64-fedora-clang, r-devel-linux-x86_64-fedora-gcc, r-patched-linux-x86_64, r-release-linux-x86_64

Version: 1.0
Check: Rd line widths
Result: NOTE
    Rd file 'fSAE.Rd':
     \examples lines wider than 100 characters:
     est.global <- fSAE(y0 ~ x + area2, data=d$sam, area=NULL, popdata=colSums(d$Xpop), method="synthetic")
    
    Rd file 'plot.sae.Rd':
     \usage lines wider than 90 characters:
     main = switch(type, coef = "coefficients", raneff = "random effects", "SAE estimates"),
    
    Rd file 'uweights.Rd':
     \examples lines wider than 100 characters:
     sae <- fSAE(y0 ~ x + area2, data=d$sam, area="area", popdata=d$Xpop, method="hybrid", keep.data=TRUE)
    
    These lines will be truncated in the PDF manual.
Flavors: r-devel-linux-x86_64-debian-clang, r-devel-linux-x86_64-debian-gcc, r-devel-linux-x86_64-fedora-clang, r-devel-linux-x86_64-fedora-gcc, r-patched-linux-x86_64, r-release-linux-x86_64