CRAN Package Check Results for Package hbsae

Last updated on 2015-03-29 17:51:36.

Flavor Version Tinstall Tcheck Ttotal Status Flags
r-devel-linux-x86_64-debian-clang 1.0 3.48 43.70 47.18 NOTE
r-devel-linux-x86_64-debian-gcc 1.0 3.36 42.39 45.75 NOTE
r-devel-linux-x86_64-fedora-clang 1.0 102.61 NOTE
r-devel-linux-x86_64-fedora-gcc 1.0 110.82 NOTE
r-devel-osx-x86_64-clang 1.0 94.29 OK
r-prerel-windows-ix86+x86_64 1.0 13.00 66.00 79.00 OK
r-prerel-linux-x86_64 1.0 3.29 42.26 45.55 NOTE
r-prerel-solaris-sparc 1.0 563.00 OK
r-prerel-solaris-x86 1.0 128.70 OK
r-release-linux-x86_64 1.0 5.07 56.94 62.00 NOTE
r-release-osx-x86_64-mavericks 1.0 OK
r-release-osx-x86_64-snowleopard 1.0 OK
r-release-windows-ix86+x86_64 1.0 12.00 82.00 94.00 OK
r-oldrel-windows-ix86+x86_64 1.0 15.00 90.00 105.00 OK

Check Details

Version: 1.0
Check: top-level files
Result: NOTE
    Non-standard file/directory found at top level:
     ‘examples’
Flavors: r-devel-linux-x86_64-debian-clang, r-devel-linux-x86_64-debian-gcc, r-devel-linux-x86_64-fedora-clang, r-devel-linux-x86_64-fedora-gcc, r-prerel-linux-x86_64, r-release-linux-x86_64

Version: 1.0
Check: Rd line widths
Result: NOTE
    Rd file 'fSAE.Rd':
     \examples lines wider than 100 characters:
     est.global <- fSAE(y0 ~ x + area2, data=d$sam, area=NULL, popdata=colSums(d$Xpop), method="synthetic")
    
    Rd file 'plot.sae.Rd':
     \usage lines wider than 90 characters:
     main = switch(type, coef = "coefficients", raneff = "random effects", "SAE estimates"),
    
    Rd file 'uweights.Rd':
     \examples lines wider than 100 characters:
     sae <- fSAE(y0 ~ x + area2, data=d$sam, area="area", popdata=d$Xpop, method="hybrid", keep.data=TRUE)
    
    These lines will be truncated in the PDF manual.
Flavors: r-devel-linux-x86_64-debian-clang, r-devel-linux-x86_64-debian-gcc, r-devel-linux-x86_64-fedora-clang, r-devel-linux-x86_64-fedora-gcc, r-prerel-linux-x86_64, r-release-linux-x86_64