CRAN Package Check Results for Package hbsae

Last updated on 2014-07-31 03:48:33.

Flavor Version Tinstall Tcheck Ttotal Status Flags
r-devel-linux-x86_64-debian-clang 1.0 4.95 55.85 60.80 OK
r-devel-linux-x86_64-debian-gcc 1.0 4.93 55.31 60.24 OK
r-devel-linux-x86_64-fedora-clang 1.0 147.05 NOTE
r-devel-linux-x86_64-fedora-gcc 1.0 143.36 NOTE
r-devel-osx-x86_64-clang 1.0 117.09 OK
r-devel-windows-ix86+x86_64 1.0 13.00 76.00 89.00 OK
r-patched-linux-x86_64 1.0 5.03 56.32 61.35 OK
r-patched-solaris-sparc 1.0 756.60 OK
r-patched-solaris-x86 1.0 177.40 OK
r-release-linux-ix86 1.0 5.71 64.54 70.26 OK
r-release-linux-x86_64 1.0 6.32 55.91 62.24 OK
r-release-osx-x86_64-mavericks 1.0 OK
r-release-osx-x86_64-snowleopard 1.0 OK
r-release-windows-ix86+x86_64 1.0 19.00 109.00 128.00 OK
r-oldrel-windows-ix86+x86_64 1.0 11.00 105.00 116.00 OK

Check Details

Version: 1.0
Check: top-level files
Result: NOTE
    Non-standard file/directory found at top level:
     examples
Flavors: r-devel-linux-x86_64-fedora-clang, r-devel-linux-x86_64-fedora-gcc

Version: 1.0
Check: Rd line widths
Result: NOTE
    Rd file 'fSAE.Rd':
     \examples lines wider than 100 characters:
     est.global <- fSAE(y0 ~ x + area2, data=d$sam, area=NULL, popdata=colSums(d$Xpop), method="synthetic")
    
    Rd file 'plot.sae.Rd':
     \usage lines wider than 90 characters:
     main = switch(type, coef = "coefficients", raneff = "random effects", "SAE estimates"),
    
    Rd file 'uweights.Rd':
     \examples lines wider than 100 characters:
     sae <- fSAE(y0 ~ x + area2, data=d$sam, area="area", popdata=d$Xpop, method="hybrid", keep.data=TRUE)
    
    These lines will be truncated in the PDF manual.
Flavors: r-devel-linux-x86_64-fedora-clang, r-devel-linux-x86_64-fedora-gcc