CRAN Package Check Results for Package hbsae

Last updated on 2015-07-05 14:46:34.

Flavor Version Tinstall Tcheck Ttotal Status Flags
r-devel-linux-x86_64-debian-clang 1.0 3.30 44.22 47.52 NOTE
r-devel-linux-x86_64-debian-gcc 1.0 3.44 41.73 45.18 NOTE
r-devel-linux-x86_64-fedora-clang 1.0 98.45 NOTE
r-devel-linux-x86_64-fedora-gcc 1.0 90.57 NOTE
r-devel-osx-x86_64-clang 1.0 84.18 OK
r-devel-windows-ix86+x86_64 1.0 11.00 92.00 103.00 NOTE
r-patched-linux-x86_64 1.0 4.24 43.18 47.42 NOTE
r-patched-solaris-sparc 1.0 578.00 OK
r-patched-solaris-x86 1.0 132.60 OK
r-release-linux-x86_64 1.0 3.99 42.71 46.70 NOTE
r-release-osx-x86_64-mavericks 1.0 OK
r-release-windows-ix86+x86_64 1.0 15.00 64.00 79.00 OK
r-oldrel-windows-ix86+x86_64 1.0 21.00 115.00 136.00 OK

Check Details

Version: 1.0
Check: top-level files
Result: NOTE
    Non-standard file/directory found at top level:
     ‘examples’
Flavors: r-devel-linux-x86_64-debian-clang, r-devel-linux-x86_64-debian-gcc, r-devel-linux-x86_64-fedora-clang, r-devel-linux-x86_64-fedora-gcc, r-patched-linux-x86_64, r-release-linux-x86_64

Version: 1.0
Check: R code for possible problems
Result: NOTE
    CVarea: no visible global function definition for ‘is’
    EST: no visible global function definition for ‘coef’
    aggr: no visible global function definition for ‘is’
    bench: no visible global function definition for ‘is’
    deff.weights: no visible global function definition for ‘var’
    fSAE: no visible global function definition for ‘na.fail’
    fSAE: no visible global function definition for ‘model.frame’
    fSAE: no visible binding for global variable ‘na.fail’
    fSAE: no visible global function definition for ‘model.response’
    fSAE: no visible global function definition for ‘model.matrix’
    fSAE.Unit: no visible global function definition for ‘is’
    fSAE.Unit: no visible global function definition for ‘na.omit’
    fSAE.Unit: no visible binding for global variable ‘var’
    fSAE.Unit: no visible global function definition for ‘var’
    fSAE.Unit: no visible global function definition for ‘optim’
    fSAE.Unit: no visible global function definition for ‘optimize’
    fSAE.Unit: no visible global function definition for ‘integrate’
    fSAE.Unit: no visible global function definition for ‘curve’
    fSAE.Unit: no visible global function definition for ‘abline’
    fSAE.Unit: no visible global function definition for ‘mtext’
    fSurvReg: no visible global function definition for ‘na.omit’
    fitted.sae: no visible global function definition for ‘residuals’
    generateFakeData: no visible global function definition for ‘rgamma’
    generateFakeData: no visible global function definition for ‘rnorm’
    generateFakeData: no visible global function definition for
     ‘model.matrix’
    plot.sae: no visible global function definition for ‘dev.new’
    plot.sae: no visible global function definition for ‘par’
    plot.weights: no visible global function definition for ‘hist’
    plot.weights: no visible global function definition for ‘boxplot’
    print.sae: no visible global function definition for ‘coef’
    print.sae: no visible global function definition for ‘vcov’
    print.sae: no visible global function definition for ‘printCoefmat’
    Undefined global functions or variables:
     abline boxplot coef curve dev.new hist integrate is model.frame
     model.matrix model.response mtext na.fail na.omit optim optimize par
     printCoefmat residuals rgamma rnorm var vcov
Flavors: r-devel-linux-x86_64-debian-clang, r-devel-linux-x86_64-debian-gcc, r-devel-linux-x86_64-fedora-clang, r-devel-linux-x86_64-fedora-gcc, r-devel-windows-ix86+x86_64

Version: 1.0
Check: Rd line widths
Result: NOTE
    Rd file 'fSAE.Rd':
     \examples lines wider than 100 characters:
     est.global <- fSAE(y0 ~ x + area2, data=d$sam, area=NULL, popdata=colSums(d$Xpop), method="synthetic")
    
    Rd file 'plot.sae.Rd':
     \usage lines wider than 90 characters:
     main = switch(type, coef = "coefficients", raneff = "random effects", "SAE estimates"),
    
    Rd file 'uweights.Rd':
     \examples lines wider than 100 characters:
     sae <- fSAE(y0 ~ x + area2, data=d$sam, area="area", popdata=d$Xpop, method="hybrid", keep.data=TRUE)
    
    These lines will be truncated in the PDF manual.
Flavors: r-devel-linux-x86_64-debian-clang, r-devel-linux-x86_64-debian-gcc, r-devel-linux-x86_64-fedora-clang, r-devel-linux-x86_64-fedora-gcc, r-patched-linux-x86_64, r-release-linux-x86_64