CRAN Package Check Results for Package hbsae

Last updated on 2015-08-02 11:47:23.

Flavor Version Tinstall Tcheck Ttotal Status Flags
r-devel-linux-x86_64-debian-clang 1.0 3.50 44.14 47.64 NOTE
r-devel-linux-x86_64-debian-gcc 1.0 3.88 44.44 48.32 NOTE
r-devel-linux-x86_64-fedora-clang 1.0 107.85 NOTE
r-devel-linux-x86_64-fedora-gcc 1.0 98.33 NOTE
r-devel-osx-x86_64-clang 1.0 82.41 OK
r-devel-windows-ix86+x86_64 1.0 11.00 73.00 84.00 NOTE
r-patched-linux-x86_64 1.0 3.48 43.66 47.13 NOTE
r-patched-solaris-sparc 1.0 579.00 OK
r-patched-solaris-x86 1.0 130.80 OK
r-release-linux-x86_64 1.0 3.42 42.58 46.01 NOTE
r-release-osx-x86_64-mavericks 1.0 OK
r-release-windows-ix86+x86_64 1.0 15.00 79.00 94.00 OK
r-oldrel-windows-ix86+x86_64 1.0 19.00 94.00 113.00 OK

Check Details

Version: 1.0
Check: top-level files
Result: NOTE
    Non-standard file/directory found at top level:
     ‘examples’
Flavors: r-devel-linux-x86_64-debian-clang, r-devel-linux-x86_64-debian-gcc, r-devel-linux-x86_64-fedora-clang, r-devel-linux-x86_64-fedora-gcc, r-patched-linux-x86_64, r-release-linux-x86_64

Version: 1.0
Check: R code for possible problems
Result: NOTE
    CVarea: no visible global function definition for ‘is’
    EST: no visible global function definition for ‘coef’
    aggr: no visible global function definition for ‘is’
    bench: no visible global function definition for ‘is’
    deff.weights: no visible global function definition for ‘var’
    fSAE: no visible global function definition for ‘na.fail’
    fSAE: no visible global function definition for ‘model.frame’
    fSAE: no visible binding for global variable ‘na.fail’
    fSAE: no visible global function definition for ‘model.response’
    fSAE: no visible global function definition for ‘model.matrix’
    fSAE.Unit: no visible global function definition for ‘is’
    fSAE.Unit: no visible global function definition for ‘na.omit’
    fSAE.Unit: no visible binding for global variable ‘var’
    fSAE.Unit: no visible global function definition for ‘var’
    fSAE.Unit: no visible global function definition for ‘optim’
    fSAE.Unit: no visible global function definition for ‘optimize’
    fSAE.Unit: no visible global function definition for ‘integrate’
    fSAE.Unit: no visible global function definition for ‘curve’
    fSAE.Unit: no visible global function definition for ‘abline’
    fSAE.Unit: no visible global function definition for ‘mtext’
    fSurvReg: no visible global function definition for ‘na.omit’
    fitted.sae: no visible global function definition for ‘residuals’
    generateFakeData: no visible global function definition for ‘rgamma’
    generateFakeData: no visible global function definition for ‘rnorm’
    generateFakeData: no visible global function definition for
     ‘model.matrix’
    plot.sae: no visible global function definition for ‘dev.new’
    plot.sae: no visible global function definition for ‘par’
    plot.weights: no visible global function definition for ‘hist’
    plot.weights: no visible global function definition for ‘boxplot’
    print.sae: no visible global function definition for ‘coef’
    print.sae: no visible global function definition for ‘vcov’
    print.sae: no visible global function definition for ‘printCoefmat’
    Undefined global functions or variables:
     abline boxplot coef curve dev.new hist integrate is model.frame
     model.matrix model.response mtext na.fail na.omit optim optimize par
     printCoefmat residuals rgamma rnorm var vcov
    Consider adding
     importFrom("grDevices", "dev.new")
     importFrom("graphics", "abline", "boxplot", "curve", "hist", "mtext",
     "par")
     importFrom("methods", "is")
     importFrom("stats", "coef", "integrate", "model.frame", "model.matrix",
     "model.response", "na.fail", "na.omit", "optim", "optimize",
     "printCoefmat", "residuals", "rgamma", "rnorm", "var",
     "vcov")
    to your NAMESPACE.
Flavors: r-devel-linux-x86_64-debian-clang, r-devel-linux-x86_64-debian-gcc, r-devel-linux-x86_64-fedora-clang, r-devel-linux-x86_64-fedora-gcc, r-devel-windows-ix86+x86_64

Version: 1.0
Check: Rd line widths
Result: NOTE
    Rd file 'fSAE.Rd':
     \examples lines wider than 100 characters:
     est.global <- fSAE(y0 ~ x + area2, data=d$sam, area=NULL, popdata=colSums(d$Xpop), method="synthetic")
    
    Rd file 'plot.sae.Rd':
     \usage lines wider than 90 characters:
     main = switch(type, coef = "coefficients", raneff = "random effects", "SAE estimates"),
    
    Rd file 'uweights.Rd':
     \examples lines wider than 100 characters:
     sae <- fSAE(y0 ~ x + area2, data=d$sam, area="area", popdata=d$Xpop, method="hybrid", keep.data=TRUE)
    
    These lines will be truncated in the PDF manual.
Flavors: r-devel-linux-x86_64-debian-clang, r-devel-linux-x86_64-debian-gcc, r-devel-linux-x86_64-fedora-clang, r-devel-linux-x86_64-fedora-gcc, r-patched-linux-x86_64, r-release-linux-x86_64