CRAN Package Check Results for Package hcandersenr

Last updated on 2024-03-05 15:50:28 CET.

Flavor Version Tinstall Tcheck Ttotal Status Flags
r-devel-linux-x86_64-debian-clang 0.2.0 5.37 22.92 28.29 OK
r-devel-linux-x86_64-debian-gcc 0.2.0 4.01 18.24 22.25 OK
r-devel-linux-x86_64-fedora-clang 0.2.0 34.90 NOTE
r-devel-linux-x86_64-fedora-gcc 0.2.0 33.76 NOTE
r-devel-windows-x86_64 0.2.0 6.00 39.00 45.00 OK
r-patched-linux-x86_64 0.2.0 4.87 22.80 27.67 OK
r-release-linux-x86_64 0.2.0 5.11 22.86 27.97 OK
r-release-macos-arm64 0.2.0 18.00 OK
r-release-macos-x86_64 0.2.0 24.00 OK
r-release-windows-x86_64 0.2.0 8.00 39.00 47.00 OK
r-oldrel-macos-arm64 0.2.0 19.00 OK
r-oldrel-windows-x86_64 0.2.0 13.00 45.00 58.00 OK

Check Details

Version: 0.2.0
Check: data for non-ASCII characters
Result: NOTE Note: found 104392 marked UTF-8 strings Flavors: r-devel-linux-x86_64-fedora-clang, r-devel-linux-x86_64-fedora-gcc