CRAN Package Check Results for Package hcp

Last updated on 2022-05-27 14:53:00 CEST.

Flavor Version Tinstall Tcheck Ttotal Status Flags
r-devel-linux-x86_64-debian-clang 0.1 5.23 48.10 53.33 NOTE
r-devel-linux-x86_64-debian-gcc 0.1 3.90 36.07 39.97 NOTE
r-devel-linux-x86_64-fedora-clang 0.1 63.14 NOTE
r-devel-linux-x86_64-fedora-gcc 0.1 63.49 NOTE
r-devel-windows-x86_64 0.1 20.00 58.00 78.00 NOTE
r-patched-linux-x86_64 0.1 6.83 46.64 53.47 NOTE
r-release-linux-x86_64 0.1 5.72 46.81 52.53 NOTE
r-release-macos-arm64 0.1 19.00 NOTE
r-release-macos-x86_64 0.1 25.00 NOTE
r-release-windows-x86_64 0.1 11.00 55.00 66.00 NOTE
r-oldrel-macos-arm64 0.1 22.00 NOTE
r-oldrel-macos-x86_64 0.1 45.00 NOTE
r-oldrel-windows-ix86+x86_64 0.1 9.00 36.00 45.00 NOTE

Check Details

Version: 0.1
Check: R code for possible problems
Result: NOTE
    CalcCrit: no visible global function definition for 'tail'
    CalcCrit: no visible global function definition for 'anova'
    SimulInt: no visible global function definition for 'qf'
    con.search: no visible global function definition for 'persp'
    con.search: no visible global function definition for 'title'
    con.search.C: no visible global function definition for 'persp'
    con.search.C: no visible global function definition for 'title'
    con.search.D: no visible global function definition for 'persp'
    con.search.D: no visible global function definition for 'title'
    con2.search: no visible global function definition for 'persp'
    con2.search: no visible global function definition for 'title'
    con2.search.C: no visible global function definition for 'persp'
    con2.search.C: no visible global function definition for 'title'
    con2.search.D: no visible global function definition for 'persp'
    con2.search.D: no visible global function definition for 'title'
    llsearch: no visible global function definition for 'persp'
    llsearch: no visible global function definition for 'title'
    llsearch.C: no visible global function definition for 'persp'
    llsearch.C: no visible global function definition for 'title'
    llsearch.D: no visible global function definition for 'persp'
    llsearch.D: no visible global function definition for 'title'
    p.est: no visible global function definition for 'lm'
    p.est.C: no visible global function definition for 'lm'
    p.est.D: no visible global function definition for 'lm'
    p2.est: no visible global function definition for 'lm'
    p2.est.C: no visible global function definition for 'lm'
    p2.est.D: no visible global function definition for 'lm'
    rss: no visible global function definition for 'lm'
    rss.C: no visible global function definition for 'lm'
    rss.D: no visible global function definition for 'lm'
    Undefined global functions or variables:
     anova lm persp qf tail title
    Consider adding
     importFrom("graphics", "persp", "title")
     importFrom("stats", "anova", "lm", "qf")
     importFrom("utils", "tail")
    to your NAMESPACE file.
Flavors: r-devel-linux-x86_64-debian-clang, r-devel-linux-x86_64-debian-gcc, r-devel-linux-x86_64-fedora-clang, r-devel-linux-x86_64-fedora-gcc, r-devel-windows-x86_64, r-patched-linux-x86_64, r-release-linux-x86_64, r-release-macos-arm64, r-release-macos-x86_64, r-release-windows-x86_64, r-oldrel-macos-arm64, r-oldrel-macos-x86_64, r-oldrel-windows-ix86+x86_64