CRAN Package Check Results for Package hda

Last updated on 2015-09-05 09:46:52.

Flavor Version Tinstall Tcheck Ttotal Status Flags
r-devel-linux-x86_64-debian-clang 0.2-12 0.55 12.32 12.87 NOTE
r-devel-linux-x86_64-debian-gcc 0.2-12 0.51 11.93 12.44 NOTE
r-devel-linux-x86_64-fedora-clang 0.2-12 24.65 NOTE
r-devel-linux-x86_64-fedora-gcc 0.2-12 23.01 NOTE
r-devel-osx-x86_64-clang 0.2-12 28.57 OK
r-devel-windows-ix86+x86_64 0.2-12 4.00 25.00 29.00 NOTE
r-patched-linux-x86_64 0.2-12 0.60 12.62 13.22 OK
r-patched-solaris-sparc 0.2-12 138.90 OK
r-patched-solaris-x86 0.2-12 36.00 OK
r-release-linux-x86_64 0.2-12 0.57 12.57 13.14 OK
r-release-osx-x86_64-mavericks 0.2-12 OK
r-release-windows-ix86+x86_64 0.2-12 3.00 36.00 39.00 OK
r-oldrel-windows-ix86+x86_64 0.2-12 3.00 26.00 29.00 OK

Check Details

Version: 0.2-12
Check: R code for possible problems
Result: NOTE
    comp.acc: no visible global function definition for ‘pnorm’
    comp.vlifts: no visible binding for global variable ‘cov’
    hda.default: no visible binding for global variable ‘cov’
    hda.default: no visible global function definition for ‘runif’
    hda.default: no visible global function definition for ‘pchisq’
    hda.default: no visible global function definition for ‘manova’
    hda.default: no visible global function definition for ‘aov’
    hda.formula: no visible global function definition for ‘model.response’
    hda.formula: no visible global function definition for ‘model.matrix’
    plot.hda: no visible global function definition for ‘plot’
    plot.hda: no visible global function definition for ‘par’
    plot.hda: no visible global function definition for ‘dnorm’
    plot.hda: no visible global function definition for ‘lines’
    predict.hda: no visible global function definition for ‘predict’
    predict.hda : priodens: no visible global function definition for
     ‘dnorm’
    showloadings: no visible global function definition for ‘par’
    showloadings: no visible global function definition for ‘plot’
    showloadings: no visible global function definition for ‘text’
    Undefined global functions or variables:
     aov cov dnorm lines manova model.matrix model.response par pchisq
     plot pnorm predict runif text
    Consider adding
     importFrom("graphics", "lines", "par", "plot", "text")
     importFrom("stats", "aov", "cov", "dnorm", "manova", "model.matrix",
     "model.response", "pchisq", "pnorm", "predict", "runif")
    to your NAMESPACE.
Flavors: r-devel-linux-x86_64-debian-clang, r-devel-linux-x86_64-debian-gcc, r-devel-linux-x86_64-fedora-clang, r-devel-linux-x86_64-fedora-gcc, r-devel-windows-ix86+x86_64