CRAN Package Check Results for Package hda

Last updated on 2015-07-08 03:48:06.

Flavor Version Tinstall Tcheck Ttotal Status Flags
r-devel-linux-x86_64-debian-clang 0.2-12 0.53 11.74 12.28 NOTE
r-devel-linux-x86_64-debian-gcc 0.2-12 0.52 12.48 13.00 NOTE
r-devel-linux-x86_64-fedora-clang 0.2-12 24.26 NOTE
r-devel-linux-x86_64-fedora-gcc 0.2-12 21.28 NOTE
r-devel-osx-x86_64-clang 0.2-12 23.02 OK
r-devel-windows-ix86+x86_64 0.2-12 4.00 22.00 26.00 NOTE
r-patched-linux-x86_64 0.2-12 0.54 12.08 12.62 OK
r-patched-solaris-sparc 0.2-12 148.00 OK
r-patched-solaris-x86 0.2-12 35.40 OK
r-release-linux-x86_64 0.2-12 0.54 12.74 13.27 OK
r-release-osx-x86_64-mavericks 0.2-12 OK
r-release-windows-ix86+x86_64 0.2-12 3.00 20.00 23.00 OK
r-oldrel-windows-ix86+x86_64 0.2-12 3.00 26.00 29.00 OK

Check Details

Version: 0.2-12
Check: R code for possible problems
Result: NOTE
    comp.acc: no visible global function definition for ‘pnorm’
    comp.vlifts: no visible binding for global variable ‘cov’
    hda.default: no visible binding for global variable ‘cov’
    hda.default: no visible global function definition for ‘runif’
    hda.default: no visible global function definition for ‘pchisq’
    hda.default: no visible global function definition for ‘manova’
    hda.default: no visible global function definition for ‘aov’
    hda.formula: no visible global function definition for ‘model.response’
    hda.formula: no visible global function definition for ‘model.matrix’
    plot.hda: no visible global function definition for ‘plot’
    plot.hda: no visible global function definition for ‘par’
    plot.hda: no visible global function definition for ‘dnorm’
    plot.hda: no visible global function definition for ‘lines’
    predict.hda: no visible global function definition for ‘predict’
    predict.hda : priodens: no visible global function definition for
     ‘dnorm’
    showloadings: no visible global function definition for ‘par’
    showloadings: no visible global function definition for ‘plot’
    showloadings: no visible global function definition for ‘text’
    Undefined global functions or variables:
     aov cov dnorm lines manova model.matrix model.response par pchisq
     plot pnorm predict runif text
Flavors: r-devel-linux-x86_64-debian-clang, r-devel-linux-x86_64-debian-gcc, r-devel-linux-x86_64-fedora-clang, r-devel-linux-x86_64-fedora-gcc, r-devel-windows-ix86+x86_64