CRAN Package Check Results for Package hda

Last updated on 2014-04-25 05:47:17.

Flavor Version Tinstall Tcheck Ttotal Status Flags
r-devel-linux-x86_64-debian-clang 0.2-12 0.66 13.59 14.25 OK
r-devel-linux-x86_64-debian-gcc 0.2-12 0.66 13.38 14.04 OK
r-devel-linux-x86_64-fedora-clang 0.2-12 26.72 OK
r-devel-linux-x86_64-fedora-gcc 0.2-12 25.63 OK
r-devel-osx-x86_64-clang 0.2-12 30.01 OK
r-devel-osx-x86_64-gcc 0.2-12 NOTE
r-devel-windows-ix86+x86_64 0.2-12 2.00 22.00 24.00 OK
r-patched-linux-x86_64 0.2-12 0.66 13.03 13.69 OK
r-patched-solaris-sparc 0.2-12 151.70 OK
r-patched-solaris-x86 0.2-12 38.00 OK
r-release-linux-ix86 0.2-12 1.00 66.00 67.00 OK
r-release-linux-x86_64 0.2-12 0.68 13.29 13.97 OK
r-release-osx-x86_64-mavericks 0.2-12 WARN
r-release-osx-x86_64-snowleopard 0.2-12 OK
r-release-windows-ix86+x86_64 0.2-12 3.00 21.00 24.00 OK
r-oldrel-windows-ix86+x86_64 0.2-12 2.00 21.00 23.00 OK

Check Details

Version: 0.2-12
Check: package dependencies
Result: NOTE
    Package suggested but not available for checking: ‘klaR’
Flavor: r-devel-osx-x86_64-gcc

Version: 0.2-12
Check: PDF version of manual
Result: WARNING
    LaTeX errors when creating PDF version.
    This typically indicates Rd problems.
    LaTeX errors found:
    ! LaTeX Error: File `upquote.sty' not found.
    
    Type X to quit or <RETURN> to proceed,
    or enter new name. (Default extension: sty)
    
    4494b9/Rd2.tex:8: ==> Fatal error occurred, no output PDF file produced!
Flavor: r-release-osx-x86_64-mavericks