CRAN Package Check Results for Package hddplot

Last updated on 2014-04-24 15:50:39.

Flavor Version Tinstall Tcheck Ttotal Status Flags
r-devel-linux-x86_64-debian-clang 0.56 2.66 54.86 57.52 OK
r-devel-linux-x86_64-debian-gcc 0.56 2.62 53.98 56.60 OK
r-devel-linux-x86_64-fedora-clang 0.56 140.02 OK
r-devel-linux-x86_64-fedora-gcc 0.56 135.22 OK
r-devel-osx-x86_64-clang 0.56 100.62 OK
r-devel-osx-x86_64-gcc 0.56 ERROR
r-devel-windows-ix86+x86_64 0.56 7.00 79.00 86.00 OK
r-patched-linux-x86_64 0.56 2.60 53.67 56.27 OK
r-patched-solaris-sparc 0.56 703.70 OK
r-patched-solaris-x86 0.56 169.30 OK
r-release-linux-ix86 0.56 4.00 128.00 132.00 OK
r-release-linux-x86_64 0.56 2.70 57.16 59.86 OK
r-release-osx-x86_64-mavericks 0.56 ERROR
r-release-osx-x86_64-snowleopard 0.56 OK
r-release-windows-ix86+x86_64 0.56 8.00 84.00 92.00 OK
r-oldrel-windows-ix86+x86_64 0.56 9.00 83.00 92.00 OK

Check Details

Version: 0.56
Check: package dependencies
Result: ERROR
    Package required but not available: ‘multtest’
    
    Package suggested but not available for checking: ‘knitr’
    
    Files named as vignettes but with no recognized vignette engine:
     ‘inst/doc/QUICKhddplot.Rnw’
    (Is a VignetteBuilder field missing?)
    
    See the information on DESCRIPTION files in the chapter ‘Creating R
    packages’ of the ‘Writing R Extensions’ manual.
Flavor: r-devel-osx-x86_64-gcc

Version: 0.56
Check: package dependencies
Result: ERROR
    Package required but not available: ‘multtest’
    
    See the information on DESCRIPTION files in the chapter ‘Creating R
    packages’ of the ‘Writing R Extensions’ manual.
Flavor: r-release-osx-x86_64-mavericks