CRAN Package Check Results for Package hddplot

Last updated on 2015-05-23 08:47:02.

Flavor Version Tinstall Tcheck Ttotal Status Flags
r-devel-linux-x86_64-debian-clang 0.56 2.17 43.74 45.91 OK
r-devel-linux-x86_64-debian-gcc 0.56 2.20 40.54 42.74 OK
r-devel-linux-x86_64-fedora-clang 0.56 94.11 OK
r-devel-linux-x86_64-fedora-gcc 0.56 92.79 OK
r-devel-osx-x86_64-clang 0.56 78.38 OK
r-devel-windows-ix86+x86_64 0.56 6.00 60.00 66.00 OK
r-patched-linux-x86_64 0.56 2.06 42.58 44.64 OK
r-patched-solaris-sparc 0.56 515.60 OK
r-patched-solaris-x86 0.56 111.90 OK
r-release-linux-x86_64 0.56 2.14 42.76 44.90 OK
r-release-osx-x86_64-mavericks 0.56 OK
r-release-osx-x86_64-snowleopard 0.56 ERROR
r-release-windows-ix86+x86_64 0.56 6.00 61.00 67.00 OK
r-oldrel-windows-ix86+x86_64 0.56 8.00 66.00 74.00 OK

Check Details

Version: 0.56
Check: package dependencies
Result: ERROR
    Package required but not available: ‘multtest’
    
    See section ‘The DESCRIPTION file’ in the ‘Writing R Extensions’
    manual.
Flavor: r-release-osx-x86_64-snowleopard