CRAN Package Check Results for Package hddplot

Last updated on 2015-09-04 16:48:33.

Flavor Version Tinstall Tcheck Ttotal Status Flags
r-devel-linux-x86_64-debian-clang 0.56 2.20 41.20 43.39 NOTE
r-devel-linux-x86_64-debian-gcc 0.56 1.98 39.84 41.82 NOTE
r-devel-linux-x86_64-fedora-clang 0.56 86.34 NOTE
r-devel-linux-x86_64-fedora-gcc 0.56 81.84 NOTE
r-devel-osx-x86_64-clang 0.56 80.81 OK
r-devel-windows-ix86+x86_64 0.56 7.00 60.00 67.00 NOTE
r-patched-linux-x86_64 0.56 2.16 42.54 44.70 OK
r-patched-solaris-sparc 0.56 509.40 OK
r-patched-solaris-x86 0.56 108.50 OK
r-release-linux-x86_64 0.56 2.06 42.33 44.40 OK
r-release-osx-x86_64-mavericks 0.56 OK
r-release-windows-ix86+x86_64 0.56 9.00 66.00 75.00 OK
r-oldrel-windows-ix86+x86_64 0.56 12.00 79.00 91.00 OK

Check Details

Version: 0.56
Check: R code for possible problems
Result: NOTE
    accTrainTest: no visible global function definition for ‘rnorm’
    accTrainTest: no visible global function definition for ‘predict’
    aovFbyrow: no visible global function definition for ‘rnorm’
    aovFbyrow: no visible global function definition for ‘model.matrix’
    cvdisc: no visible global function definition for ‘predict’
    cvscores: no visible global function definition for ‘predict’
    defectiveCVdisc: no visible global function definition for ‘predict’
    defectiveCVdisc: no visible binding for global variable ‘df’
    pcp: no visible binding for global variable ‘USArrests’
    pcp: no visible binding for global variable ‘sd’
    plotTrainTest: no visible global function definition for ‘par’
    plotTrainTest: no visible global function definition for ‘predict’
    plotTrainTest: no visible global function definition for ‘mtext’
    qqthin: no visible global function definition for ‘plot’
    qqthin: no visible global function definition for ‘mtext’
    qqthin: no visible global function definition for ‘par’
    qqthin: no visible global function definition for ‘lines’
    qqthin: no visible global function definition for ‘smooth.spline’
    qqthin: no visible global function definition for ‘abline’
    scoreplot: no visible global function definition for ‘par’
    scoreplot: no visible global function definition for ‘mtext’
    scoreplot: no visible global function definition for ‘legend’
    scoreplot: no visible global function definition for ‘text’
    simulateScores: no visible global function definition for ‘rnorm’
    simulateScores: no visible global function definition for ‘predict’
    Undefined global functions or variables:
     USArrests abline df legend lines model.matrix mtext par plot predict
     rnorm sd smooth.spline text
    Consider adding
     importFrom("datasets", "USArrests")
     importFrom("graphics", "abline", "legend", "lines", "mtext", "par",
     "plot", "text")
     importFrom("stats", "df", "model.matrix", "predict", "rnorm", "sd",
     "smooth.spline")
    to your NAMESPACE.
Flavors: r-devel-linux-x86_64-debian-clang, r-devel-linux-x86_64-debian-gcc, r-devel-linux-x86_64-fedora-clang, r-devel-linux-x86_64-fedora-gcc, r-devel-windows-ix86+x86_64