CRAN Package Check Results for Package hddplot

Last updated on 2015-07-05 22:47:29.

Flavor Version Tinstall Tcheck Ttotal Status Flags
r-devel-linux-x86_64-debian-clang 0.56 2.08 42.56 44.64 NOTE
r-devel-linux-x86_64-debian-gcc 0.56 2.04 41.63 43.67 NOTE
r-devel-linux-x86_64-fedora-clang 0.56 93.91 NOTE
r-devel-linux-x86_64-fedora-gcc 0.56 83.32 NOTE
r-devel-osx-x86_64-clang 0.56 72.56 OK
r-devel-windows-ix86+x86_64 0.56 8.00 59.00 67.00 NOTE
r-patched-linux-x86_64 0.56 2.10 41.97 44.08 OK
r-patched-solaris-sparc 0.56 515.60 OK
r-patched-solaris-x86 0.56 111.00 OK
r-release-linux-x86_64 0.56 2.10 41.62 43.71 OK
r-release-osx-x86_64-mavericks 0.56 OK
r-release-windows-ix86+x86_64 0.56 8.00 58.00 66.00 OK
r-oldrel-windows-ix86+x86_64 0.56 12.00 71.00 83.00 OK

Check Details

Version: 0.56
Check: R code for possible problems
Result: NOTE
    accTrainTest: no visible global function definition for ‘rnorm’
    accTrainTest: no visible global function definition for ‘predict’
    aovFbyrow: no visible global function definition for ‘rnorm’
    aovFbyrow: no visible global function definition for ‘model.matrix’
    cvdisc: no visible global function definition for ‘predict’
    cvscores: no visible global function definition for ‘predict’
    defectiveCVdisc: no visible global function definition for ‘predict’
    defectiveCVdisc: no visible binding for global variable ‘df’
    pcp: no visible binding for global variable ‘USArrests’
    pcp: no visible binding for global variable ‘sd’
    plotTrainTest: no visible global function definition for ‘par’
    plotTrainTest: no visible global function definition for ‘predict’
    plotTrainTest: no visible global function definition for ‘mtext’
    qqthin: no visible global function definition for ‘plot’
    qqthin: no visible global function definition for ‘mtext’
    qqthin: no visible global function definition for ‘par’
    qqthin: no visible global function definition for ‘lines’
    qqthin: no visible global function definition for ‘smooth.spline’
    qqthin: no visible global function definition for ‘abline’
    scoreplot: no visible global function definition for ‘par’
    scoreplot: no visible global function definition for ‘mtext’
    scoreplot: no visible global function definition for ‘legend’
    scoreplot: no visible global function definition for ‘text’
    simulateScores: no visible global function definition for ‘rnorm’
    simulateScores: no visible global function definition for ‘predict’
    Undefined global functions or variables:
     USArrests abline df legend lines model.matrix mtext par plot predict
     rnorm sd smooth.spline text
Flavors: r-devel-linux-x86_64-debian-clang, r-devel-linux-x86_64-debian-gcc, r-devel-linux-x86_64-fedora-clang, r-devel-linux-x86_64-fedora-gcc, r-devel-windows-ix86+x86_64