CRAN Package Check Results for Package hddplot

Last updated on 2020-04-04 00:50:08 CEST.

Flavor Version Tinstall Tcheck Ttotal Status Flags
r-devel-linux-x86_64-debian-clang 0.59 9.43 112.46 121.89 OK
r-devel-linux-x86_64-debian-gcc 0.59 9.32 88.58 97.90 OK
r-devel-linux-x86_64-fedora-clang 0.59 152.29 OK
r-devel-linux-x86_64-fedora-gcc 0.59 153.97 OK
r-devel-windows-ix86+x86_64 0.59 24.00 109.00 133.00 WARN
r-devel-windows-ix86+x86_64-gcc8 0.59 20.00 112.00 132.00 WARN
r-patched-linux-x86_64 0.59 10.65 110.09 120.74 OK
r-patched-solaris-x86 0.59 220.30 OK
r-release-linux-x86_64 0.59 10.19 99.49 109.68 OK
r-release-windows-ix86+x86_64 0.59 20.00 122.00 142.00 OK
r-release-osx-x86_64 0.59 OK
r-oldrel-windows-ix86+x86_64 0.59 16.00 110.00 126.00 OK
r-oldrel-osx-x86_64 0.59 OK

Check Details

Version: 0.59
Check: whether package can be installed
Result: WARN
    Found the following significant warnings:
     Warning: multiple methods tables found for 'plot'
Flavors: r-devel-windows-ix86+x86_64, r-devel-windows-ix86+x86_64-gcc8