CRAN Package Check Results for Package hdeco

Last updated on 2014-12-20 16:49:01.

Flavor Version Tinstall Tcheck Ttotal Status Flags
r-devel-linux-x86_64-debian-clang 0.4.1 0.70 14.46 15.17 NOTE
r-devel-linux-x86_64-debian-gcc 0.4.1 0.76 14.08 14.84 NOTE
r-devel-linux-x86_64-fedora-clang 0.4.1 30.75 NOTE
r-devel-linux-x86_64-fedora-gcc 0.4.1 29.63 NOTE
r-devel-osx-x86_64-clang 0.4.1 29.26 NOTE
r-devel-windows-ix86+x86_64 0.4.1 4.00 44.00 48.00 NOTE
r-patched-linux-x86_64 0.4.1 0.74 14.31 15.04 NOTE
r-patched-solaris-sparc 0.4.1 172.40 NOTE
r-patched-solaris-x86 0.4.1 39.80 NOTE
r-release-linux-ix86 0.4.1 1.03 19.41 20.44 NOTE
r-release-linux-x86_64 0.4.1 0.78 14.68 15.46 NOTE
r-release-osx-x86_64-mavericks 0.4.1 NOTE
r-release-windows-ix86+x86_64 0.4.1 3.00 34.00 37.00 NOTE
r-oldrel-windows-ix86+x86_64 0.4.1 2.00 22.00 24.00 NOTE

Check Details

Version: 0.4.1
Check: R code for possible problems
Result: NOTE
    Found an obsolete/platform-specific call in the following function:
     ‘hdeco’
    Found the platform-specific device:
     ‘windows’
    dev.new() is the preferred way to open a new device, in the unlikely
    event one is needed.
    CARsimu: warning in fft(x, inv = T): partial argument match of ‘inv’ to
     ‘inverse’
    ls.: warning in ls(all = TRUE, pos = 1): partial argument match of
     ‘all’ to ‘all.names’
    teszt: warning in write(c("Entropy Decomposition,", date(), ", File
     name:", tempfnev), ncol = 55, file = fnev): partial argument match of
     ‘ncol’ to ‘ncolumns’
    teszt: warning in write(.MASKTITLE, ncol = 55, file = fnev, append =
     TRUE): partial argument match of ‘ncol’ to ‘ncolumns’
    teszt: warning in write("One image", ncol = 55, file = fnev, append =
     TRUE): partial argument match of ‘ncol’ to ‘ncolumns’
    teszt: warning in write(c(NIX, "images, coded as X variable(s)"), ncol
     = 55, file = fnev, append = TRUE): partial argument match of ‘ncol’
     to ‘ncolumns’
    teszt: warning in write(c(NEVELO[EGYKE], "image consists of", NIY,
     "pixels in a", NLY, "-level pyramid, coded as Y variable(s)"), ncol =
     55, file = fnev, append = TRUE): partial argument match of ‘ncol’ to
     ‘ncolumns’
    teszt: warning in write(c(.COLOURS, "colors, coded as Z variable(s)"),
     ncol = 55, file = fnev, append = TRUE): partial argument match of
     ‘ncol’ to ‘ncolumns’
    teszt: warning in write(.CIM, ncol = 55, file = fnev, append = TRUE):
     partial argument match of ‘ncol’ to ‘ncolumns’
    teszt: warning in write(cim(.VFONAL), ncol = 55, file = fnev, append =
     TRUE): partial argument match of ‘ncol’ to ‘ncolumns’
    teszt: warning in write(c("\nStep", ikstep, "\nBaseH:",
     names(KI$ALAPF), ", H=", signif(KI$HALAPF, 5), ", DF=",
     szabfok(KI$ALAPF)), ncol = 55, file = fnev, append = TRUE): partial
     argument match of ‘ncol’ to ‘ncolumns’
    teszt: warning in write(c("NullH:", names(.NHIPO[[ik]]), ", H=",
     signif(KI$HHIPO, 5), ", DF=", szabfok(.NHIPO[[ik]])), ncol = 55, file
     = fnev, append = TRUE): partial argument match of ‘ncol’ to
     ‘ncolumns’
    teszt: warning in write(c("Alt H:", names(.AHIPO[[ik]]), ", H=",
     signif(KI$HAHIPO, 5), ", DF=", szabfok(.AHIPO[[ik]])), ncol = 55,
     file = fnev, append = TRUE): partial argument match of ‘ncol’ to
     ‘ncolumns’
    teszt: warning in write(c("Mutual info (", names(.AHIPO[[ik]]),
     "between", names(.NHIPO[[ik]]), ") =", signif(MUTU, 5), ", DF=", DF),
     ncol = 55, file = fnev, append = TRUE): partial argument match of
     ‘ncol’ to ‘ncolumns’
    teszt: warning in write(c("Uncertainty coeff (", names(.AHIPO[[ik]]),
     "given", names(.NHIPO[[ik]]), ") =", paste(sep = "", signif(UNC, 4),
     "%")), ncol = 55, file = fnev, append = TRUE): partial argument match
     of ‘ncol’ to ‘ncolumns’
    teszt: warning in write(c("Test statistics (", names(.AHIPO[[ik]]),
     "joint) =", signif(TESZT, 5), ", DF=", DF, ", signif =", signif(SIG,
     5), NO[EGYKE, NINI]), ncol = 55, file = fnev, append = TRUE): partial
     argument match of ‘ncol’ to ‘ncolumns’
    teszt: warning in write(c("Conditional H: (", names(.KIVALO[[ik]]),
     "conditioned on", names(KI$BEVALO.AHIPO), ") =", signif(COMUTU, 5)),
     ncol = 55, file = fnev, append = TRUE): partial argument match of
     ‘ncol’ to ‘ncolumns’
    zsir: warning in
     write("\n--------------------------------------------------------",
     ncol = 33, file = fnev, append = T): partial argument match of ‘ncol’
     to ‘ncolumns’
    zsir: warning in write("\nThere is no valid Mutual Info decomposition.
     ", ncol = 33, file = fnev, append = T): partial argument match of
     ‘ncol’ to ‘ncolumns’
    zsir: warning in write("\nMutual Info can be decomposed as sum over all
     Color Categories:\nP(ColorCategory)* H|ColorCategory", ncol = 33,
     file = fnev, append = T): partial argument match of ‘ncol’ to
     ‘ncolumns’
    zsir: warning in write(c("\nStep", h), ncol = 33, file = fnev, append =
     T): partial argument match of ‘ncol’ to ‘ncolumns’
    zsir: warning in write(c("\nStep", h - 1), ncol = 33, file = fnev,
     append = T): partial argument match of ‘ncol’ to ‘ncolumns’
    autodecopath: no visible binding for global variable ‘.QND’
    autodecopath: no visible binding for global variable ‘.QKEP’
    bemar: no visible binding for global variable ‘.QKEP’
    benc4: no visible binding for global variable ‘KEPP’
    benc4: no visible global function definition for ‘automask’
    benci: no visible binding for global variable ‘MASZK’
    bend4: no visible binding for global variable ‘KEP1’
    bend4: no visible binding for global variable ‘KEP2’
    bend4: no visible global function definition for ‘automask’
    bendManyX4: no visible binding for global variable ‘XOBJ’
    bendManyX4: no visible global function definition for ‘automask’
    bendManyX4: no visible binding for global variable ‘.KIUNIQUE’
    bendManyX4: no visible binding for global variable ‘.COUNT’
    benya: no visible binding for global variable ‘KEP1’
    condhprofil.rajz: no visible binding for global variable ‘.HPROFIL’
    condprofil.rajz: no visible binding for global variable ‘.HPROFIL’
    dups: no visible binding for global variable ‘KI’
    entro: no visible binding for global variable ‘.QKEP’
    fixedcolimage : sorrev: no visible binding for global variable ‘.Q’
    hdeco: no visible binding for global variable ‘demoimage1’
    hdeco: no visible binding for global variable ‘demoimage2’
    hdeco: no visible binding for global variable ‘decomppath’
    hdeco: no visible binding for global variable ‘XOBJ’
    hprofil.rajz: no visible binding for global variable ‘.HPROFIL’
    hprofil.rajz: no visible binding for global variable ‘.QKEP’
    imaks: no visible binding for global variable ‘demoimage1’
    imaks : sorrev: no visible binding for global variable ‘.Q’
    kateg: no visible binding for global variable ‘BEMM’
    kateg: no visible global function definition for ‘kegy’
    kifeltent: no visible binding for global variable ‘.QKEP’
    kifeltent: no visible binding for global variable ‘.QND’
    kikap: no visible binding for global variable ‘.QKEP’
    kimar: no visible binding for global variable ‘.QKEP’
    kossze: no visible binding for global variable ‘BEM’
    kvissza: no visible binding for global variable ‘C4’
    leu: no visible binding for global variable ‘.QND’
    lez: no visible binding for global variable ‘.QND’
    mics: no visible binding for global variable ‘.QND’
    shift: no visible binding for global variable ‘demoimage1’
    sigplot: no visible binding for global variable ‘.HPROFIL’
    szabfok: no visible binding for global variable ‘.QND’
    szelet: no visible binding for global variable ‘.QKEP’
    szelet: no visible binding for global variable ‘.QND’
    tesz: no visible binding for global variable ‘.QKEP’
    tesz: no visible binding for global variable ‘.QND’
    tesz: no visible binding for global variable ‘.AHIPO’
    tesz: no visible binding for global variable ‘.NHIPO’
    tesz: no visible binding for global variable ‘.KIVALO’
    teszt: no visible binding for global variable ‘.QKEP’
    teszt: no visible binding for global variable ‘.AHIPO’
    teszt: no visible binding for global variable ‘.QND’
    teszt: no visible binding for global variable ‘.COLOURS’
    teszt: no visible binding for global variable ‘.VFONAL’
    teszt: no visible binding for global variable ‘.KIVALO’
    teszt: no visible binding for global variable ‘.N’
    teszt: no visible binding for global variable ‘.NHIPO’
    unchprofil.rajz: no visible binding for global variable ‘.HPROFIL’
    vfon: no visible binding for global variable ‘.VFONAL’
    vfonal: no visible binding for global variable ‘.QND’
    vszam: no visible binding for global variable ‘.QND’
    zim: no visible global function definition for ‘negyit’
    zim: no visible global function definition for ‘benc’
    zimu: no visible global function definition for ‘negyit’
    zimu: no visible global function definition for ‘ketegykep’
    zimu: no visible global function definition for ‘bend’
    zimuu: no visible global function definition for ‘felkev’
    zimuu: no visible global function definition for ‘ketegykep’
    zimuu: no visible global function definition for ‘bend’
    zs: no visible binding for global variable ‘.QND’
    zs: no visible binding for global variable ‘.AHIPO’
    zsir: no visible binding for global variable ‘.QND’
    zsir: no visible binding for global variable ‘.ZS’
    zsz: no visible binding for global variable ‘.AHIPO’
    zsz: no visible binding for global variable ‘.NHIPO’
    zsz: no visible binding for global variable ‘.QND’
    
    Found the following assignments to the global environment:
    File ‘hdeco/R/benc4.R’:
     assign(".COLOURS", max(KI[, NC - NUMZRECODES]), pos = 1)
     assign(".N", dim(KI)[1], pos = 1)
     assign(".QKEP", KIKAP, pos = 1)
     assign(".LUT.Z", ZLUT, pos = 1)
     assign(".LUT.X", XLUT, pos = 1)
     assign(".COLOURS", max(KI[, NC - NUMZRECODES]), pos = 1)
     assign(".KI", KI, pos = 1)
     assign(".QND", KIMOD, pos = 1)
     assign(".CIM", cim(BE), pos = 1)
    File ‘hdeco/R/bend4.R’:
     assign(".COLOURS", max(KI[, NC - NUMZRECODES]), pos = 1)
     assign(".N", dim(KI)[1], pos = 1)
     assign(".QKEP", KIKAP, pos = 1)
     assign(".LUT.Z", ZLUT, pos = 1)
     assign(".LUT.X", XLUT, pos = 1)
     assign(".COLOURS", max(KI[, NC - NUMZRECODES]), pos = 1)
     assign(".QND", KIMOD, pos = 1)
     assign(".CIM", paste(sep = "", cim(BE1), "\n", cim(BE2)), pos = 1)
    File ‘hdeco/R/bendManyX4.R’:
     assign(".COLOURS", max(KI[, NC - NUMZRECODES]), pos = 1)
     assign(".N", dim(KI)[1], pos = 1)
     assign(".QKEP", KIKAP, pos = 1)
     assign(".LUT.Z", ZLUT, pos = 1)
     assign(".LUT.X", XLUT, pos = 1)
     assign(".COLOURS", max(KI[, NC - NUMZRECODES]), pos = 1)
     assign(".QND", unlist(KIMOD), pos = 1)
     assign(".CIM", tempCIM, pos = 1)
    File ‘hdeco/R/dups.R’:
     assign(".COUNT", c(table(c(a2, unique(b2)))[b2] - 1), pos = 1)
     assign(".KIUNIQUE", intabunique, pos = 1)
    File ‘hdeco/R/hdeco.R’:
     assign(".MASKTITLE", MASKTITLE, pos = 1)
     assign(".MASKTITLE", cim(MASK), pos = 1)
    File ‘hdeco/R/kateg.R’:
     assign(".KATEG", KI, pos = 1)
    File ‘hdeco/R/szelet.R’:
     assign("..SZELET", BE, pos = 1)
    File ‘hdeco/R/tesz.R’:
     assign(".BASE", ALAPF, pos = 1)
    File ‘hdeco/R/teszt.R’:
     assign(".HPROFIL", HPROFIL, pos = 1)
    File ‘hdeco/R/vfon.R’:
     assign(".AHIPO", AHIPO, pos = 1)
     assign(".NHIPO", NHIPO, pos = 1)
     assign(".KIVALO", KIVALO, pos = 1)
    File ‘hdeco/R/vfonal.R’:
     assign(".VFONAL", VFONAL, pos = 1)
     assign(".VFONAL", MICIKE, pos = 1)
     assign(".VFONAL", .VFONAL, pos = 1)
    File ‘hdeco/R/zs.R’:
     assign(".ZS", KI, pos = 1)
    File ‘hdeco/R/zsir.R’:
     assign(".ZS", NULL, pos = 1)
Flavors: r-devel-linux-x86_64-debian-clang, r-devel-linux-x86_64-debian-gcc, r-devel-linux-x86_64-fedora-clang, r-devel-osx-x86_64-clang, r-patched-linux-x86_64, r-release-linux-ix86, r-release-linux-x86_64

Version: 0.4.1
Check: Rd line widths
Result: NOTE
    Rd file 'CARsimu.Rd':
     \usage lines wider than 90 characters:
     CARsimu(level = 5, row1 = 0.2499999, row2 = 0, col1 = 0.2499999, col2 = 0, rc1 = 0, cr1 = 0)
    
    Rd file 'hdeco.Rd':
     \usage lines wider than 90 characters:
     hdeco(BE1 = demoimage1, BE2 = demoimage2, MICIKE = decomppath, MSK = FALSE, MASK = NULL, fnev = "", AutoDecoPath = FALSE, JPG = FALSE, ... [TRUNCATED]
    
    Rd file 'sigplot.Rd':
     \usage lines wider than 90 characters:
     sigplot(mat = .HPROFIL, column = 5, sigcol = 7, tit = "Title of Graph", xtit = "Step", ytit = "Uncertainty Coefficient", override = FAL ... [TRUNCATED]
     \examples lines wider than 100 characters:
     sigplot(mat = HPROFIL, column = 5, sigcol = 7, tit = "Title of Graph", xtit = "Step", ytit = "Uncertainty Coefficient", override = FALS ... [TRUNCATED]
    
    These lines will be truncated in the PDF manual.
Flavors: r-devel-linux-x86_64-debian-clang, r-devel-linux-x86_64-debian-gcc, r-devel-linux-x86_64-fedora-clang, r-devel-linux-x86_64-fedora-gcc, r-patched-linux-x86_64, r-release-linux-x86_64

Version: 0.4.1
Check: R code for possible problems
Result: NOTE
    Found an obsolete/platform-specific call in the following function:
     ‘hdeco’
    Found the platform-specific device:
     ‘windows’
    dev.new() is the preferred way to open a new device, in the unlikely
    event one is needed.
    CARsimu: warning in fft(x, inv = T): partial argument match of 'inv' to
     'inverse'
    ls.: warning in ls(all = TRUE, pos = 1): partial argument match of
     'all' to 'all.names'
    teszt: warning in write(c("Entropy Decomposition,", date(), ", File
     name:", tempfnev), ncol = 55, file = fnev): partial argument match of
     'ncol' to 'ncolumns'
    teszt: warning in write(.MASKTITLE, ncol = 55, file = fnev, append =
     TRUE): partial argument match of 'ncol' to 'ncolumns'
    teszt: warning in write("One image", ncol = 55, file = fnev, append =
     TRUE): partial argument match of 'ncol' to 'ncolumns'
    teszt: warning in write(c(NIX, "images, coded as X variable(s)"), ncol
     = 55, file = fnev, append = TRUE): partial argument match of 'ncol'
     to 'ncolumns'
    teszt: warning in write(c(NEVELO[EGYKE], "image consists of", NIY,
     "pixels in a", NLY, "-level pyramid, coded as Y variable(s)"), ncol =
     55, file = fnev, append = TRUE): partial argument match of 'ncol' to
     'ncolumns'
    teszt: warning in write(c(.COLOURS, "colors, coded as Z variable(s)"),
     ncol = 55, file = fnev, append = TRUE): partial argument match of
     'ncol' to 'ncolumns'
    teszt: warning in write(.CIM, ncol = 55, file = fnev, append = TRUE):
     partial argument match of 'ncol' to 'ncolumns'
    teszt: warning in write(cim(.VFONAL), ncol = 55, file = fnev, append =
     TRUE): partial argument match of 'ncol' to 'ncolumns'
    teszt: warning in write(c("\nStep", ikstep, "\nBaseH:",
     names(KI$ALAPF), ", H=", signif(KI$HALAPF, 5), ", DF=",
     szabfok(KI$ALAPF)), ncol = 55, file = fnev, append = TRUE): partial
     argument match of 'ncol' to 'ncolumns'
    teszt: warning in write(c("NullH:", names(.NHIPO[[ik]]), ", H=",
     signif(KI$HHIPO, 5), ", DF=", szabfok(.NHIPO[[ik]])), ncol = 55, file
     = fnev, append = TRUE): partial argument match of 'ncol' to
     'ncolumns'
    teszt: warning in write(c("Alt H:", names(.AHIPO[[ik]]), ", H=",
     signif(KI$HAHIPO, 5), ", DF=", szabfok(.AHIPO[[ik]])), ncol = 55,
     file = fnev, append = TRUE): partial argument match of 'ncol' to
     'ncolumns'
    teszt: warning in write(c("Mutual info (", names(.AHIPO[[ik]]),
     "between", names(.NHIPO[[ik]]), ") =", signif(MUTU, 5), ", DF=", DF),
     ncol = 55, file = fnev, append = TRUE): partial argument match of
     'ncol' to 'ncolumns'
    teszt: warning in write(c("Uncertainty coeff (", names(.AHIPO[[ik]]),
     "given", names(.NHIPO[[ik]]), ") =", paste(sep = "", signif(UNC, 4),
     "%")), ncol = 55, file = fnev, append = TRUE): partial argument match
     of 'ncol' to 'ncolumns'
    teszt: warning in write(c("Test statistics (", names(.AHIPO[[ik]]),
     "joint) =", signif(TESZT, 5), ", DF=", DF, ", signif =", signif(SIG,
     5), NO[EGYKE, NINI]), ncol = 55, file = fnev, append = TRUE): partial
     argument match of 'ncol' to 'ncolumns'
    teszt: warning in write(c("Conditional H: (", names(.KIVALO[[ik]]),
     "conditioned on", names(KI$BEVALO.AHIPO), ") =", signif(COMUTU, 5)),
     ncol = 55, file = fnev, append = TRUE): partial argument match of
     'ncol' to 'ncolumns'
    zsir: warning in
     write("\n--------------------------------------------------------",
     ncol = 33, file = fnev, append = T): partial argument match of 'ncol'
     to 'ncolumns'
    zsir: warning in write("\nThere is no valid Mutual Info decomposition.
     ", ncol = 33, file = fnev, append = T): partial argument match of
     'ncol' to 'ncolumns'
    zsir: warning in write("\nMutual Info can be decomposed as sum over all
     Color Categories:\nP(ColorCategory)* H|ColorCategory", ncol = 33,
     file = fnev, append = T): partial argument match of 'ncol' to
     'ncolumns'
    zsir: warning in write(c("\nStep", h), ncol = 33, file = fnev, append =
     T): partial argument match of 'ncol' to 'ncolumns'
    zsir: warning in write(c("\nStep", h - 1), ncol = 33, file = fnev,
     append = T): partial argument match of 'ncol' to 'ncolumns'
    autodecopath: no visible binding for global variable ‘.QND’
    autodecopath: no visible binding for global variable ‘.QKEP’
    bemar: no visible binding for global variable ‘.QKEP’
    benc4: no visible binding for global variable ‘KEPP’
    benc4: no visible global function definition for ‘automask’
    benci: no visible binding for global variable ‘MASZK’
    bend4: no visible binding for global variable ‘KEP1’
    bend4: no visible binding for global variable ‘KEP2’
    bend4: no visible global function definition for ‘automask’
    bendManyX4: no visible binding for global variable ‘XOBJ’
    bendManyX4: no visible global function definition for ‘automask’
    bendManyX4: no visible binding for global variable ‘.KIUNIQUE’
    bendManyX4: no visible binding for global variable ‘.COUNT’
    benya: no visible binding for global variable ‘KEP1’
    condhprofil.rajz: no visible binding for global variable ‘.HPROFIL’
    condprofil.rajz: no visible binding for global variable ‘.HPROFIL’
    dups: no visible binding for global variable ‘KI’
    entro: no visible binding for global variable ‘.QKEP’
    fixedcolimage : sorrev: no visible binding for global variable ‘.Q’
    hdeco: no visible binding for global variable ‘demoimage1’
    hdeco: no visible binding for global variable ‘demoimage2’
    hdeco: no visible binding for global variable ‘decomppath’
    hdeco: no visible binding for global variable ‘XOBJ’
    hprofil.rajz: no visible binding for global variable ‘.HPROFIL’
    hprofil.rajz: no visible binding for global variable ‘.QKEP’
    imaks: no visible binding for global variable ‘demoimage1’
    imaks : sorrev: no visible binding for global variable ‘.Q’
    kateg: no visible binding for global variable ‘BEMM’
    kateg: no visible global function definition for ‘kegy’
    kifeltent: no visible binding for global variable ‘.QKEP’
    kifeltent: no visible binding for global variable ‘.QND’
    kikap: no visible binding for global variable ‘.QKEP’
    kimar: no visible binding for global variable ‘.QKEP’
    kossze: no visible binding for global variable ‘BEM’
    kvissza: no visible binding for global variable ‘C4’
    leu: no visible binding for global variable ‘.QND’
    lez: no visible binding for global variable ‘.QND’
    mics: no visible binding for global variable ‘.QND’
    shift: no visible binding for global variable ‘demoimage1’
    sigplot: no visible binding for global variable ‘.HPROFIL’
    szabfok: no visible binding for global variable ‘.QND’
    szelet: no visible binding for global variable ‘.QKEP’
    szelet: no visible binding for global variable ‘.QND’
    tesz: no visible binding for global variable ‘.QKEP’
    tesz: no visible binding for global variable ‘.QND’
    tesz: no visible binding for global variable ‘.AHIPO’
    tesz: no visible binding for global variable ‘.NHIPO’
    tesz: no visible binding for global variable ‘.KIVALO’
    teszt: no visible binding for global variable ‘.QKEP’
    teszt: no visible binding for global variable ‘.AHIPO’
    teszt: no visible binding for global variable ‘.QND’
    teszt: no visible binding for global variable ‘.COLOURS’
    teszt: no visible binding for global variable ‘.VFONAL’
    teszt: no visible binding for global variable ‘.KIVALO’
    teszt: no visible binding for global variable ‘.N’
    teszt: no visible binding for global variable ‘.NHIPO’
    unchprofil.rajz: no visible binding for global variable ‘.HPROFIL’
    vfon: no visible binding for global variable ‘.VFONAL’
    vfonal: no visible binding for global variable ‘.QND’
    vszam: no visible binding for global variable ‘.QND’
    zim: no visible global function definition for ‘negyit’
    zim: no visible global function definition for ‘benc’
    zimu: no visible global function definition for ‘negyit’
    zimu: no visible global function definition for ‘ketegykep’
    zimu: no visible global function definition for ‘bend’
    zimuu: no visible global function definition for ‘felkev’
    zimuu: no visible global function definition for ‘ketegykep’
    zimuu: no visible global function definition for ‘bend’
    zs: no visible binding for global variable ‘.QND’
    zs: no visible binding for global variable ‘.AHIPO’
    zsir: no visible binding for global variable ‘.QND’
    zsir: no visible binding for global variable ‘.ZS’
    zsz: no visible binding for global variable ‘.AHIPO’
    zsz: no visible binding for global variable ‘.NHIPO’
    zsz: no visible binding for global variable ‘.QND’
Flavors: r-devel-linux-x86_64-fedora-gcc, r-patched-solaris-sparc, r-patched-solaris-x86

Version: 0.4.1
Check: R code for possible problems
Result: NOTE
    CARsimu: warning in fft(x, inv = T): partial argument match of 'inv' to
     'inverse'
    ls.: warning in ls(all = TRUE, pos = 1): partial argument match of
     'all' to 'all.names'
    teszt: warning in write(c("Entropy Decomposition,", date(), ", File
     name:", tempfnev), ncol = 55, file = fnev): partial argument match of
     'ncol' to 'ncolumns'
    teszt: warning in write(.MASKTITLE, ncol = 55, file = fnev, append =
     TRUE): partial argument match of 'ncol' to 'ncolumns'
    teszt: warning in write("One image", ncol = 55, file = fnev, append =
     TRUE): partial argument match of 'ncol' to 'ncolumns'
    teszt: warning in write(c(NIX, "images, coded as X variable(s)"), ncol
     = 55, file = fnev, append = TRUE): partial argument match of 'ncol'
     to 'ncolumns'
    teszt: warning in write(c(NEVELO[EGYKE], "image consists of", NIY,
     "pixels in a", NLY, "-level pyramid, coded as Y variable(s)"), ncol =
     55, file = fnev, append = TRUE): partial argument match of 'ncol' to
     'ncolumns'
    teszt: warning in write(c(.COLOURS, "colors, coded as Z variable(s)"),
     ncol = 55, file = fnev, append = TRUE): partial argument match of
     'ncol' to 'ncolumns'
    teszt: warning in write(.CIM, ncol = 55, file = fnev, append = TRUE):
     partial argument match of 'ncol' to 'ncolumns'
    teszt: warning in write(cim(.VFONAL), ncol = 55, file = fnev, append =
     TRUE): partial argument match of 'ncol' to 'ncolumns'
    teszt: warning in write(c("\nStep", ikstep, "\nBaseH:",
     names(KI$ALAPF), ", H=", signif(KI$HALAPF, 5), ", DF=",
     szabfok(KI$ALAPF)), ncol = 55, file = fnev, append = TRUE): partial
     argument match of 'ncol' to 'ncolumns'
    teszt: warning in write(c("NullH:", names(.NHIPO[[ik]]), ", H=",
     signif(KI$HHIPO, 5), ", DF=", szabfok(.NHIPO[[ik]])), ncol = 55, file
     = fnev, append = TRUE): partial argument match of 'ncol' to
     'ncolumns'
    teszt: warning in write(c("Alt H:", names(.AHIPO[[ik]]), ", H=",
     signif(KI$HAHIPO, 5), ", DF=", szabfok(.AHIPO[[ik]])), ncol = 55,
     file = fnev, append = TRUE): partial argument match of 'ncol' to
     'ncolumns'
    teszt: warning in write(c("Mutual info (", names(.AHIPO[[ik]]),
     "between", names(.NHIPO[[ik]]), ") =", signif(MUTU, 5), ", DF=", DF),
     ncol = 55, file = fnev, append = TRUE): partial argument match of
     'ncol' to 'ncolumns'
    teszt: warning in write(c("Uncertainty coeff (", names(.AHIPO[[ik]]),
     "given", names(.NHIPO[[ik]]), ") =", paste(sep = "", signif(UNC, 4),
     "%")), ncol = 55, file = fnev, append = TRUE): partial argument match
     of 'ncol' to 'ncolumns'
    teszt: warning in write(c("Test statistics (", names(.AHIPO[[ik]]),
     "joint) =", signif(TESZT, 5), ", DF=", DF, ", signif =", signif(SIG,
     5), NO[EGYKE, NINI]), ncol = 55, file = fnev, append = TRUE): partial
     argument match of 'ncol' to 'ncolumns'
    teszt: warning in write(c("Conditional H: (", names(.KIVALO[[ik]]),
     "conditioned on", names(KI$BEVALO.AHIPO), ") =", signif(COMUTU, 5)),
     ncol = 55, file = fnev, append = TRUE): partial argument match of
     'ncol' to 'ncolumns'
    zsir: warning in
     write("\n--------------------------------------------------------",
     ncol = 33, file = fnev, append = T): partial argument match of 'ncol'
     to 'ncolumns'
    zsir: warning in write("\nThere is no valid Mutual Info decomposition.
     ", ncol = 33, file = fnev, append = T): partial argument match of
     'ncol' to 'ncolumns'
    zsir: warning in write("\nMutual Info can be decomposed as sum over all
     Color Categories:\nP(ColorCategory)* H|ColorCategory", ncol = 33,
     file = fnev, append = T): partial argument match of 'ncol' to
     'ncolumns'
    zsir: warning in write(c("\nStep", h), ncol = 33, file = fnev, append =
     T): partial argument match of 'ncol' to 'ncolumns'
    zsir: warning in write(c("\nStep", h - 1), ncol = 33, file = fnev,
     append = T): partial argument match of 'ncol' to 'ncolumns'
    autodecopath: no visible binding for global variable '.QND'
    autodecopath: no visible binding for global variable '.QKEP'
    bemar: no visible binding for global variable '.QKEP'
    benc4: no visible binding for global variable 'KEPP'
    benc4: no visible global function definition for 'automask'
    benci: no visible binding for global variable 'MASZK'
    bend4: no visible binding for global variable 'KEP1'
    bend4: no visible binding for global variable 'KEP2'
    bend4: no visible global function definition for 'automask'
    bendManyX4: no visible binding for global variable 'XOBJ'
    bendManyX4: no visible global function definition for 'automask'
    bendManyX4: no visible binding for global variable '.KIUNIQUE'
    bendManyX4: no visible binding for global variable '.COUNT'
    benya: no visible binding for global variable 'KEP1'
    condhprofil.rajz: no visible binding for global variable '.HPROFIL'
    condprofil.rajz: no visible binding for global variable '.HPROFIL'
    dups: no visible binding for global variable 'KI'
    entro: no visible binding for global variable '.QKEP'
    fixedcolimage : sorrev: no visible binding for global variable '.Q'
    hdeco: no visible binding for global variable 'demoimage1'
    hdeco: no visible binding for global variable 'demoimage2'
    hdeco: no visible binding for global variable 'decomppath'
    hdeco: no visible binding for global variable 'XOBJ'
    hprofil.rajz: no visible binding for global variable '.HPROFIL'
    hprofil.rajz: no visible binding for global variable '.QKEP'
    imaks: no visible binding for global variable 'demoimage1'
    imaks : sorrev: no visible binding for global variable '.Q'
    kateg: no visible binding for global variable 'BEMM'
    kateg: no visible global function definition for 'kegy'
    kifeltent: no visible binding for global variable '.QKEP'
    kifeltent: no visible binding for global variable '.QND'
    kikap: no visible binding for global variable '.QKEP'
    kimar: no visible binding for global variable '.QKEP'
    kossze: no visible binding for global variable 'BEM'
    kvissza: no visible binding for global variable 'C4'
    leu: no visible binding for global variable '.QND'
    lez: no visible binding for global variable '.QND'
    mics: no visible binding for global variable '.QND'
    shift: no visible binding for global variable 'demoimage1'
    sigplot: no visible binding for global variable '.HPROFIL'
    szabfok: no visible binding for global variable '.QND'
    szelet: no visible binding for global variable '.QKEP'
    szelet: no visible binding for global variable '.QND'
    tesz: no visible binding for global variable '.QKEP'
    tesz: no visible binding for global variable '.QND'
    tesz: no visible binding for global variable '.AHIPO'
    tesz: no visible binding for global variable '.NHIPO'
    tesz: no visible binding for global variable '.KIVALO'
    teszt: no visible binding for global variable '.QKEP'
    teszt: no visible binding for global variable '.AHIPO'
    teszt: no visible binding for global variable '.QND'
    teszt: no visible binding for global variable '.COLOURS'
    teszt: no visible binding for global variable '.VFONAL'
    teszt: no visible binding for global variable '.KIVALO'
    teszt: no visible binding for global variable '.N'
    teszt: no visible binding for global variable '.NHIPO'
    unchprofil.rajz: no visible binding for global variable '.HPROFIL'
    vfon: no visible binding for global variable '.VFONAL'
    vfonal: no visible binding for global variable '.QND'
    vszam: no visible binding for global variable '.QND'
    zim: no visible global function definition for 'negyit'
    zim: no visible global function definition for 'benc'
    zimu: no visible global function definition for 'negyit'
    zimu: no visible global function definition for 'ketegykep'
    zimu: no visible global function definition for 'bend'
    zimuu: no visible global function definition for 'felkev'
    zimuu: no visible global function definition for 'ketegykep'
    zimuu: no visible global function definition for 'bend'
    zs: no visible binding for global variable '.QND'
    zs: no visible binding for global variable '.AHIPO'
    zsir: no visible binding for global variable '.QND'
    zsir: no visible binding for global variable '.ZS'
    zsz: no visible binding for global variable '.AHIPO'
    zsz: no visible binding for global variable '.NHIPO'
    zsz: no visible binding for global variable '.QND'
Flavors: r-devel-windows-ix86+x86_64, r-release-osx-x86_64-mavericks, r-release-windows-ix86+x86_64, r-oldrel-windows-ix86+x86_64