CRAN Package Check Results for Package hdeco

Last updated on 2018-06-22 03:49:29 CEST.

Flavor Version Tinstall Tcheck Ttotal Status Flags
r-release-osx-x86_64 0.4.1 NOTE
r-oldrel-osx-x86_64 0.4.1 NOTE

Check Details

Version: 0.4.1
Check: R code for possible problems
Result: NOTE
    ls.: warning in ls(all = TRUE, pos = 1): partial argument match of
     'all' to 'all.names'
    teszt: warning in write(c("Entropy Decomposition,", date(), ", File
     name:", tempfnev), ncol = 55, file = fnev): partial argument match of
     'ncol' to 'ncolumns'
    teszt: warning in write(.MASKTITLE, ncol = 55, file = fnev, append =
     TRUE): partial argument match of 'ncol' to 'ncolumns'
    teszt: warning in write("One image", ncol = 55, file = fnev, append =
     TRUE): partial argument match of 'ncol' to 'ncolumns'
    teszt: warning in write(c(NIX, "images, coded as X variable(s)"), ncol
     = 55, file = fnev, append = TRUE): partial argument match of 'ncol'
     to 'ncolumns'
    teszt: warning in write(c(NEVELO[EGYKE], "image consists of", NIY,
     "pixels in a", NLY, "-level pyramid, coded as Y variable(s)"), ncol =
     55, file = fnev, append = TRUE): partial argument match of 'ncol' to
     'ncolumns'
    teszt: warning in write(c(.COLOURS, "colors, coded as Z variable(s)"),
     ncol = 55, file = fnev, append = TRUE): partial argument match of
     'ncol' to 'ncolumns'
    teszt: warning in write(.CIM, ncol = 55, file = fnev, append = TRUE):
     partial argument match of 'ncol' to 'ncolumns'
    teszt: warning in write(cim(.VFONAL), ncol = 55, file = fnev, append =
     TRUE): partial argument match of 'ncol' to 'ncolumns'
    teszt: warning in write(c("\nStep", ikstep, "\nBaseH:",
     names(KI$ALAPF), ", H=", signif(KI$HALAPF, 5), ", DF=",
     szabfok(KI$ALAPF)), ncol = 55, file = fnev, append = TRUE): partial
     argument match of 'ncol' to 'ncolumns'
    teszt: warning in write(c("NullH:", names(.NHIPO[[ik]]), ", H=",
     signif(KI$HHIPO, 5), ", DF=", szabfok(.NHIPO[[ik]])), ncol = 55, file
     = fnev, append = TRUE): partial argument match of 'ncol' to
     'ncolumns'
    teszt: warning in write(c("Alt H:", names(.AHIPO[[ik]]), ", H=",
     signif(KI$HAHIPO, 5), ", DF=", szabfok(.AHIPO[[ik]])), ncol = 55,
     file = fnev, append = TRUE): partial argument match of 'ncol' to
     'ncolumns'
    teszt: warning in write(c("Mutual info (", names(.AHIPO[[ik]]),
     "between", names(.NHIPO[[ik]]), ") =", signif(MUTU, 5), ", DF=", DF),
     ncol = 55, file = fnev, append = TRUE): partial argument match of
     'ncol' to 'ncolumns'
    teszt: warning in write(c("Uncertainty coeff (", names(.AHIPO[[ik]]),
     "given", names(.NHIPO[[ik]]), ") =", paste(sep = "", signif(UNC, 4),
     "%")), ncol = 55, file = fnev, append = TRUE): partial argument match
     of 'ncol' to 'ncolumns'
    teszt: warning in write(c("Test statistics (", names(.AHIPO[[ik]]),
     "joint) =", signif(TESZT, 5), ", DF=", DF, ", signif =", signif(SIG,
     5), NO[EGYKE, NINI]), ncol = 55, file = fnev, append = TRUE): partial
     argument match of 'ncol' to 'ncolumns'
    teszt: warning in write(c("Conditional H: (", names(.KIVALO[[ik]]),
     "conditioned on", names(KI$BEVALO.AHIPO), ") =", signif(COMUTU, 5)),
     ncol = 55, file = fnev, append = TRUE): partial argument match of
     'ncol' to 'ncolumns'
    zsir: warning in
     write("\n--------------------------------------------------------",
     ncol = 33, file = fnev, append = T): partial argument match of 'ncol'
     to 'ncolumns'
    zsir: warning in write("\nThere is no valid Mutual Info decomposition.
     ", ncol = 33, file = fnev, append = T): partial argument match of
     'ncol' to 'ncolumns'
    zsir: warning in write("\nMutual Info can be decomposed as sum over all
     Color Categories:\nP(ColorCategory)* H|ColorCategory", ncol = 33,
     file = fnev, append = T): partial argument match of 'ncol' to
     'ncolumns'
    zsir: warning in write(c("\nStep", h), ncol = 33, file = fnev, append =
     T): partial argument match of 'ncol' to 'ncolumns'
    zsir: warning in write(c("\nStep", h - 1), ncol = 33, file = fnev,
     append = T): partial argument match of 'ncol' to 'ncolumns'
    CARsimu: no visible global function definition for ‘fft’
    CARsimu: no visible global function definition for ‘rnorm’
    autodecopath: no visible binding for global variable ‘.QND’
    autodecopath: no visible binding for global variable ‘.QKEP’
    bemar: no visible binding for global variable ‘.QKEP’
    benc4: no visible binding for global variable ‘KEPP’
    benc4: no visible global function definition for ‘automask’
    benc4: no visible global function definition for ‘title’
    benci: no visible binding for global variable ‘MASZK’
    bend4: no visible binding for global variable ‘KEP1’
    bend4: no visible binding for global variable ‘KEP2’
    bend4: no visible global function definition for ‘automask’
    bend4: no visible global function definition for ‘title’
    bendManyX4: no visible binding for global variable ‘XOBJ’
    bendManyX4: no visible global function definition for ‘automask’
    bendManyX4: no visible global function definition for ‘title’
    bendManyX4: no visible binding for global variable ‘.KIUNIQUE’
    bendManyX4: no visible binding for global variable ‘.COUNT’
    benya: no visible binding for global variable ‘KEP1’
    checker: no visible global function definition for ‘par’
    condhprofil.rajz: no visible binding for global variable ‘.HPROFIL’
    condhprofil.rajz: no visible global function definition for ‘plot’
    condhprofil.rajz: no visible global function definition for ‘par’
    condhprofil.rajz: no visible global function definition for ‘lines’
    condhprofil.rajz: no visible global function definition for ‘legend’
    condprofil.rajz: no visible binding for global variable ‘.HPROFIL’
    dups: no visible binding for global variable ‘KI’
    egykep: no visible global function definition for ‘par’
    entro: no visible binding for global variable ‘.QKEP’
    fixedcolimage : sorrev: no visible binding for global variable ‘.Q’
    fixedcolimage: no visible global function definition for ‘par’
    fixedcolimage: no visible global function definition for ‘colors’
    fixedcolimage: no visible global function definition for ‘palette’
    fixedcolimage: no visible global function definition for ‘image’
    fixedcolimage: no visible global function definition for ‘axis’
    fixedcolimage: no visible global function definition for ‘title’
    hdeco: no visible binding for global variable ‘demoimage1’
    hdeco: no visible binding for global variable ‘demoimage2’
    hdeco: no visible binding for global variable ‘decomppath’
    hdeco: no visible global function definition for ‘par’
    hdeco: no visible global function definition for ‘jpeg’
    hdeco: no visible binding for global variable ‘XOBJ’
    hdeco: no visible global function definition for ‘title’
    hdeco: no visible global function definition for ‘postscript’
    hdeco: no visible global function definition for ‘dev.off’
    hdeco: no visible global function definition for ‘hist’
    hprofil.rajz: no visible binding for global variable ‘.HPROFIL’
    hprofil.rajz: no visible binding for global variable ‘.QKEP’
    hprofil.rajz: no visible global function definition for ‘plot’
    hprofil.rajz: no visible global function definition for ‘polygon’
    imagelegend: no visible global function definition for ‘polygon’
    imaks: no visible binding for global variable ‘demoimage1’
    imaks : sorrev: no visible binding for global variable ‘.Q’
    imaks: no visible global function definition for ‘par’
    imaks: no visible global function definition for ‘topo.colors’
    imaks: no visible global function definition for ‘image’
    imaks: no visible global function definition for ‘axis’
    imaks: no visible global function definition for ‘title’
    kateg: no visible binding for global variable ‘BEMM’
    kateg: no visible global function definition for ‘kegy’
    kifeltent: no visible binding for global variable ‘.QKEP’
    kifeltent: no visible binding for global variable ‘.QND’
    kikap: no visible binding for global variable ‘.QKEP’
    kimar: no visible binding for global variable ‘.QKEP’
    kossze: no visible binding for global variable ‘BEM’
    kvissza: no visible binding for global variable ‘C4’
    leu: no visible binding for global variable ‘.QND’
    lez: no visible binding for global variable ‘.QND’
    makepath: no visible global function definition for ‘fix’
    mics: no visible binding for global variable ‘.QND’
    shift: no visible binding for global variable ‘demoimage1’
    shift: no visible global function definition for ‘par’
    sigplot: no visible binding for global variable ‘.HPROFIL’
    sigplot: no visible global function definition for ‘plot’
    sigplot: no visible global function definition for ‘par’
    szabfok: no visible binding for global variable ‘.QND’
    szelet: no visible binding for global variable ‘.QKEP’
    szelet: no visible binding for global variable ‘.QND’
    tesz: no visible binding for global variable ‘.QKEP’
    tesz: no visible binding for global variable ‘.QND’
    tesz: no visible binding for global variable ‘.AHIPO’
    tesz: no visible binding for global variable ‘.NHIPO’
    tesz: no visible binding for global variable ‘.KIVALO’
    teszt: no visible binding for global variable ‘.QKEP’
    teszt: no visible binding for global variable ‘.AHIPO’
    teszt: no visible binding for global variable ‘.QND’
    teszt: no visible binding for global variable ‘.COLOURS’
    teszt: no visible binding for global variable ‘.VFONAL’
    teszt: no visible binding for global variable ‘.KIVALO’
    teszt: no visible binding for global variable ‘.N’
    teszt: no visible binding for global variable ‘.NHIPO’
    teszt: no visible global function definition for ‘pchisq’
    teszt: no visible global function definition for ‘write.table’
    unchprofil.rajz: no visible binding for global variable ‘.HPROFIL’
    unchprofil.rajz: no visible global function definition for ‘par’
    vfon: no visible binding for global variable ‘.VFONAL’
    vfonal: no visible binding for global variable ‘.QND’
    vfonal: no visible global function definition for ‘fix’
    vszam: no visible binding for global variable ‘.QND’
    zim: no visible global function definition for ‘negyit’
    zim: no visible global function definition for ‘benc’
    zimu: no visible global function definition for ‘negyit’
    zimu: no visible global function definition for ‘ketegykep’
    zimu: no visible global function definition for ‘bend’
    zimuu: no visible global function definition for ‘felkev’
    zimuu: no visible global function definition for ‘ketegykep’
    zimuu: no visible global function definition for ‘bend’
    zs: no visible binding for global variable ‘.QND’
    zs: no visible binding for global variable ‘.AHIPO’
    zsir: no visible binding for global variable ‘.QND’
    zsir: no visible binding for global variable ‘.ZS’
    zsz: no visible binding for global variable ‘.AHIPO’
    zsz: no visible binding for global variable ‘.NHIPO’
    zsz: no visible binding for global variable ‘.QND’
    Undefined global functions or variables:
     .AHIPO .COLOURS .COUNT .HPROFIL .KIUNIQUE .KIVALO .N .NHIPO .Q .QKEP
     .QND .VFONAL .ZS BEM BEMM C4 KEP1 KEP2 KEPP KI MASZK XOBJ automask
     axis benc bend colors decomppath demoimage1 demoimage2 dev.off felkev
     fft fix hist image jpeg kegy ketegykep legend lines negyit palette
     par pchisq plot polygon postscript rnorm title topo.colors
     write.table
    Consider adding
     importFrom("grDevices", "colors", "dev.off", "jpeg", "palette",
     "postscript", "topo.colors")
     importFrom("graphics", "axis", "hist", "image", "legend", "lines",
     "par", "plot", "polygon", "title")
     importFrom("stats", "fft", "pchisq", "rnorm")
     importFrom("utils", "fix", "write.table")
    to your NAMESPACE file.
Flavors: r-release-osx-x86_64, r-oldrel-osx-x86_64