CRAN Package Check Results for Package hdf5r

Last updated on 2021-12-08 07:50:52 CET.

Flavor Version Tinstall Tcheck Ttotal Status Flags
r-devel-linux-x86_64-debian-clang 1.3.5 57.19 130.81 188.00 OK
r-devel-linux-x86_64-debian-gcc 1.3.5 45.15 98.89 144.04 OK
r-devel-linux-x86_64-fedora-clang 1.3.5 230.23 NOTE
r-devel-linux-x86_64-fedora-gcc 1.3.5 235.81 OK
r-devel-windows-x86_64-new-UL 1.3.5 97.00 191.00 288.00 NOTE
r-devel-windows-x86_64-new-TK 1.3.5 OK
r-devel-windows-x86_64-old 1.3.5 69.00 152.00 221.00 NOTE
r-patched-linux-x86_64 1.3.5 56.70 125.84 182.54 OK
r-release-linux-x86_64 1.3.5 58.32 124.79 183.11 OK
r-release-macos-arm64 1.3.5 NOTE
r-release-macos-x86_64 1.3.5 NOTE
r-release-windows-ix86+x86_64 1.3.5 67.00 223.00 290.00 NOTE
r-oldrel-macos-x86_64 1.3.5 NOTE
r-oldrel-windows-ix86+x86_64 1.3.5 103.00 220.00 323.00 NOTE

Check Details

Version: 1.3.5
Check: installed package size
Result: NOTE
     installed size is 6.3Mb
     sub-directories of 1Mb or more:
     libs 1.6Mb
Flavors: r-devel-linux-x86_64-fedora-clang, r-devel-windows-x86_64-new-UL, r-devel-windows-x86_64-old, r-release-macos-arm64, r-release-macos-x86_64, r-release-windows-ix86+x86_64, r-oldrel-macos-x86_64, r-oldrel-windows-ix86+x86_64