CRAN Package Check Results for Package hdi

Last updated on 2015-05-07 03:47:21.

Flavor Version Tinstall Tcheck Ttotal Status Flags
r-devel-linux-x86_64-debian-clang 0.1-2 3.69 111.59 115.28 NOTE
r-devel-linux-x86_64-debian-gcc 0.1-2 2.90 111.62 114.52 NOTE
r-devel-linux-x86_64-fedora-clang 0.1-2 213.04 NOTE
r-devel-linux-x86_64-fedora-gcc 0.1-2 200.42 NOTE
r-devel-osx-x86_64-clang 0.1-2 162.31 NOTE
r-devel-windows-ix86+x86_64 0.1-2 10.00 161.00 171.00 NOTE
r-patched-linux-x86_64 0.1-2 2.92 110.79 113.71 NOTE
r-patched-solaris-sparc 0.1-2 1753.40 NOTE
r-patched-solaris-x86 0.1-2 275.30 NOTE
r-release-linux-x86_64 0.1-2 2.93 111.26 114.19 NOTE
r-release-osx-x86_64-mavericks 0.1-2 NOTE
r-release-osx-x86_64-snowleopard 0.1-2 NOTE
r-release-windows-ix86+x86_64 0.1-2 8.00 149.00 157.00 NOTE
r-oldrel-windows-ix86+x86_64 0.1-2 13.00 174.00 187.00 OK

Check Details

Version: 0.1-2
Check: DESCRIPTION meta-information
Result: NOTE
    Malformed Description field: should contain one or more complete sentences.
Flavors: r-devel-linux-x86_64-debian-clang, r-devel-linux-x86_64-debian-gcc, r-devel-linux-x86_64-fedora-clang, r-devel-linux-x86_64-fedora-gcc, r-devel-osx-x86_64-clang, r-devel-windows-ix86+x86_64, r-patched-linux-x86_64, r-patched-solaris-sparc, r-patched-solaris-x86, r-release-linux-x86_64, r-release-osx-x86_64-mavericks, r-release-osx-x86_64-snowleopard, r-release-windows-ix86+x86_64