CRAN Package Check Results for Package hdi

Last updated on 2015-03-30 00:48:21.

Flavor Version Tinstall Tcheck Ttotal Status Flags
r-devel-linux-x86_64-debian-clang 0.1-2 2.87 114.02 116.90 NOTE
r-devel-linux-x86_64-debian-gcc 0.1-2 3.48 106.93 110.41 NOTE
r-devel-linux-x86_64-fedora-clang 0.1-2 202.55 NOTE
r-devel-linux-x86_64-fedora-gcc 0.1-2 211.09 NOTE
r-devel-osx-x86_64-clang 0.1-2 168.14 NOTE
r-prerel-windows-ix86+x86_64 0.1-2 8.00 161.00 169.00 NOTE
r-prerel-linux-x86_64 0.1-2 2.84 106.24 109.08 NOTE
r-prerel-solaris-sparc 0.1-2 1753.40 NOTE
r-prerel-solaris-x86 0.1-2 270.50 NOTE
r-release-linux-x86_64 0.1-2 3.95 125.78 129.74 OK
r-release-osx-x86_64-mavericks 0.1-2 OK
r-release-osx-x86_64-snowleopard 0.1-2 OK
r-release-windows-ix86+x86_64 0.1-2 12.00 184.00 196.00 OK
r-oldrel-windows-ix86+x86_64 0.1-2 11.00 239.00 250.00 OK

Check Details

Version: 0.1-2
Check: DESCRIPTION meta-information
Result: NOTE
    Malformed Description field: should contain one or more complete sentences.
Flavors: r-devel-linux-x86_64-debian-clang, r-devel-linux-x86_64-debian-gcc, r-devel-linux-x86_64-fedora-clang, r-devel-linux-x86_64-fedora-gcc, r-devel-osx-x86_64-clang, r-prerel-windows-ix86+x86_64, r-prerel-linux-x86_64, r-prerel-solaris-sparc, r-prerel-solaris-x86