CRAN Package Check Results for Package hdi

Last updated on 2015-07-02 03:46:51.

Flavor Version Tinstall Tcheck Ttotal Status Flags
r-devel-linux-x86_64-debian-clang 0.1-2 2.89 111.44 114.34 NOTE
r-devel-linux-x86_64-debian-gcc 0.1-2 2.87 110.11 112.98 NOTE
r-devel-linux-x86_64-fedora-clang 0.1-2 214.80 NOTE
r-devel-linux-x86_64-fedora-gcc 0.1-2 206.97 NOTE
r-devel-osx-x86_64-clang 0.1-2 178.94 NOTE
r-devel-windows-ix86+x86_64 0.1-2 8.00 151.00 159.00 NOTE
r-patched-linux-x86_64 0.1-2 4.04 111.54 115.58 NOTE
r-patched-solaris-sparc 0.1-2 1794.70 NOTE
r-patched-solaris-x86 0.1-2 277.20 NOTE
r-release-linux-x86_64 0.1-2 2.92 110.36 113.28 NOTE
r-release-osx-x86_64-mavericks 0.1-2 NOTE
r-release-windows-ix86+x86_64 0.1-2 9.00 169.00 178.00 NOTE
r-oldrel-windows-ix86+x86_64 0.1-2 12.00 183.00 195.00 OK

Check Details

Version: 0.1-2
Check: DESCRIPTION meta-information
Result: NOTE
    Malformed Description field: should contain one or more complete sentences.
Flavors: r-devel-linux-x86_64-debian-clang, r-devel-linux-x86_64-debian-gcc, r-devel-linux-x86_64-fedora-clang, r-devel-linux-x86_64-fedora-gcc, r-devel-osx-x86_64-clang, r-devel-windows-ix86+x86_64, r-patched-linux-x86_64, r-patched-solaris-sparc, r-patched-solaris-x86, r-release-linux-x86_64, r-release-osx-x86_64-mavericks, r-release-windows-ix86+x86_64

Version: 0.1-2
Check: R code for possible problems
Result: NOTE
    calc.ci: no visible global function definition for ‘qnorm’
    calculate.pvalue.for.group: no visible global function definition for
     ‘ecdf’
    clusterGroupBound: no visible global function definition for ‘as.dist’
    clusterGroupBound: no visible global function definition for ‘cor’
    clusterGroupBound: no visible global function definition for ‘hclust’
    confint.hdi: no visible global function definition for ‘qnorm’
    cv.nodewise.bestlambda: no visible global function definition for
     ‘predict’
    cv.nodewise.bestlambda: no visible binding for global variable ‘sd’
    cv.nodewise.stderr: no visible global function definition for ‘sd’
    cv.nodewise.totalerr: no visible global function definition for
     ‘predict’
    do.splits: no visible global function definition for ‘coef’
    do.splits: no visible global function definition for ‘predict’
    do.splits: no visible global function definition for ‘rnorm’
    does.it.cover.gammamin: no visible global function definition for ‘qt’
    get.clusterGroupTest.function : clusterGroupTest: no visible global
     function definition for ‘as.dist’
    get.clusterGroupTest.function : clusterGroupTest: no visible global
     function definition for ‘cor’
    get.clusterGroupTest.function : clusterGroupTest: no visible global
     function definition for ‘hclust’
    get.clusterGroupTest.function : clusterGroupTest :
     clusterextractfunction: no visible global function definition for
     ‘cutree’
    getmfact: no visible global function definition for ‘approxfun’
    getmfactold: no visible global function definition for ‘approxfun’
    glm.pval: no visible global function definition for ‘glm’
    glm.pval: no visible global function definition for ‘coef’
    groupBound: no visible global function definition for ‘runif’
    groupBound: no visible global function definition for ‘quantile’
    groupBound: no visible binding for global variable ‘quantile’
    groupBoundWithPrediction: no visible global function definition for
     ‘runif’
    groupBoundWithPrediction: no visible global function definition for
     ‘rnorm’
    groupBoundWithPrediction: no visible global function definition for
     ‘sd’
    lasso.cv: no visible global function definition for ‘predict’
    lasso.firstq: no visible global function definition for ‘predict’
    lasso.proj: no visible binding for global variable ‘sd’
    lasso.proj: no visible global function definition for ‘pnorm’
    lasso.proj: no visible binding for global variable ‘p.adjust.methods’
    lasso.proj: no visible global function definition for ‘p.adjust’
    lm.ci: no visible global function definition for ‘lm’
    lm.ci: no visible global function definition for ‘confint’
    lm.pval: no visible global function definition for ‘lm’
    lm.pval: no visible global function definition for ‘coef’
    lm.pval: no visible global function definition for ‘pt’
    lm.pval: no visible global function definition for ‘pnorm’
    multi.split : oneSplit: no visible global function definition for ‘lm’
    multi.split : oneSplit: no visible global function definition for ‘qt’
    multi.split : oneSplit: no visible global function definition for
     ‘vcov’
    multi.split : oneSplit: no visible global function definition for
     ‘coef’
    multi.split: no visible global function definition for ‘quantile’
    multi.split: no visible binding for global variable ‘median’
    nodewise.getlambdasequence: no visible global function definition for
     ‘quantile’
    p.adjust.wy: no visible global function definition for ‘pnorm’
    p.adjust.wy: no visible global function definition for ‘ecdf’
    plot.clusterGroupBound: no visible global function definition for ‘rgb’
    plot.clusterGroupBound: no visible global function definition for
     ‘plot’
    plot.clusterGroupBound: no visible global function definition for
     ‘axis’
    plot.clusterGroupBound: no visible global function definition for
     ‘lines’
    plot.clusterGroupBound: no visible global function definition for
     ‘points’
    ridge.proj: no visible binding for global variable ‘sd’
    ridge.proj: no visible global function definition for ‘pnorm’
    ridge.proj: no visible binding for global variable ‘p.adjust.methods’
    ridge.proj: no visible global function definition for ‘p.adjust’
    score.getThetaforlambda: no visible global function definition for
     ‘predict’
    score.getZforlambda: no visible global function definition for
     ‘predict’
    score.getZforlambda.unitfunction: no visible global function definition
     for ‘predict’
    switch.family: no visible global function definition for ‘predict’
Flavors: r-devel-linux-x86_64-debian-clang, r-devel-linux-x86_64-debian-gcc, r-devel-linux-x86_64-fedora-clang, r-devel-linux-x86_64-fedora-gcc, r-devel-windows-ix86+x86_64