CRAN Package Check Results for Package hdlm

Last updated on 2014-11-28 16:46:31.

Flavor Version Tinstall Tcheck Ttotal Status Flags
r-devel-linux-x86_64-debian-clang 1.2 4.03 75.70 79.73 NOTE
r-devel-linux-x86_64-debian-gcc 1.2 4.17 72.16 76.33 NOTE
r-devel-linux-x86_64-fedora-clang 1.2 191.65 NOTE
r-devel-linux-x86_64-fedora-gcc 1.2 202.72 NOTE
r-devel-osx-x86_64-clang 1.2 137.64 NOTE
r-devel-windows-ix86+x86_64 1.2 14.00 116.00 130.00 NOTE
r-patched-linux-x86_64 1.2 4.21 74.88 79.09 NOTE
r-patched-solaris-sparc 1.2 1232.10 NOTE
r-patched-solaris-x86 1.2 218.70 NOTE
r-release-linux-ix86 1.2 5.14 86.97 92.11 NOTE
r-release-linux-x86_64 1.2 4.59 75.41 80.00 NOTE
r-release-osx-x86_64-mavericks 1.2 NOTE
r-release-osx-x86_64-snowleopard 1.2 NOTE
r-release-windows-ix86+x86_64 1.2 14.00 127.00 141.00 NOTE
r-oldrel-windows-ix86+x86_64 1.2 15.00 123.00 138.00 OK

Check Details

Version: 1.2
Check: R code for possible problems
Result: NOTE
    hdlm: no visible global function definition for ‘sparse.model.matrix’
Flavors: r-devel-linux-x86_64-debian-clang, r-devel-linux-x86_64-debian-gcc, r-devel-linux-x86_64-fedora-clang, r-devel-linux-x86_64-fedora-gcc, r-devel-osx-x86_64-clang, r-devel-windows-ix86+x86_64, r-patched-linux-x86_64, r-patched-solaris-sparc, r-patched-solaris-x86, r-release-linux-ix86, r-release-linux-x86_64, r-release-windows-ix86+x86_64

Version: 1.2
Check: re-building of vignette outputs
Result: NOTE
    Error in re-building vignettes:
     ...
    Loading required package: glmnet
    Loading required package: Matrix
    Loaded glmnet 1.9-5
    
    Loading required package: foreach
    Loading required package: MASS
    Loading required package: iterators
    Warning: glm.fit: algorithm did not converge
    Warning: glm.fit: fitted probabilities numerically 0 or 1 occurred
    Warning: glm.fit: algorithm did not converge
    Warning: glm.fit: fitted probabilities numerically 0 or 1 occurred
    Warning: glm.fit: algorithm did not converge
    Warning: glm.fit: fitted probabilities numerically 0 or 1 occurred
    Warning: glm.fit: fitted probabilities numerically 0 or 1 occurred
    Error in texi2dvi(file = file, pdf = TRUE, clean = clean, quiet = quiet, :
     Running 'texi2dvi' on 'article.tex' failed.
    LaTeX errors:
    ! LaTeX Error: File `utf8x.def' not found.
    
    Type X to quit or <RETURN> to proceed,
    or enter new name. (Default extension: def)
    Calls: buildVignettes -> texi2pdf -> texi2dvi
    Execution halted
Flavors: r-release-osx-x86_64-mavericks, r-release-osx-x86_64-snowleopard