CRAN Package Check Results for Package hdlm

Last updated on 2015-09-03 19:47:14.

Flavor Version Tinstall Tcheck Ttotal Status Flags
r-devel-linux-x86_64-debian-clang 1.2 3.17 68.20 71.38 NOTE
r-devel-linux-x86_64-debian-gcc 1.2 3.35 65.40 68.75 NOTE
r-devel-linux-x86_64-fedora-clang 1.2 132.44 NOTE
r-devel-linux-x86_64-fedora-gcc 1.2 126.62 NOTE
r-devel-osx-x86_64-clang 1.2 114.08 NOTE
r-devel-windows-ix86+x86_64 1.2 18.00 164.00 182.00 NOTE
r-patched-linux-x86_64 1.2 3.48 66.22 69.70 NOTE
r-patched-solaris-sparc 1.2 1124.50 NOTE
r-patched-solaris-x86 1.2 180.00 NOTE
r-release-linux-x86_64 1.2 3.80 67.01 70.81 NOTE
r-release-osx-x86_64-mavericks 1.2 NOTE
r-release-windows-ix86+x86_64 1.2 16.00 157.00 173.00 NOTE
r-oldrel-windows-ix86+x86_64 1.2 20.00 155.00 175.00 NOTE

Check Details

Version: 1.2
Check: S3 generic/method consistency
Result: NOTE
    Found the following apparent S3 methods exported but not registered:
     qr.hdlm
    See section ‘Registering S3 methods’ in the ‘Writing R Extensions’
    manual.
Flavors: r-devel-linux-x86_64-debian-clang, r-devel-linux-x86_64-debian-gcc, r-devel-linux-x86_64-fedora-clang, r-devel-linux-x86_64-fedora-gcc, r-devel-osx-x86_64-clang, r-patched-linux-x86_64, r-patched-solaris-sparc, r-patched-solaris-x86, r-release-linux-x86_64

Version: 1.2
Check: R code for possible problems
Result: NOTE
    HDprintCoefmat: no visible global function definition for ‘symnum’
    bayes.hdglm.fit: no visible binding for global variable ‘quantile’
    bayes.hdlm.fit: no visible global function definition for ‘var’
    bayes.hdlm.fit: no visible binding for global variable ‘quantile’
    bayesianLatentFit: no visible global function definition for ‘runif’
    bayesianLatentFit: no visible global function definition for ‘rnorm’
    deviance.hdlm: no visible global function definition for ‘residuals’
    family.hdlm: no visible global function definition for ‘gaussian’
    formula.hdlm: no visible global function definition for ‘formula’
    hdglm: no visible binding for global variable ‘gaussian’
    hdglm: no visible binding for global variable ‘binomial’
    hdglm: no visible binding for global variable ‘poisson’
    hdglm : FUNLM: no visible global function definition for ‘glm’
    hdglm: no visible global function definition for ‘model.response’
    hdglm: no visible global function definition for ‘model.weights’
    hdglm: no visible global function definition for ‘model.matrix’
    hdglm: no visible binding for global variable ‘contrasts’
    hdlm: no visible global function definition for ‘model.response’
    hdlm: no visible global function definition for ‘model.weights’
    hdlm: no visible global function definition for ‘sparse.model.matrix’
    hdlm: no visible binding for global variable ‘contrasts’
    hdlm: no visible binding for global variable ‘lm’
    hdlm: no visible global function definition for ‘.getXlevels’
    hdlm.fit: no visible binding for global variable ‘lm’
    hdlm.fit : hdlm.stat: no visible global function definition for ‘coef’
    hdlm.fit: no visible global function definition for ‘qnorm’
    hdlm.fit: no visible global function definition for ‘dnorm’
    hdlm.fit: no visible global function definition for ‘pnorm’
    hdlm.fit: no visible binding for global variable ‘median’
    hdlm.fit: no visible global function definition for ‘median’
    hdlm.fit: no visible global function definition for ‘sd’
    labels.hdlm: no visible global function definition for ‘formula’
    mod.cv.glmnet: no visible global function definition for ‘coef’
    model.matrix.hdlm: no visible global function definition for
     ‘model.frame’
    plot.hdlm: no visible binding for global variable ‘panel.smooth’
    plot.hdlm: no visible binding for global variable ‘points’
    plot.hdlm: no visible global function definition for ‘par’
    plot.hdlm: no visible global function definition for ‘dev.interactive’
    plot.hdlm: no visible global function definition for ‘residuals’
    plot.hdlm: no visible global function definition for ‘predict’
    plot.hdlm : text.id: no visible global function definition for ‘text’
    plot.hdlm : getCaption: no visible global function definition for
     ‘as.graphicsAnnot’
    plot.hdlm: no visible global function definition for ‘devAskNewPage’
    plot.hdlm: no visible global function definition for ‘extendrange’
    plot.hdlm: no visible global function definition for ‘dev.hold’
    plot.hdlm: no visible global function definition for ‘plot’
    plot.hdlm: no visible global function definition for ‘title’
    plot.hdlm: no visible global function definition for ‘mtext’
    plot.hdlm: no visible global function definition for ‘strheight’
    plot.hdlm: no visible global function definition for ‘abline’
    plot.hdlm: no visible global function definition for ‘dev.flush’
    plot.hdlm: no visible global function definition for ‘qqnorm’
    plot.hdlm: no visible global function definition for ‘barplot’
    plot.hdlm: no visible global function definition for ‘box’
    plot.hdlm: no visible global function definition for ‘qnorm’
    plot.hdlm: no visible global function definition for ‘pnorm’
    predict.hdglm: no visible binding for global variable ‘na.pass’
    predict.hdglm: no visible global function definition for ‘model.matrix’
    predict.hdglm: no visible global function definition for
     ‘variable.names’
    predict.hdglm: no visible global function definition for ‘coef’
    predict.hdlm: no visible binding for global variable ‘na.pass’
    predict.hdlm: no visible global function definition for ‘model.matrix’
    predict.hdlm: no visible global function definition for
     ‘variable.names’
    predict.hdlm: no visible global function definition for ‘coef’
    print.summary.hdglm: no visible global function definition for
     ‘quantile’
    print.summary.hdlm: no visible global function definition for
     ‘quantile’
    print.summary.hdlm: no visible global function definition for ‘naprint’
    print.summary.hdlm: no visible global function definition for ‘pf’
    simulate.hdlm: no visible global function definition for ‘runif’
    simulate.hdlm: no visible global function definition for ‘fitted’
    simulate.hdlm: no visible global function definition for ‘deviance’
    simulate.hdlm: no visible global function definition for ‘df.residual’
    simulate.hdlm: no visible global function definition for ‘rnorm’
    variable.names.hdlm: no visible global function definition for
     ‘model.matrix’
    Undefined global functions or variables:
     .getXlevels abline as.graphicsAnnot barplot binomial box coef
     contrasts dev.flush dev.hold dev.interactive devAskNewPage deviance
     df.residual dnorm extendrange fitted formula gaussian glm lm median
     model.frame model.matrix model.response model.weights mtext na.pass
     naprint panel.smooth par pf plot pnorm points poisson predict qnorm
     qqnorm quantile residuals rnorm runif sd sparse.model.matrix
     strheight symnum text title var variable.names
    Consider adding
     importFrom("grDevices", "as.graphicsAnnot", "dev.flush", "dev.hold",
     "dev.interactive", "devAskNewPage", "extendrange")
     importFrom("graphics", "abline", "barplot", "box", "mtext",
     "panel.smooth", "par", "plot", "points", "strheight",
     "text", "title")
     importFrom("stats", ".getXlevels", "binomial", "coef", "contrasts",
     "deviance", "df.residual", "dnorm", "fitted", "formula",
     "gaussian", "glm", "lm", "median", "model.frame",
     "model.matrix", "model.response", "model.weights",
     "na.pass", "naprint", "pf", "pnorm", "poisson", "predict",
     "qnorm", "qqnorm", "quantile", "residuals", "rnorm",
     "runif", "sd", "symnum", "var", "variable.names")
    to your NAMESPACE.
Flavors: r-devel-linux-x86_64-debian-clang, r-devel-linux-x86_64-debian-gcc, r-devel-linux-x86_64-fedora-clang, r-devel-linux-x86_64-fedora-gcc, r-devel-windows-ix86+x86_64

Version: 1.2
Check: R code for possible problems
Result: NOTE
    hdlm: no visible global function definition for ‘sparse.model.matrix’
    Undefined global functions or variables:
     sparse.model.matrix
Flavor: r-devel-osx-x86_64-clang

Version: 1.2
Check: R code for possible problems
Result: NOTE
    hdlm: no visible global function definition for ‘sparse.model.matrix’
Flavors: r-patched-linux-x86_64, r-patched-solaris-sparc, r-patched-solaris-x86, r-release-linux-x86_64, r-release-osx-x86_64-mavericks, r-release-windows-ix86+x86_64, r-oldrel-windows-ix86+x86_64