CRAN Package Check Results for Package hdlm

Last updated on 2015-05-25 02:47:25.

Flavor Version Tinstall Tcheck Ttotal Status Flags
r-devel-linux-x86_64-debian-clang 1.2 3.63 69.07 72.70 NOTE
r-devel-linux-x86_64-debian-gcc 1.2 3.43 66.86 70.29 NOTE
r-devel-linux-x86_64-fedora-clang 1.2 144.01 NOTE
r-devel-linux-x86_64-fedora-gcc 1.2 139.03 NOTE
r-devel-osx-x86_64-clang 1.2 117.36 NOTE
r-devel-windows-ix86+x86_64 1.2 13.00 125.00 138.00 NOTE
r-patched-linux-x86_64 1.2 3.38 67.82 71.21 NOTE
r-patched-solaris-sparc 1.2 1131.90 NOTE
r-patched-solaris-x86 1.2 183.30 NOTE
r-release-linux-x86_64 1.2 3.44 68.10 71.54 NOTE
r-release-osx-x86_64-mavericks 1.2 NOTE
r-release-osx-x86_64-snowleopard 1.2 NOTE
r-release-windows-ix86+x86_64 1.2 11.00 109.00 120.00 NOTE
r-oldrel-windows-ix86+x86_64 1.2 15.00 125.00 140.00 NOTE

Check Details

Version: 1.2
Check: S3 generic/method consistency
Result: NOTE
    Found the following apparent S3 methods exported but not registered:
     qr.hdlm
    See section ‘Registering S3 methods’ in the ‘Writing R Extensions’
    manual.
Flavors: r-devel-linux-x86_64-debian-clang, r-devel-linux-x86_64-debian-gcc, r-devel-linux-x86_64-fedora-clang, r-devel-linux-x86_64-fedora-gcc, r-devel-osx-x86_64-clang, r-patched-linux-x86_64, r-patched-solaris-sparc, r-patched-solaris-x86, r-release-linux-x86_64

Version: 1.2
Check: R code for possible problems
Result: NOTE
    hdlm: no visible global function definition for ‘sparse.model.matrix’
Flavors: r-devel-linux-x86_64-debian-clang, r-devel-linux-x86_64-debian-gcc, r-devel-linux-x86_64-fedora-clang, r-devel-linux-x86_64-fedora-gcc, r-devel-osx-x86_64-clang, r-devel-windows-ix86+x86_64, r-patched-linux-x86_64, r-patched-solaris-sparc, r-patched-solaris-x86, r-release-linux-x86_64, r-release-osx-x86_64-mavericks, r-release-osx-x86_64-snowleopard, r-release-windows-ix86+x86_64, r-oldrel-windows-ix86+x86_64