CRAN Package Check Results for Package hdlm

Last updated on 2017-02-26 17:51:22.

Flavor Version Tinstall Tcheck Ttotal Status Flags
r-devel-linux-x86_64-debian-clang 1.3.1 3.51 54.77 58.28 NOTE
r-devel-linux-x86_64-debian-gcc 1.3.1 3.38 54.69 58.07 NOTE
r-devel-linux-x86_64-fedora-clang 1.3.1 138.14 NOTE --no-stop-on-test-error
r-devel-linux-x86_64-fedora-gcc 1.3.1 142.60 NOTE --no-stop-on-test-error
r-devel-macos-x86_64-clang 1.3.1 94.89 NOTE --no-stop-on-test-error
r-devel-windows-ix86+x86_64 1.3.1 17.00 162.00 179.00 OK
r-patched-linux-x86_64 1.3.1 3.20 48.08 51.28 OK
r-patched-solaris-sparc 1.3.1 743.80 OK
r-patched-solaris-x86 1.3.1 117.80 OK
r-release-linux-x86_64 1.3.1 3.12 48.63 51.75 OK
r-release-osx-x86_64-mavericks 1.3.1 OK
r-release-windows-ix86+x86_64 1.3.1 20.00 136.00 156.00 OK
r-oldrel-windows-ix86+x86_64 1.3.1 21.00 132.00 153.00 OK

Check Details

Version: 1.3.1
Check: compiled code
Result: NOTE
    File ‘hdlm/libs/hdlm.so’:
     Found no calls to: ‘R_registerRoutines’, ‘R_useDynamicSymbols’
    
    It is good practice to register native routines and to disable symbol
    search.
    
    See ‘Writing portable packages’ in the ‘Writing R Extensions’ manual.
Flavors: r-devel-linux-x86_64-debian-clang, r-devel-linux-x86_64-debian-gcc

Version: 1.3.1
Flags: --no-stop-on-test-error
Check: compiled code
Result: NOTE
    File ‘hdlm/libs/hdlm.so’:
     Found no calls to: ‘R_registerRoutines’, ‘R_useDynamicSymbols’
    
    It is good practice to register native routines and to disable symbol
    search.
    
    See ‘Writing portable packages’ in the ‘Writing R Extensions’ manual.
Flavors: r-devel-linux-x86_64-fedora-clang, r-devel-linux-x86_64-fedora-gcc, r-devel-macos-x86_64-clang