CRAN Package Check Results for Package hdlm

Last updated on 2014-07-29 03:48:39.

Flavor Version Tinstall Tcheck Ttotal Status Flags
r-devel-linux-x86_64-debian-clang 1.2 4.20 71.82 76.02 OK
r-devel-linux-x86_64-debian-gcc 1.2 4.10 72.34 76.43 OK
r-devel-linux-x86_64-fedora-clang 1.2 183.50 OK
r-devel-linux-x86_64-fedora-gcc 1.2 182.59 OK
r-devel-osx-x86_64-clang 1.2 138.55 OK
r-devel-windows-ix86+x86_64 1.2 15.00 119.00 134.00 OK
r-patched-linux-x86_64 1.2 4.33 72.84 77.17 OK
r-patched-solaris-sparc 1.2 1225.00 OK
r-patched-solaris-x86 1.2 223.10 OK
r-release-linux-ix86 1.2 5.20 90.91 96.11 OK
r-release-linux-x86_64 1.2 4.43 73.06 77.49 OK
r-release-osx-x86_64-mavericks 1.2 NOTE
r-release-osx-x86_64-snowleopard 1.2 NOTE
r-release-windows-ix86+x86_64 1.2 15.00 127.00 142.00 OK
r-oldrel-windows-ix86+x86_64 1.2 16.00 117.00 133.00 OK

Check Details

Version: 1.2
Check: re-building of vignette outputs
Result: NOTE
    Error in re-building vignettes:
     ...
    Loading required package: glmnet
    Loading required package: Matrix
    Loaded glmnet 1.9-5
    
    Loading required package: foreach
    Loading required package: MASS
    Loading required package: iterators
    Warning: glm.fit: algorithm did not converge
    Warning: glm.fit: fitted probabilities numerically 0 or 1 occurred
    Warning: glm.fit: algorithm did not converge
    Warning: glm.fit: fitted probabilities numerically 0 or 1 occurred
    Warning: glm.fit: algorithm did not converge
    Warning: glm.fit: fitted probabilities numerically 0 or 1 occurred
    Warning: glm.fit: fitted probabilities numerically 0 or 1 occurred
    Error in texi2dvi(file = file, pdf = TRUE, clean = clean, quiet = quiet, :
     Running 'texi2dvi' on 'article.tex' failed.
    LaTeX errors:
    ! LaTeX Error: File `utf8x.def' not found.
    
    Type X to quit or <RETURN> to proceed,
    or enter new name. (Default extension: def)
    Calls: buildVignettes -> texi2pdf -> texi2dvi
    Execution halted
Flavors: r-release-osx-x86_64-mavericks, r-release-osx-x86_64-snowleopard