CRAN Package Check Results for Package hdlm

Last updated on 2017-09-22 10:47:20.

Flavor Version Tinstall Tcheck Ttotal Status Flags
r-devel-linux-x86_64-debian-clang 1.3.1 3.71 56.51 60.22 NOTE
r-devel-linux-x86_64-debian-gcc 1.3.1 3.48 55.75 59.23 NOTE
r-devel-linux-x86_64-fedora-clang 1.3.1 139.71 NOTE
r-devel-linux-x86_64-fedora-gcc 1.3.1 121.31 NOTE
r-devel-windows-ix86+x86_64 1.3.1 13.00 120.00 133.00 OK
r-patched-linux-x86_64 1.3.1 3.68 56.06 59.74 NOTE
r-patched-solaris-x86 1.3.1 168.00 OK
r-release-linux-x86_64 1.3.1 3.56 55.20 58.75 NOTE
r-release-windows-ix86+x86_64 1.3.1 12.00 125.00 137.00 OK
r-release-osx-x86_64 1.3.1 NOTE
r-oldrel-windows-ix86+x86_64 1.3.1 11.00 103.00 114.00 OK
r-oldrel-osx-x86_64 1.3.1 OK

Check Details

Version: 1.3.1
Check: compiled code
Result: NOTE
    File ‘hdlm/libs/hdlm.so’:
     Found no calls to: ‘R_registerRoutines’, ‘R_useDynamicSymbols’
    
    It is good practice to register native routines and to disable symbol
    search.
    
    See ‘Writing portable packages’ in the ‘Writing R Extensions’ manual.
Flavors: r-devel-linux-x86_64-debian-clang, r-devel-linux-x86_64-debian-gcc, r-devel-linux-x86_64-fedora-clang, r-devel-linux-x86_64-fedora-gcc, r-patched-linux-x86_64, r-release-linux-x86_64

Version: 1.3.1
Check: re-building of vignette outputs
Result: NOTE
    Error in re-building vignettes:
     ...
    Loading required package: MASS
    Loading required package: iterators
    Warning: glm.fit: algorithm did not converge
    Warning: glm.fit: fitted probabilities numerically 0 or 1 occurred
    Warning: glm.fit: algorithm did not converge
    Warning: glm.fit: fitted probabilities numerically 0 or 1 occurred
    Warning: glm.fit: algorithm did not converge
    Warning: glm.fit: fitted probabilities numerically 0 or 1 occurred
    Warning: glm.fit: fitted probabilities numerically 0 or 1 occurred
    Error in texi2dvi(file = file, pdf = TRUE, clean = clean, quiet = quiet, :
     Running 'texi2dvi' on 'article.tex' failed.
    LaTeX errors:
    ! LaTeX Error: File `utf8x.def' not found.
    
    Type X to quit or <RETURN> to proceed,
    or enter new name. (Default extension: def)
    
    ! Emergency stop.
    <read *>
    
    l.158 \endinput
     ^^M
    ! ==> Fatal error occurred, no output PDF file produced!
    Calls: buildVignettes -> texi2pdf -> texi2dvi
    Execution halted
Flavor: r-release-osx-x86_64