CRAN Package Check Results for Package hdlm

Last updated on 2017-03-30 19:47:47.

Flavor Version Tinstall Tcheck Ttotal Status Flags
r-devel-linux-x86_64-debian-clang 1.3.1 3.57 58.54 62.11 NOTE
r-devel-linux-x86_64-debian-gcc 1.3.1 3.41 55.58 58.98 NOTE
r-devel-linux-x86_64-fedora-clang 1.3.1 122.92 NOTE --no-stop-on-test-error
r-devel-linux-x86_64-fedora-gcc 1.3.1 117.09 NOTE --no-stop-on-test-error
r-devel-macos-x86_64-clang 1.3.1 92.56 NOTE --no-stop-on-test-error
r-devel-windows-ix86+x86_64 1.3.1 13.00 119.00 132.00 OK
r-patched-linux-x86_64 1.3.1 3.42 54.32 57.74 NOTE
r-patched-solaris-sparc 1.3.1 860.20 OK
r-release-linux-x86_64 1.3.1 3.19 48.65 51.84 OK
r-release-osx-x86_64-mavericks 1.3.1 OK
r-release-windows-ix86+x86_64 1.3.1 30.00 158.00 188.00 OK
r-oldrel-windows-ix86+x86_64 1.3.1 17.00 138.00 155.00 OK

Check Details

Version: 1.3.1
Check: compiled code
Result: NOTE
    File ‘hdlm/libs/hdlm.so’:
     Found no calls to: ‘R_registerRoutines’, ‘R_useDynamicSymbols’
    
    It is good practice to register native routines and to disable symbol
    search.
    
    See ‘Writing portable packages’ in the ‘Writing R Extensions’ manual.
Flavors: r-devel-linux-x86_64-debian-clang, r-devel-linux-x86_64-debian-gcc, r-patched-linux-x86_64

Version: 1.3.1
Flags: --no-stop-on-test-error
Check: compiled code
Result: NOTE
    File ‘hdlm/libs/hdlm.so’:
     Found no calls to: ‘R_registerRoutines’, ‘R_useDynamicSymbols’
    
    It is good practice to register native routines and to disable symbol
    search.
    
    See ‘Writing portable packages’ in the ‘Writing R Extensions’ manual.
Flavors: r-devel-linux-x86_64-fedora-clang, r-devel-linux-x86_64-fedora-gcc, r-devel-macos-x86_64-clang