CRAN Package Check Results for Package hdlm

Last updated on 2014-04-23 20:47:13.

Flavor Version Tinstall Tcheck Ttotal Status Flags
r-devel-linux-x86_64-debian-clang 1.2 4.45 74.36 78.81 OK
r-devel-linux-x86_64-debian-gcc 1.2 4.61 75.86 80.47 OK
r-devel-linux-x86_64-fedora-clang 1.2 184.41 OK
r-devel-linux-x86_64-fedora-gcc 1.2 180.64 OK
r-devel-osx-x86_64-clang 1.2 130.19 OK
r-devel-osx-x86_64-gcc 1.2 OK
r-devel-windows-ix86+x86_64 1.2 14.00 123.00 137.00 OK
r-patched-linux-x86_64 1.2 4.42 75.94 80.36 OK
r-patched-solaris-sparc 1.2 1225.00 OK
r-patched-solaris-x86 1.2 219.10 OK
r-release-linux-ix86 1.2 7.00 122.00 129.00 OK
r-release-linux-x86_64 1.2 4.68 73.78 78.46 OK
r-release-osx-x86_64-mavericks 1.2 NOTE
r-release-osx-x86_64-snowleopard 1.2 NOTE
r-release-windows-ix86+x86_64 1.2 14.00 126.00 140.00 OK
r-oldrel-windows-ix86+x86_64 1.2 15.00 124.00 139.00 OK

Check Details

Version: 1.2
Check: re-building of vignette outputs
Result: NOTE
    Error in re-building vignettes:
     ...
    Loading required package: glmnet
    Loading required package: Matrix
    Loaded glmnet 1.9-5
    
    Loading required package: foreach
    Loading required package: MASS
    Loading required package: iterators
    Warning: glm.fit: algorithm did not converge
    Warning: glm.fit: fitted probabilities numerically 0 or 1 occurred
    Warning: glm.fit: algorithm did not converge
    Warning: glm.fit: fitted probabilities numerically 0 or 1 occurred
    Warning: glm.fit: algorithm did not converge
    Warning: glm.fit: fitted probabilities numerically 0 or 1 occurred
    Warning: glm.fit: fitted probabilities numerically 0 or 1 occurred
    Error in texi2dvi(file = file, pdf = TRUE, clean = clean, quiet = quiet, :
     Running 'texi2dvi' on 'article.tex' failed.
    LaTeX errors:
    ! LaTeX Error: File `utf8x.def' not found.
    
    Type X to quit or <RETURN> to proceed,
    or enter new name. (Default extension: def)
    Calls: buildVignettes -> texi2pdf -> texi2dvi
    Execution halted
Flavors: r-release-osx-x86_64-mavericks, r-release-osx-x86_64-snowleopard