CRAN Package Check Results for Package hdlm

Last updated on 2015-03-06 12:46:40.

Flavor Version Tinstall Tcheck Ttotal Status Flags
r-devel-linux-x86_64-debian-clang 1.2 3.32 65.98 69.29 NOTE
r-devel-linux-x86_64-debian-gcc 1.2 3.28 66.07 69.35 NOTE
r-devel-linux-x86_64-fedora-clang 1.2 140.28 NOTE
r-devel-linux-x86_64-fedora-gcc 1.2 137.90 NOTE
r-devel-osx-x86_64-clang 1.2 117.25 NOTE
r-devel-windows-ix86+x86_64 1.2 14.00 112.00 126.00 NOTE
r-patched-linux-x86_64 1.2 4.50 76.58 81.08 NOTE
r-patched-solaris-sparc 1.2 1262.30 NOTE
r-patched-solaris-x86 1.2 222.20 NOTE
r-release-linux-ix86 1.2 5.20 92.03 97.23 NOTE
r-release-linux-x86_64 1.2 4.37 79.77 84.14 NOTE
r-release-osx-x86_64-mavericks 1.2 NOTE
r-release-osx-x86_64-snowleopard 1.2 NOTE
r-release-windows-ix86+x86_64 1.2 14.00 129.00 143.00 NOTE
r-oldrel-windows-ix86+x86_64 1.2 17.00 188.00 205.00 OK

Check Details

Version: 1.2
Check: S3 generic/method consistency
Result: NOTE
    Found the following apparent S3 methods exported but not registered:
     qr.hdlm
    See section ‘Registering S3 methods’ in the ‘Writing R Extensions’
    manual.
Flavors: r-devel-linux-x86_64-debian-clang, r-devel-linux-x86_64-debian-gcc, r-devel-linux-x86_64-fedora-clang, r-devel-linux-x86_64-fedora-gcc, r-devel-osx-x86_64-clang

Version: 1.2
Check: R code for possible problems
Result: NOTE
    hdlm: no visible global function definition for ‘sparse.model.matrix’
Flavors: r-devel-linux-x86_64-debian-clang, r-devel-linux-x86_64-debian-gcc, r-devel-linux-x86_64-fedora-clang, r-devel-linux-x86_64-fedora-gcc, r-devel-osx-x86_64-clang, r-devel-windows-ix86+x86_64, r-patched-linux-x86_64, r-patched-solaris-sparc, r-patched-solaris-x86, r-release-linux-ix86, r-release-linux-x86_64, r-release-osx-x86_64-mavericks, r-release-windows-ix86+x86_64

Version: 1.2
Check: re-building of vignette outputs
Result: NOTE
    Error in re-building vignettes:
     ...
    Loading required package: glmnet
    Loading required package: Matrix
    Loaded glmnet 1.9-5
    
    Loading required package: foreach
    Loading required package: MASS
    Loading required package: iterators
    Warning: glm.fit: algorithm did not converge
    Warning: glm.fit: fitted probabilities numerically 0 or 1 occurred
    Warning: glm.fit: algorithm did not converge
    Warning: glm.fit: fitted probabilities numerically 0 or 1 occurred
    Warning: glm.fit: algorithm did not converge
    Warning: glm.fit: fitted probabilities numerically 0 or 1 occurred
    Warning: glm.fit: fitted probabilities numerically 0 or 1 occurred
    Error in texi2dvi(file = file, pdf = TRUE, clean = clean, quiet = quiet, :
     Running 'texi2dvi' on 'article.tex' failed.
    LaTeX errors:
    ! LaTeX Error: File `utf8x.def' not found.
    
    Type X to quit or <RETURN> to proceed,
    or enter new name. (Default extension: def)
    Calls: buildVignettes -> texi2pdf -> texi2dvi
    Execution halted
Flavor: r-release-osx-x86_64-snowleopard