CRAN Package Check Results for Package hdlm

Last updated on 2014-12-20 23:47:18.

Flavor Version Tinstall Tcheck Ttotal Status Flags
r-devel-linux-x86_64-debian-clang 1.2 4.18 73.56 77.74 NOTE
r-devel-linux-x86_64-debian-gcc 1.2 4.20 72.53 76.73 NOTE
r-devel-linux-x86_64-fedora-clang 1.2 181.29 NOTE
r-devel-linux-x86_64-fedora-gcc 1.2 164.75 NOTE
r-devel-osx-x86_64-clang 1.2 140.95 NOTE
r-devel-windows-ix86+x86_64 1.2 16.00 127.00 143.00 NOTE
r-patched-linux-x86_64 1.2 4.41 75.99 80.40 NOTE
r-patched-solaris-sparc 1.2 1232.10 NOTE
r-patched-solaris-x86 1.2 222.10 NOTE
r-release-linux-ix86 1.2 5.04 87.30 92.35 NOTE
r-release-linux-x86_64 1.2 4.18 74.44 78.62 NOTE
r-release-osx-x86_64-mavericks 1.2 NOTE
r-release-osx-x86_64-snowleopard 1.2 NOTE
r-release-windows-ix86+x86_64 1.2 18.00 128.00 146.00 NOTE
r-oldrel-windows-ix86+x86_64 1.2 16.00 138.00 154.00 OK

Check Details

Version: 1.2
Check: R code for possible problems
Result: NOTE
    hdlm: no visible global function definition for ‘sparse.model.matrix’
Flavors: r-devel-linux-x86_64-debian-clang, r-devel-linux-x86_64-debian-gcc, r-devel-linux-x86_64-fedora-clang, r-devel-linux-x86_64-fedora-gcc, r-devel-osx-x86_64-clang, r-devel-windows-ix86+x86_64, r-patched-linux-x86_64, r-patched-solaris-sparc, r-patched-solaris-x86, r-release-linux-ix86, r-release-linux-x86_64, r-release-windows-ix86+x86_64

Version: 1.2
Check: re-building of vignette outputs
Result: NOTE
    Error in re-building vignettes:
     ...
    Loading required package: glmnet
    Loading required package: Matrix
    Loaded glmnet 1.9-5
    
    Loading required package: foreach
    Loading required package: MASS
    Loading required package: iterators
    Warning: glm.fit: algorithm did not converge
    Warning: glm.fit: fitted probabilities numerically 0 or 1 occurred
    Warning: glm.fit: algorithm did not converge
    Warning: glm.fit: fitted probabilities numerically 0 or 1 occurred
    Warning: glm.fit: algorithm did not converge
    Warning: glm.fit: fitted probabilities numerically 0 or 1 occurred
    Warning: glm.fit: fitted probabilities numerically 0 or 1 occurred
    Error in texi2dvi(file = file, pdf = TRUE, clean = clean, quiet = quiet, :
     Running 'texi2dvi' on 'article.tex' failed.
    LaTeX errors:
    ! LaTeX Error: File `utf8x.def' not found.
    
    Type X to quit or <RETURN> to proceed,
    or enter new name. (Default extension: def)
    Calls: buildVignettes -> texi2pdf -> texi2dvi
    Execution halted
Flavors: r-release-osx-x86_64-mavericks, r-release-osx-x86_64-snowleopard