CRAN Package Check Results for Package hdlm

Last updated on 2020-03-31 18:47:39 CEST.

Flavor Version Tinstall Tcheck Ttotal Status Flags
r-devel-linux-x86_64-debian-clang 1.3.1 11.36 91.65 103.01 OK
r-devel-linux-x86_64-debian-gcc 1.3.1 8.61 71.59 80.20 OK
r-devel-linux-x86_64-fedora-clang 1.3.1 127.18 NOTE
r-devel-linux-x86_64-fedora-gcc 1.3.1 125.57 NOTE
r-devel-windows-ix86+x86_64 1.3.1 21.00 124.00 145.00 OK
r-devel-windows-ix86+x86_64-gcc8 1.3.1 20.00 120.00 140.00 OK
r-patched-linux-x86_64 1.3.1 8.77 89.34 98.11 OK
r-patched-solaris-x86 1.3.1 191.60 OK
r-release-linux-x86_64 1.3.1 8.50 83.00 91.50 OK
r-release-windows-ix86+x86_64 1.3.1 28.00 172.00 200.00 OK
r-release-osx-x86_64 1.3.1 OK
r-oldrel-windows-ix86+x86_64 1.3.1 19.00 170.00 189.00 OK
r-oldrel-osx-x86_64 1.3.1 OK

Check Details

Version: 1.3.1
Check: compiled code
Result: NOTE
    File ‘hdlm/libs/hdlm.so’:
     Found no calls to: ‘R_registerRoutines’, ‘R_useDynamicSymbols’
    
    It is good practice to register native routines and to disable symbol
    search.
    
    See ‘Writing portable packages’ in the ‘Writing R Extensions’ manual.
Flavors: r-devel-linux-x86_64-fedora-clang, r-devel-linux-x86_64-fedora-gcc