CRAN Package Check Results for Package hdrcde

Last updated on 2015-02-27 04:46:48.

Flavor Version Tinstall Tcheck Ttotal Status Flags
r-devel-linux-x86_64-debian-clang 3.1 1.12 20.50 21.61 NOTE
r-devel-linux-x86_64-debian-gcc 3.1 0.90 20.32 21.23 NOTE
r-devel-linux-x86_64-fedora-clang 3.1 41.77 NOTE
r-devel-linux-x86_64-fedora-gcc 3.1 41.62 NOTE
r-devel-osx-x86_64-clang 3.1 38.09 NOTE
r-devel-windows-ix86+x86_64 3.1 8.00 41.00 49.00 NOTE
r-patched-linux-x86_64 3.1 1.08 21.92 23.00 NOTE
r-patched-solaris-sparc 3.1 270.60 NOTE
r-patched-solaris-x86 3.1 59.10 NOTE
r-release-linux-ix86 3.1 1.63 33.46 35.09 NOTE
r-release-linux-x86_64 3.1 1.08 0.25 1.33 OK
r-release-osx-x86_64-mavericks 3.1 NOTE
r-release-windows-ix86+x86_64 3.1 6.00 47.00 53.00 NOTE
r-oldrel-windows-ix86+x86_64 3.1 7.00 47.00 54.00 NOTE

Check Details

Version: 3.1
Check: dependencies in R code
Result: NOTE
    Package in Depends field not imported from: ‘mvtnorm’
     These packages need to be imported from (in the NAMESPACE file)
     for when this namespace is loaded but not attached.
Flavors: r-devel-linux-x86_64-debian-clang, r-devel-linux-x86_64-debian-gcc, r-devel-linux-x86_64-fedora-clang, r-devel-linux-x86_64-fedora-gcc, r-devel-osx-x86_64-clang, r-devel-windows-ix86+x86_64, r-patched-linux-x86_64, r-patched-solaris-x86

Version: 3.1
Check: dependencies in R code
Result: NOTE
    Package in Depends field not imported from: ‘mvtnorm’
     These packages need to be imported from (in the NAMESPACE file)
     for when this namespace is loaded but not attached.
    See the information on DESCRIPTION files in the chapter ‘Creating R
    packages’ of the ‘Writing R Extensions’ manual.
Flavors: r-patched-solaris-sparc, r-release-linux-ix86, r-release-osx-x86_64-mavericks, r-release-windows-ix86+x86_64, r-oldrel-windows-ix86+x86_64