CRAN Package Check Results for Package hdrcde

Last updated on 2015-01-26 19:48:23.

Flavor Version Tinstall Tcheck Ttotal Status Flags
r-devel-linux-x86_64-debian-clang 3.1 1.02 21.77 22.79 NOTE
r-devel-linux-x86_64-debian-gcc 3.1 0.96 20.53 21.49 NOTE
r-devel-linux-x86_64-fedora-clang 3.1 52.92 NOTE
r-devel-linux-x86_64-fedora-gcc 3.1 48.26 NOTE
r-devel-osx-x86_64-clang 3.1 41.52 NOTE
r-devel-windows-ix86+x86_64 3.1 8.00 53.00 61.00 NOTE
r-patched-linux-x86_64 3.1 1.20 22.04 23.23 NOTE
r-patched-solaris-sparc 3.1 270.60 NOTE
r-patched-solaris-x86 3.1 60.50 NOTE
r-release-linux-ix86 3.1 1.68 32.10 33.78 NOTE
r-release-linux-x86_64 3.1 1.12 22.69 23.81 NOTE
r-release-osx-x86_64-mavericks 3.1 NOTE
r-release-windows-ix86+x86_64 3.1 6.00 52.00 58.00 NOTE
r-oldrel-windows-ix86+x86_64 3.1 10.00 62.00 72.00 NOTE

Check Details

Version: 3.1
Check: dependencies in R code
Result: NOTE
    Package in Depends field not imported from: ‘mvtnorm’
     These packages need to be imported from (in the NAMESPACE file)
     for when this namespace is loaded but not attached.
Flavors: r-devel-linux-x86_64-debian-clang, r-devel-linux-x86_64-debian-gcc, r-devel-linux-x86_64-fedora-clang, r-devel-linux-x86_64-fedora-gcc, r-devel-osx-x86_64-clang, r-devel-windows-ix86+x86_64

Version: 3.1
Check: dependencies in R code
Result: NOTE
    Package in Depends field not imported from: ‘mvtnorm’
     These packages need to be imported from (in the NAMESPACE file)
     for when this namespace is loaded but not attached.
    See the information on DESCRIPTION files in the chapter ‘Creating R
    packages’ of the ‘Writing R Extensions’ manual.
Flavors: r-patched-linux-x86_64, r-patched-solaris-sparc, r-patched-solaris-x86, r-release-linux-ix86, r-release-linux-x86_64, r-release-osx-x86_64-mavericks, r-release-windows-ix86+x86_64, r-oldrel-windows-ix86+x86_64