CRAN Package Check Results for Package hdrcde

Last updated on 2015-04-18 03:50:16.

Flavor Version Tinstall Tcheck Ttotal Status Flags
r-devel-linux-x86_64-debian-clang 3.1 1.06 21.20 22.26 NOTE
r-devel-linux-x86_64-debian-gcc 3.1 0.96 20.93 21.89 NOTE
r-devel-linux-x86_64-fedora-clang 3.1 46.42 NOTE
r-devel-linux-x86_64-fedora-gcc 3.1 40.47 NOTE
r-devel-osx-x86_64-clang 3.1 37.69 NOTE
r-prerel-windows-ix86+x86_64 3.1 5.00 43.00 48.00 NOTE
r-prerel-linux-x86_64 3.1 0.93 20.31 21.24 NOTE
r-prerel-solaris-sparc 3.1 274.70 NOTE
r-prerel-solaris-x86 3.1 54.90 NOTE
r-release-linux-x86_64 3.1 1.19 23.27 24.46 NOTE
r-release-osx-x86_64-mavericks 3.1 NOTE
r-release-windows-ix86+x86_64 3.1 5.00 47.00 52.00 NOTE
r-oldrel-windows-ix86+x86_64 3.1 6.00 54.00 60.00 NOTE

Check Details

Version: 3.1
Check: dependencies in R code
Result: NOTE
    Package in Depends field not imported from: ‘mvtnorm’
     These packages need to be imported from (in the NAMESPACE file)
     for when this namespace is loaded but not attached.
Flavors: r-devel-linux-x86_64-debian-clang, r-devel-linux-x86_64-debian-gcc, r-devel-linux-x86_64-fedora-clang, r-devel-linux-x86_64-fedora-gcc, r-devel-osx-x86_64-clang, r-prerel-windows-ix86+x86_64, r-prerel-linux-x86_64, r-prerel-solaris-sparc, r-prerel-solaris-x86, r-release-linux-x86_64, r-release-windows-ix86+x86_64

Version: 3.1
Check: dependencies in R code
Result: NOTE
    Package in Depends field not imported from: ‘mvtnorm’
     These packages need to be imported from (in the NAMESPACE file)
     for when this namespace is loaded but not attached.
    See the information on DESCRIPTION files in the chapter ‘Creating R
    packages’ of the ‘Writing R Extensions’ manual.
Flavors: r-release-osx-x86_64-mavericks, r-oldrel-windows-ix86+x86_64