CRAN Package Check Results for Package hdrcde

Last updated on 2015-05-28 23:47:28.

Flavor Version Tinstall Tcheck Ttotal Status Flags
r-devel-linux-x86_64-debian-clang 3.1 0.93 20.34 21.27 NOTE
r-devel-linux-x86_64-debian-gcc 3.1 0.94 21.22 22.16 NOTE
r-devel-linux-x86_64-fedora-clang 3.1 48.37 NOTE
r-devel-linux-x86_64-fedora-gcc 3.1 41.15 NOTE
r-devel-osx-x86_64-clang 3.1 37.67 NOTE
r-devel-windows-ix86+x86_64 3.1 5.00 46.00 51.00 NOTE
r-patched-linux-x86_64 3.1 0.94 20.64 21.57 NOTE
r-patched-solaris-sparc 3.1 266.60 NOTE
r-patched-solaris-x86 3.1 52.40 NOTE
r-release-linux-x86_64 3.1 0.95 21.34 22.29 NOTE
r-release-osx-x86_64-mavericks 3.1 NOTE
r-release-osx-x86_64-snowleopard 3.1 NOTE
r-release-windows-ix86+x86_64 3.1 6.00 42.00 48.00 NOTE
r-oldrel-windows-ix86+x86_64 3.1 6.00 45.00 51.00 NOTE

Check Details

Version: 3.1
Check: dependencies in R code
Result: NOTE
    Package in Depends field not imported from: ‘mvtnorm’
     These packages need to be imported from (in the NAMESPACE file)
     for when this namespace is loaded but not attached.
Flavors: r-devel-linux-x86_64-debian-clang, r-devel-linux-x86_64-debian-gcc, r-devel-linux-x86_64-fedora-clang, r-devel-linux-x86_64-fedora-gcc, r-devel-osx-x86_64-clang, r-devel-windows-ix86+x86_64, r-patched-linux-x86_64, r-patched-solaris-sparc, r-patched-solaris-x86, r-release-linux-x86_64, r-release-osx-x86_64-mavericks, r-release-osx-x86_64-snowleopard, r-release-windows-ix86+x86_64, r-oldrel-windows-ix86+x86_64