CRAN Package Check Results for Package hdrcde

Last updated on 2014-10-23 00:47:59.

Flavor Version Tinstall Tcheck Ttotal Status Flags
r-devel-linux-x86_64-debian-clang 3.1 1.14 21.30 22.45 NOTE
r-devel-linux-x86_64-debian-gcc 3.1 1.18 21.04 22.22 NOTE
r-devel-linux-x86_64-fedora-clang 3.1 46.78 NOTE
r-devel-linux-x86_64-fedora-gcc 3.1 46.24 NOTE
r-devel-osx-x86_64-clang 3.1 41.63 NOTE
r-devel-windows-ix86+x86_64 3.1 5.00 43.00 48.00 NOTE
r-patched-linux-x86_64 3.1 1.16 22.30 23.46 NOTE
r-patched-solaris-sparc 3.1 271.20 NOTE
r-patched-solaris-x86 3.1 61.50 NOTE
r-release-linux-ix86 3.1 1.70 33.41 35.11 NOTE
r-release-linux-x86_64 3.1 1.12 21.81 22.93 NOTE
r-release-osx-x86_64-mavericks 3.1 NOTE
r-release-windows-ix86+x86_64 3.1 5.00 43.00 48.00 NOTE
r-oldrel-windows-ix86+x86_64 3.1 6.00 43.00 49.00 NOTE

Check Details

Version: 3.1
Check: dependencies in R code
Result: NOTE
    Package in Depends field not imported from: ‘mvtnorm’
     These packages need to be imported from (in the NAMESPACE file)
     for when this namespace is loaded but not attached.
    See the information on DESCRIPTION files in the chapter ‘Creating R
    packages’ of the ‘Writing R Extensions’ manual.
Flavors: r-devel-linux-x86_64-debian-clang, r-devel-linux-x86_64-debian-gcc, r-devel-linux-x86_64-fedora-clang, r-devel-linux-x86_64-fedora-gcc, r-devel-osx-x86_64-clang, r-devel-windows-ix86+x86_64, r-patched-linux-x86_64, r-patched-solaris-sparc, r-patched-solaris-x86, r-release-linux-ix86, r-release-linux-x86_64, r-release-osx-x86_64-mavericks, r-release-windows-ix86+x86_64, r-oldrel-windows-ix86+x86_64