CRAN Package Check Results for Package hdrcde

Last updated on 2014-12-20 03:49:33.

Flavor Version Tinstall Tcheck Ttotal Status Flags
r-devel-linux-x86_64-debian-clang 3.1 1.14 22.18 23.33 NOTE
r-devel-linux-x86_64-debian-gcc 3.1 1.09 21.23 22.32 NOTE
r-devel-linux-x86_64-fedora-clang 3.1 49.22 NOTE
r-devel-linux-x86_64-fedora-gcc 3.1 42.89 NOTE
r-devel-osx-x86_64-clang 3.1 40.96 NOTE
r-devel-windows-ix86+x86_64 3.1 6.00 44.00 50.00 NOTE
r-patched-linux-x86_64 3.1 1.21 22.28 23.49 NOTE
r-patched-solaris-sparc 3.1 271.20 NOTE
r-patched-solaris-x86 3.1 59.30 NOTE
r-release-linux-ix86 3.1 1.72 32.12 33.84 NOTE
r-release-linux-x86_64 3.1 1.17 22.05 23.22 NOTE
r-release-osx-x86_64-mavericks 3.1 NOTE
r-release-windows-ix86+x86_64 3.1 5.00 46.00 51.00 NOTE
r-oldrel-windows-ix86+x86_64 3.1 5.00 45.00 50.00 NOTE

Check Details

Version: 3.1
Check: dependencies in R code
Result: NOTE
    Package in Depends field not imported from: ‘mvtnorm’
     These packages need to be imported from (in the NAMESPACE file)
     for when this namespace is loaded but not attached.
    See the information on DESCRIPTION files in the chapter ‘Creating R
    packages’ of the ‘Writing R Extensions’ manual.
Flavors: r-devel-linux-x86_64-debian-clang, r-devel-linux-x86_64-debian-gcc, r-devel-linux-x86_64-fedora-clang, r-devel-linux-x86_64-fedora-gcc, r-devel-osx-x86_64-clang, r-devel-windows-ix86+x86_64, r-patched-linux-x86_64, r-patched-solaris-sparc, r-patched-solaris-x86, r-release-linux-ix86, r-release-linux-x86_64, r-release-osx-x86_64-mavericks, r-release-windows-ix86+x86_64, r-oldrel-windows-ix86+x86_64