CRAN Package Check Results for Package healthforum

Last updated on 2020-07-03 16:50:14 CEST.

Flavor Version Tinstall Tcheck Ttotal Status Flags
r-devel-linux-x86_64-debian-clang 0.1.0 3.33 28.46 31.79 OK
r-devel-linux-x86_64-debian-gcc 0.1.0 2.96 22.59 25.55 OK
r-devel-linux-x86_64-fedora-clang 0.1.0 46.30 NOTE
r-devel-linux-x86_64-fedora-gcc 0.1.0 35.89 NOTE
r-devel-windows-ix86+x86_64 0.1.0 10.00 67.00 77.00 OK
r-patched-linux-x86_64 0.1.0 3.37 28.19 31.56 OK
r-patched-solaris-x86 0.1.0 56.70 NOTE
r-release-linux-x86_64 0.1.0 3.59 28.36 31.95 OK
r-release-osx-x86_64 0.1.0 NOTE
r-release-windows-ix86+x86_64 0.1.0 8.00 49.00 57.00 OK
r-oldrel-osx-x86_64 0.1.0 NOTE
r-oldrel-windows-ix86+x86_64 0.1.0 17.00 61.00 78.00 OK

Check Details

Version: 0.1.0
Check: data for non-ASCII characters
Result: NOTE
     Note: found 216 marked UTF-8 strings
Flavors: r-devel-linux-x86_64-fedora-clang, r-devel-linux-x86_64-fedora-gcc, r-patched-solaris-x86, r-release-osx-x86_64, r-oldrel-osx-x86_64