CRAN Package Check Results for Package healthyR.ts

Last updated on 2021-04-23 09:50:30 CEST.

Flavor Version Tinstall Tcheck Ttotal Status Flags
r-devel-linux-x86_64-debian-clang 0.1.1 3.02 47.08 50.10 NOTE
r-devel-linux-x86_64-debian-gcc 0.1.1 2.42 35.96 38.38 NOTE
r-devel-linux-x86_64-fedora-clang 0.1.1 72.73 NOTE
r-devel-linux-x86_64-fedora-gcc 0.1.1 62.24 NOTE
r-devel-windows-ix86+x86_64 0.1.1 10.00 77.00 87.00 NOTE
r-devel-windows-x86_64-gcc10-UCRT 0.1.1 NOTE
r-patched-linux-x86_64 0.1.1 2.83 45.12 47.95 NOTE
r-patched-solaris-x86 0.1.1 91.80 NOTE
r-release-linux-x86_64 0.1.1 2.91 45.67 48.58 OK
r-release-macos-x86_64 0.1.1 NOTE
r-release-windows-ix86+x86_64 0.1.1 7.00 58.00 65.00 OK
r-oldrel-macos-x86_64 0.1.1 NOTE
r-oldrel-windows-ix86+x86_64 0.1.1 6.00 65.00 71.00 OK

Check Details

Version: 0.1.1
Check: LazyData
Result: NOTE
     'LazyData' is specified without a 'data' directory
Flavors: r-devel-linux-x86_64-debian-clang, r-devel-linux-x86_64-debian-gcc, r-devel-linux-x86_64-fedora-clang, r-devel-linux-x86_64-fedora-gcc, r-devel-windows-ix86+x86_64, r-devel-windows-x86_64-gcc10-UCRT, r-patched-linux-x86_64

Version: 0.1.1
Check: dependencies in R code
Result: NOTE
    Namespaces in Imports field not imported from:
     ‘healthyR.data’ ‘modeltime’ ‘modeltime.ensemble’ ‘modeltime.resample’
     ‘stringr’
     All declared Imports should be used.
Flavors: r-devel-linux-x86_64-fedora-clang, r-devel-linux-x86_64-fedora-gcc, r-devel-windows-x86_64-gcc10-UCRT, r-patched-solaris-x86, r-release-macos-x86_64, r-oldrel-macos-x86_64