CRAN Package Check Results for Package healthyverse

Last updated on 2021-04-15 04:48:42 CEST.

Flavor Version Tinstall Tcheck Ttotal Status Flags
r-devel-linux-x86_64-debian-clang 1.0.0 4.02 37.59 41.61 NOTE
r-devel-linux-x86_64-debian-gcc 1.0.0 0.32 2.06 2.38 ERROR
r-devel-linux-x86_64-fedora-clang 1.0.0 12.19 ERROR
r-devel-linux-x86_64-fedora-gcc 1.0.0 2.95 ERROR
r-devel-windows-ix86+x86_64 1.0.0 14.00 59.00 73.00 NOTE
r-devel-windows-x86_64-gcc10-UCRT 1.0.0 NOTE
r-patched-linux-x86_64 1.0.0 3.83 35.63 39.46 OK
r-patched-solaris-x86 1.0.0 72.90 NOTE
r-release-linux-x86_64 1.0.0 3.72 37.06 40.78 OK
r-release-macos-x86_64 1.0.0 NOTE
r-release-windows-ix86+x86_64 1.0.0 17.00 62.00 79.00 OK
r-oldrel-macos-x86_64 1.0.0 NOTE
r-oldrel-windows-ix86+x86_64 1.0.0 6.00 40.00 46.00 OK

Check Details

Version: 1.0.0
Check: LazyData
Result: NOTE
     'LazyData' is specified without a 'data' directory
Flavors: r-devel-linux-x86_64-debian-clang, r-devel-windows-ix86+x86_64, r-devel-windows-x86_64-gcc10-UCRT

Version: 1.0.0
Check: package dependencies
Result: ERROR
    Package required but not available: ‘healthyR.ts’
    
    See section ‘The DESCRIPTION file’ in the ‘Writing R Extensions’
    manual.
Flavors: r-devel-linux-x86_64-debian-gcc, r-devel-linux-x86_64-fedora-clang, r-devel-linux-x86_64-fedora-gcc

Version: 1.0.0
Check: dependencies in R code
Result: NOTE
    Namespaces in Imports field not imported from:
     'healthyR' 'healthyR.data' 'healthyR.ts'
     All declared Imports should be used.
Flavors: r-devel-windows-x86_64-gcc10-UCRT, r-patched-solaris-x86, r-release-macos-x86_64, r-oldrel-macos-x86_64