CRAN Package Check Results for Package heatmaply

Last updated on 2022-01-27 02:51:29 CET.

Flavor Version Tinstall Tcheck Ttotal Status Flags
r-devel-linux-x86_64-debian-clang 1.3.0 8.95 243.79 252.74 OK
r-devel-linux-x86_64-debian-gcc 1.3.0 6.83 169.66 176.49 OK
r-devel-linux-x86_64-fedora-clang 1.3.0 291.88 NOTE
r-devel-linux-x86_64-fedora-gcc 1.3.0 284.76 OK
r-devel-windows-x86_64-new-UL 1.3.0 103.00 250.00 353.00 NOTE
r-devel-windows-x86_64-new-TK 1.3.0 OK
r-patched-linux-x86_64 1.3.0 13.87 222.25 236.12 OK
r-release-linux-x86_64 1.3.0 8.37 223.78 232.15 OK
r-release-macos-arm64 1.3.0 NOTE
r-release-macos-x86_64 1.3.0 NOTE
r-release-windows-ix86+x86_64 1.3.0 21.00 280.00 301.00 NOTE
r-oldrel-macos-x86_64 1.3.0 NOTE
r-oldrel-windows-ix86+x86_64 1.3.0 20.00 278.00 298.00 NOTE

Check Details

Version: 1.3.0
Check: installed package size
Result: NOTE
     installed size is 5.5Mb
     sub-directories of 1Mb or more:
     doc 5.1Mb
Flavors: r-devel-linux-x86_64-fedora-clang, r-devel-windows-x86_64-new-UL, r-release-macos-arm64, r-release-macos-x86_64, r-release-windows-ix86+x86_64, r-oldrel-macos-x86_64, r-oldrel-windows-ix86+x86_64