CRAN Package Check Results for Package heavy

Last updated on 2015-01-31 16:46:54.

Flavor Version Tinstall Tcheck Ttotal Status Flags
r-devel-linux-x86_64-debian-clang 0.2-35 2.21 12.92 15.14 NOTE
r-devel-linux-x86_64-debian-gcc 0.2-35 2.70 12.52 15.22 NOTE
r-devel-linux-x86_64-fedora-clang 0.2-35 32.27 NOTE
r-devel-linux-x86_64-fedora-gcc 0.2-35 31.66 NOTE
r-devel-osx-x86_64-clang 0.2-35 30.36 NOTE
r-devel-windows-ix86+x86_64 0.2-35 18.00 26.00 44.00 OK
r-patched-linux-x86_64 0.2-35 2.76 12.98 15.74 OK
r-patched-solaris-sparc 0.2-35 170.30 OK
r-patched-solaris-x86 0.2-35 42.10 OK
r-release-linux-ix86 0.2-35 3.39 19.32 22.71 OK
r-release-linux-x86_64 0.2-35 2.68 13.82 16.51 OK
r-release-osx-x86_64-mavericks 0.2-35 OK
r-release-osx-x86_64-snowleopard 0.2-35 OK
r-release-windows-ix86+x86_64 0.2-35 15.00 35.00 50.00 OK
r-oldrel-windows-ix86+x86_64 0.2-35 14.00 29.00 43.00 OK

Check Details

Version: 0.2-35
Check: S3 generic/method consistency
Result: NOTE
    Found the following apparent S3 methods exported but not registered:
     heavyLme.formula
    See section ‘Registering S3 methods’ in the ‘Writing R Extensions’
    manual.
Flavors: r-devel-linux-x86_64-debian-clang, r-devel-linux-x86_64-debian-gcc, r-devel-linux-x86_64-fedora-clang, r-devel-linux-x86_64-fedora-gcc, r-devel-osx-x86_64-clang