CRAN Package Check Results for Package heavy

Last updated on 2015-02-28 07:50:03.

Flavor Version Tinstall Tcheck Ttotal Status Flags
r-devel-linux-x86_64-debian-clang 0.2-35 2.20 12.50 14.71 NOTE
r-devel-linux-x86_64-debian-gcc 0.2-35 2.47 13.12 15.59 NOTE
r-devel-linux-x86_64-fedora-clang 0.2-35 27.54 NOTE
r-devel-linux-x86_64-fedora-gcc 0.2-35 26.38 NOTE
r-devel-osx-x86_64-clang 0.2-35 28.49 NOTE
r-devel-windows-ix86+x86_64 0.2-35 19.00 23.00 42.00 OK
r-patched-linux-x86_64 0.2-35 2.62 13.38 16.00 OK
r-patched-solaris-sparc 0.2-35 170.30 OK
r-patched-solaris-x86 0.2-35 43.00 OK
r-release-linux-ix86 0.2-35 4.80 19.67 24.47 OK
r-release-linux-x86_64 0.2-35 2.72 12.84 15.56 OK
r-release-osx-x86_64-mavericks 0.2-35 OK
r-release-osx-x86_64-snowleopard 0.2-35 OK
r-release-windows-ix86+x86_64 0.2-35 15.00 35.00 50.00 OK
r-oldrel-windows-ix86+x86_64 0.2-35 14.00 29.00 43.00 OK

Check Details

Version: 0.2-35
Check: S3 generic/method consistency
Result: NOTE
    Found the following apparent S3 methods exported but not registered:
     heavyLme.formula
    See section ‘Registering S3 methods’ in the ‘Writing R Extensions’
    manual.
Flavors: r-devel-linux-x86_64-debian-clang, r-devel-linux-x86_64-debian-gcc, r-devel-linux-x86_64-fedora-clang, r-devel-linux-x86_64-fedora-gcc, r-devel-osx-x86_64-clang