CRAN Package Check Results for Package heavy

Last updated on 2015-04-01 08:50:06.

Flavor Version Tinstall Tcheck Ttotal Status Flags
r-devel-linux-x86_64-debian-clang 0.2-35 2.33 12.36 14.69 NOTE
r-devel-linux-x86_64-debian-gcc 0.2-35 2.52 12.12 14.65 NOTE
r-devel-linux-x86_64-fedora-clang 0.2-35 29.29 NOTE
r-devel-linux-x86_64-fedora-gcc 0.2-35 29.81 NOTE
r-devel-osx-x86_64-clang 0.2-35 32.18 NOTE
r-prerel-windows-ix86+x86_64 0.2-35 27.00 24.00 51.00 OK
r-prerel-linux-x86_64 0.2-35 2.62 12.21 14.82 NOTE
r-prerel-solaris-sparc 0.2-35 179.40 OK
r-prerel-solaris-x86 0.2-35 38.10 OK
r-release-linux-x86_64 0.2-35 2.58 13.16 15.74 OK
r-release-osx-x86_64-mavericks 0.2-35 OK
r-release-osx-x86_64-snowleopard 0.2-35 OK
r-release-windows-ix86+x86_64 0.2-35 26.00 28.00 54.00 OK
r-oldrel-windows-ix86+x86_64 0.2-35 14.00 29.00 43.00 OK

Check Details

Version: 0.2-35
Check: S3 generic/method consistency
Result: NOTE
    Found the following apparent S3 methods exported but not registered:
     heavyLme.formula
    See section ‘Registering S3 methods’ in the ‘Writing R Extensions’
    manual.
Flavors: r-devel-linux-x86_64-debian-clang, r-devel-linux-x86_64-debian-gcc, r-devel-linux-x86_64-fedora-clang, r-devel-linux-x86_64-fedora-gcc, r-devel-osx-x86_64-clang, r-prerel-linux-x86_64