CRAN Package Check Results for Package heavy

Last updated on 2015-06-30 22:47:20.

Flavor Version Tinstall Tcheck Ttotal Status Flags
r-devel-linux-x86_64-debian-clang 0.2-35 2.28 11.95 14.23 NOTE
r-devel-linux-x86_64-debian-gcc 0.2-35 2.45 11.82 14.28 NOTE
r-devel-linux-x86_64-fedora-clang 0.2-35 26.80 NOTE
r-devel-linux-x86_64-fedora-gcc 0.2-35 24.95 NOTE
r-devel-osx-x86_64-clang 0.2-35 26.25 NOTE
r-devel-windows-ix86+x86_64 0.2-35 18.00 35.00 53.00 OK
r-patched-linux-x86_64 0.2-35 2.65 12.74 15.38 NOTE
r-patched-solaris-sparc 0.2-35 166.20 NOTE
r-patched-solaris-x86 0.2-35 38.60 NOTE
r-release-linux-x86_64 0.2-35 2.59 12.74 15.33 NOTE
r-release-osx-x86_64-mavericks 0.2-35 OK
r-release-windows-ix86+x86_64 0.2-35 15.00 26.00 41.00 OK
r-oldrel-windows-ix86+x86_64 0.2-35 26.00 28.00 54.00 OK

Check Details

Version: 0.2-35
Check: S3 generic/method consistency
Result: NOTE
    Found the following apparent S3 methods exported but not registered:
     heavyLme.formula
    See section ‘Registering S3 methods’ in the ‘Writing R Extensions’
    manual.
Flavors: r-devel-linux-x86_64-debian-clang, r-devel-linux-x86_64-debian-gcc, r-devel-linux-x86_64-fedora-clang, r-devel-linux-x86_64-fedora-gcc, r-devel-osx-x86_64-clang, r-patched-linux-x86_64, r-patched-solaris-sparc, r-patched-solaris-x86, r-release-linux-x86_64

Version: 0.2-35
Check: R code for possible problems
Result: NOTE
    heavyFit: no visible global function definition for ‘terms’
    heavyFit: no visible global function definition for ‘model.matrix’
    heavyFit: no visible global function definition for ‘na.omit’
    heavyFit: no visible global function definition for ‘na.fail’
    heavyFit: no visible global function definition for ‘var’
    heavyLm: no visible global function definition for ‘model.response’
    heavyLm: no visible global function definition for ‘model.matrix’
    heavyLm: no visible global function definition for ‘lsfit’
    heavyLm: no visible global function definition for ‘.getXlevels’
    heavyLme: no visible binding for global variable ‘na.fail’
    heavyLme.formula: no visible binding for global variable ‘na.fail’
    heavyLme.formula: no visible global function definition for
     ‘asOneSidedFormula’
    heavyLme.formula: no visible global function definition for
     ‘model.matrix’
    heavyLme.formula: no visible global function definition for
     ‘model.frame’
    heavyLme.formula: no visible global function definition for ‘lsfit’
    heavyPS: no visible global function definition for ‘complete.cases’
    heavyPS: no visible global function definition for ‘lsfit’
    print.summary.heavyLm: no visible global function definition for
     ‘quantile’
    summary.heavyFit: no visible global function definition for ‘pnorm’
    summary.heavyLm: no visible global function definition for ‘pnorm’
    summary.heavyLme: no visible global function definition for ‘pnorm’
Flavors: r-devel-linux-x86_64-debian-clang, r-devel-linux-x86_64-debian-gcc, r-devel-linux-x86_64-fedora-clang, r-devel-linux-x86_64-fedora-gcc