CRAN Package Check Results for Package heavy

Last updated on 2015-05-30 21:46:35.

Flavor Version Tinstall Tcheck Ttotal Status Flags
r-devel-linux-x86_64-debian-clang 0.2-35 2.27 12.60 14.87 NOTE
r-devel-linux-x86_64-debian-gcc 0.2-35 2.53 12.15 14.68 NOTE
r-devel-linux-x86_64-fedora-clang 0.2-35 29.11 NOTE
r-devel-linux-x86_64-fedora-gcc 0.2-35 27.66 NOTE
r-devel-osx-x86_64-clang 0.2-35 28.58 NOTE
r-devel-windows-ix86+x86_64 0.2-35 18.00 24.00 42.00 OK
r-patched-linux-x86_64 0.2-35 2.50 12.56 15.06 NOTE
r-patched-solaris-sparc 0.2-35 166.20 NOTE
r-patched-solaris-x86 0.2-35 37.70 NOTE
r-release-linux-x86_64 0.2-35 2.58 13.06 15.63 NOTE
r-release-osx-x86_64-mavericks 0.2-35 OK
r-release-osx-x86_64-snowleopard 0.2-35 OK
r-release-windows-ix86+x86_64 0.2-35 15.00 26.00 41.00 OK
r-oldrel-windows-ix86+x86_64 0.2-35 26.00 28.00 54.00 OK

Check Details

Version: 0.2-35
Check: S3 generic/method consistency
Result: NOTE
    Found the following apparent S3 methods exported but not registered:
     heavyLme.formula
    See section ‘Registering S3 methods’ in the ‘Writing R Extensions’
    manual.
Flavors: r-devel-linux-x86_64-debian-clang, r-devel-linux-x86_64-debian-gcc, r-devel-linux-x86_64-fedora-clang, r-devel-linux-x86_64-fedora-gcc, r-devel-osx-x86_64-clang, r-patched-linux-x86_64, r-patched-solaris-sparc, r-patched-solaris-x86, r-release-linux-x86_64