Last updated on 2022-07-04 07:48:57 CEST.
Flavor | Version | Tinstall | Tcheck | Ttotal | Status | Flags |
---|---|---|---|---|---|---|
r-devel-linux-x86_64-debian-clang | 0.6.0 | 2.41 | 33.84 | 36.25 | NOTE | |
r-devel-linux-x86_64-debian-gcc | 0.6.0 | 2.11 | 26.18 | 28.29 | NOTE | |
r-devel-linux-x86_64-fedora-clang | 0.6.0 | 55.03 | NOTE | |||
r-devel-linux-x86_64-fedora-gcc | 0.6.0 | 53.33 | NOTE | |||
r-devel-windows-x86_64 | 0.6.0 | 5.00 | 66.00 | 71.00 | NOTE | |
r-patched-linux-x86_64 | 0.6.0 | 2.26 | 33.47 | 35.73 | NOTE | |
r-release-linux-x86_64 | 0.6.0 | 2.50 | 32.81 | 35.31 | NOTE | |
r-release-macos-arm64 | 0.6.0 | 18.00 | NOTE | |||
r-release-macos-x86_64 | 0.6.0 | 27.00 | NOTE | |||
r-release-windows-x86_64 | 0.6.0 | 23.00 | 65.00 | 88.00 | NOTE | |
r-oldrel-macos-arm64 | 0.6.0 | 20.00 | NOTE | |||
r-oldrel-macos-x86_64 | 0.6.0 | 46.00 | NOTE | |||
r-oldrel-windows-ix86+x86_64 | 0.6.0 | 6.00 | 53.00 | 59.00 | NOTE |
Version: 0.6.0
Check: LazyData
Result: NOTE
'LazyData' is specified without a 'data' directory
Flavors: r-devel-linux-x86_64-debian-clang, r-devel-linux-x86_64-debian-gcc, r-devel-linux-x86_64-fedora-clang, r-devel-linux-x86_64-fedora-gcc, r-devel-windows-x86_64, r-patched-linux-x86_64, r-release-linux-x86_64, r-release-macos-arm64, r-release-macos-x86_64, r-release-windows-x86_64, r-oldrel-macos-arm64, r-oldrel-macos-x86_64, r-oldrel-windows-ix86+x86_64
Version: 0.6.0
Check: Rd cross-references
Result: NOTE
Undeclared package ‘tibble’ in Rd xrefs
Flavor: r-devel-linux-x86_64-fedora-clang