CRAN Package Check Results for Package hedgehog

Last updated on 2022-12-04 21:55:39 CET.

Flavor Version Tinstall Tcheck Ttotal Status Flags
r-devel-linux-x86_64-debian-clang 0.1 4.23 80.65 84.88 OK
r-devel-linux-x86_64-debian-gcc 0.1 3.28 59.30 62.58 OK
r-devel-linux-x86_64-fedora-clang 0.1 114.74 OK
r-devel-linux-x86_64-fedora-gcc 0.1 114.94 OK
r-devel-windows-x86_64 0.1 25.00 110.00 135.00 OK
r-patched-linux-x86_64 0.1 2.91 75.71 78.62 OK
r-release-linux-x86_64 0.1 3.31 77.84 81.15 OK
r-release-macos-arm64 0.1 28.00 OK
r-release-macos-x86_64 0.1 58.00 OK
r-release-windows-x86_64 0.1 20.00 109.00 129.00 OK
r-oldrel-macos-arm64 0.1 34.00 OK
r-oldrel-macos-x86_64 0.1 54.00 OK
r-oldrel-windows-ix86+x86_64 0.1 10.00 112.00 122.00 WARN

Check Details

Version: 0.1
Check: re-building of vignette outputs
Result: WARN
    Error(s) in re-building vignettes:
    --- re-building 'hedgehog.Rmd' using rmarkdown
    Loading required package: testthat
    Error: processing vignette 'hedgehog.Rmd' failed with diagnostics:
    object 'preview_math' not found
    --- failed re-building 'hedgehog.Rmd'
    
    --- re-building 'state-machines.Rmd' using rmarkdown
    Loading required package: testthat
    Error: processing vignette 'state-machines.Rmd' failed with diagnostics:
    object 'preview_math' not found
    --- failed re-building 'state-machines.Rmd'
    
    SUMMARY: processing the following files failed:
     'hedgehog.Rmd' 'state-machines.Rmd'
    
    Error: Vignette re-building failed.
    Execution halted
Flavor: r-oldrel-windows-ix86+x86_64