Last updated on 2022-05-25 04:55:27 CEST.
Flavor | Version | Tinstall | Tcheck | Ttotal | Status | Flags |
---|---|---|---|---|---|---|
r-devel-linux-x86_64-debian-clang | 0.14.4 | 14.66 | 575.07 | 589.73 | NOTE | |
r-devel-linux-x86_64-debian-gcc | 0.14.4 | 11.00 | 416.03 | 427.03 | NOTE | |
r-devel-linux-x86_64-fedora-clang | 0.14.4 | 652.34 | NOTE | |||
r-devel-linux-x86_64-fedora-gcc | 0.14.4 | 639.53 | NOTE | |||
r-devel-windows-x86_64 | 0.14.4 | 153.00 | 615.00 | 768.00 | OK | |
r-patched-linux-x86_64 | 0.14.4 | 14.60 | 12.21 | 26.81 | FAIL | |
r-release-linux-x86_64 | 0.14.4 | NOTE | ||||
r-release-macos-arm64 | 0.14.4 | 132.00 | NOTE | |||
r-release-macos-x86_64 | 0.14.4 | 293.00 | NOTE | |||
r-release-windows-x86_64 | 0.14.4 | 178.00 | 577.00 | 755.00 | OK | |
r-oldrel-macos-arm64 | 0.14.4 | 158.00 | OK | |||
r-oldrel-macos-x86_64 | 0.14.4 | 182.00 | OK | |||
r-oldrel-windows-ix86+x86_64 | 0.14.4 | 31.00 | 636.00 | 667.00 | OK |
Version: 0.14.4
Check: package dependencies
Result: NOTE
Package suggested but not available for checking: 'rgho'
Flavors: r-devel-linux-x86_64-debian-clang, r-devel-linux-x86_64-debian-gcc, r-devel-linux-x86_64-fedora-clang, r-devel-linux-x86_64-fedora-gcc, r-release-linux-x86_64, r-release-macos-arm64
Version: 0.14.4
Check: package dependencies
Result: FAIL
Flavor: r-patched-linux-x86_64
Version: 0.14.4
Check: package dependencies
Result: NOTE
Packages suggested but not available for checking: 'BCEA', 'rgho'
Flavor: r-release-macos-x86_64
Version: 0.14.4
Check: Rd cross-references
Result: NOTE
Package unavailable to check Rd xrefs: ‘BCEA’
Flavor: r-release-macos-x86_64