CRAN Package Check Results for Package helloJavaWorld

Last updated on 2014-07-22 15:51:51.

Flavor Version Tinstall Tcheck Ttotal Status Flags
r-devel-linux-x86_64-debian-clang 0.0-7 1.51 20.59 22.10 NOTE
r-devel-linux-x86_64-debian-gcc 0.0-7 1.70 20.47 22.17 NOTE
r-devel-linux-x86_64-fedora-clang 0.0-7 52.23 NOTE
r-devel-linux-x86_64-fedora-gcc 0.0-7 49.51 NOTE
r-devel-osx-x86_64-clang 0.0-7 41.90 NOTE
r-devel-windows-ix86+x86_64 0.0-7 5.00 33.00 38.00 NOTE
r-patched-linux-x86_64 0.0-7 1.87 20.70 22.56 NOTE
r-patched-solaris-sparc 0.0-7 261.90 NOTE
r-patched-solaris-x86 0.0-7 65.20 NOTE
r-release-linux-ix86 0.0-7 2.06 26.14 28.20 NOTE
r-release-linux-x86_64 0.0-7 1.66 20.92 22.58 NOTE
r-release-osx-x86_64-mavericks 0.0-7 NOTE
r-release-osx-x86_64-snowleopard 0.0-7 NOTE
r-release-windows-ix86+x86_64 0.0-7 7.00 47.00 54.00 NOTE
r-oldrel-windows-ix86+x86_64 0.0-7 5.00 30.00 35.00 NOTE

Check Details

Version: 0.0-7
Check: installed files from ‘inst/doc’
Result: NOTE
    The following files look like leftovers/mistakes:
     ‘helloJavaWorld.aux’, ‘helloJavaWorld.log’, ‘helloJavaWorld.toc’
    Please remove them from your package.
    The following files should probably not be installed:
     ‘helloJavaWorld.tex’
    
    Consider the use of a .Rinstignore file: see ‘Writing R Extensions’,
    or move the vignette sources from ‘inst/doc’ to ‘vignettes’.
Flavors: r-devel-linux-x86_64-debian-clang, r-devel-linux-x86_64-debian-gcc, r-devel-linux-x86_64-fedora-clang, r-devel-linux-x86_64-fedora-gcc, r-devel-osx-x86_64-clang, r-devel-windows-ix86+x86_64, r-patched-linux-x86_64, r-patched-solaris-sparc, r-patched-solaris-x86, r-release-linux-ix86, r-release-linux-x86_64, r-release-osx-x86_64-mavericks, r-release-osx-x86_64-snowleopard, r-release-windows-ix86+x86_64, r-oldrel-windows-ix86+x86_64

Version: 0.0-7
Check: for old-style vignette sources
Result: NOTE
    Vignette sources only in ‘inst/doc’:
     ‘helloJavaWorld.Rnw’
    A ‘vignettes’ directory is required as from R 3.1.0
    and these will not be indexed nor checked
Flavors: r-devel-linux-x86_64-debian-clang, r-devel-linux-x86_64-debian-gcc, r-devel-linux-x86_64-fedora-clang, r-devel-linux-x86_64-fedora-gcc, r-devel-osx-x86_64-clang, r-devel-windows-ix86+x86_64, r-patched-linux-x86_64, r-patched-solaris-sparc, r-patched-solaris-x86, r-release-linux-ix86, r-release-linux-x86_64, r-release-osx-x86_64-mavericks, r-release-osx-x86_64-snowleopard, r-release-windows-ix86+x86_64

Version: 0.0-7
Check: for old-style vignette sources
Result: NOTE
    Vignette sources only in 'inst/doc':
     'helloJavaWorld.Rnw'
    A 'vignettes' directory will be required as from R 3.1.0
Flavor: r-oldrel-windows-ix86+x86_64