CRAN Package Check Results for Package helloJavaWorld

Last updated on 2014-04-24 03:47:46.

Flavor Version Tinstall Tcheck Ttotal Status Flags
r-devel-linux-x86_64-debian-clang 0.0-7 1.62 21.52 23.14 NOTE
r-devel-linux-x86_64-debian-gcc 0.0-7 1.62 21.26 22.88 NOTE
r-devel-linux-x86_64-fedora-clang 0.0-7 50.38 NOTE
r-devel-linux-x86_64-fedora-gcc 0.0-7 49.28 NOTE
r-devel-osx-x86_64-clang 0.0-7 39.33 NOTE
r-devel-osx-x86_64-gcc 0.0-7 NOTE
r-devel-windows-ix86+x86_64 0.0-7 5.00 31.00 36.00 NOTE
r-patched-linux-x86_64 0.0-7 1.63 21.90 23.52 NOTE
r-patched-solaris-sparc 0.0-7 261.90 NOTE
r-patched-solaris-x86 0.0-7 66.90 NOTE
r-release-linux-ix86 0.0-7 3.00 54.00 57.00 NOTE
r-release-linux-x86_64 0.0-7 1.64 21.57 23.21 NOTE
r-release-osx-x86_64-mavericks 0.0-7 NOTE
r-release-osx-x86_64-snowleopard 0.0-7 NOTE
r-release-windows-ix86+x86_64 0.0-7 8.00 44.00 52.00 NOTE
r-oldrel-windows-ix86+x86_64 0.0-7 5.00 30.00 35.00 NOTE

Check Details

Version: 0.0-7
Check: installed files from ‘inst/doc’
Result: NOTE
    The following files look like leftovers/mistakes:
     ‘helloJavaWorld.aux’, ‘helloJavaWorld.log’, ‘helloJavaWorld.toc’
    Please remove them from your package.
    The following files should probably not be installed:
     ‘helloJavaWorld.tex’
    
    Consider the use of a .Rinstignore file: see ‘Writing R Extensions’,
    or move the vignette sources from ‘inst/doc’ to ‘vignettes’.
Flavors: r-devel-linux-x86_64-debian-clang, r-devel-linux-x86_64-debian-gcc, r-devel-linux-x86_64-fedora-clang, r-devel-linux-x86_64-fedora-gcc, r-devel-osx-x86_64-clang, r-devel-osx-x86_64-gcc, r-devel-windows-ix86+x86_64, r-patched-linux-x86_64, r-patched-solaris-sparc, r-patched-solaris-x86, r-release-linux-ix86, r-release-linux-x86_64, r-release-osx-x86_64-mavericks, r-release-osx-x86_64-snowleopard, r-release-windows-ix86+x86_64, r-oldrel-windows-ix86+x86_64

Version: 0.0-7
Check: for old-style vignette sources
Result: NOTE
    Vignette sources only in ‘inst/doc’:
     ‘helloJavaWorld.Rnw’
    A ‘vignettes’ directory is required as from R 3.1.0
    and these will not be indexed nor checked
Flavors: r-devel-linux-x86_64-debian-clang, r-devel-linux-x86_64-debian-gcc, r-devel-linux-x86_64-fedora-clang, r-devel-linux-x86_64-fedora-gcc, r-devel-osx-x86_64-clang, r-devel-osx-x86_64-gcc, r-devel-windows-ix86+x86_64, r-patched-linux-x86_64, r-patched-solaris-sparc, r-patched-solaris-x86, r-release-linux-ix86, r-release-linux-x86_64, r-release-osx-x86_64-mavericks, r-release-osx-x86_64-snowleopard, r-release-windows-ix86+x86_64

Version: 0.0-7
Check: for old-style vignette sources
Result: NOTE
    Vignette sources only in 'inst/doc':
     'helloJavaWorld.Rnw'
    A 'vignettes' directory will be required as from R 3.1.0
Flavor: r-oldrel-windows-ix86+x86_64