CRAN Package Check Results for Package heplots

Last updated on 2014-08-20 12:46:39.

Flavor Version Tinstall Tcheck Ttotal Status Flags
r-devel-linux-x86_64-debian-clang 1.0-12 1.57 49.36 50.93 OK
r-devel-linux-x86_64-debian-gcc 1.0-12 1.50 49.06 50.56 OK
r-devel-linux-x86_64-fedora-clang 1.0-12 118.17 NOTE
r-devel-linux-x86_64-fedora-gcc 1.0-12 115.89 NOTE
r-devel-osx-x86_64-clang 1.0-12 90.70 NOTE
r-devel-windows-ix86+x86_64 1.0-12 5.00 76.00 81.00 OK
r-patched-linux-x86_64 1.0-12 1.56 52.28 53.84 OK
r-patched-solaris-sparc 1.0-12 562.70 OK
r-patched-solaris-x86 1.0-12 137.00 OK
r-release-linux-ix86 1.0-12 1.91 68.47 70.38 OK
r-release-linux-x86_64 1.0-12 1.64 50.88 52.52 OK
r-release-osx-x86_64-mavericks 1.0-12 OK
r-release-osx-x86_64-snowleopard 1.0-12 OK
r-release-windows-ix86+x86_64 1.0-12 5.00 83.00 88.00 OK
r-oldrel-windows-ix86+x86_64 1.0-12 6.00 93.00 99.00 OK

Check Details

Version: 1.0-12
Check: R code for possible problems
Result: NOTE
    arrow3d: no visible global function definition for ‘lines3d’
    arrow3d: no visible global function definition for ‘rotate3d’
    cross3d: no visible global function definition for ‘scale3d’
    cross3d: no visible global function definition for ‘translate3d’
    cross3d: no visible global function definition for ‘segments3d’
    ellipse3d.axes: no visible global function definition for ‘scale3d’
    ellipse3d.axes: no visible global function definition for ‘translate3d’
    ellipse3d.axes: no visible global function definition for ‘segments3d’
    ellipse3d.axes: no visible global function definition for ‘texts3d’
    heplot3d.mlm : ellipsoid: no visible global function definition for
     ‘asEuclidean’
    heplot3d.mlm : ellipsoid: no visible global function definition for
     ‘qmesh3d’
    heplot3d.mlm : ellipsoid: no visible global function definition for
     ‘shade3d’
    heplot3d.mlm : ellipsoid: no visible global function definition for
     ‘wire3d’
    heplot3d.mlm : ellipsoid: no visible global function definition for
     ‘par3d’
    heplot3d.mlm : ellipsoid: no visible global function definition for
     ‘texts3d’
    heplot3d.mlm: no visible global function definition for ‘open3d’
    heplot3d.mlm: no visible global function definition for ‘view3d’
    heplot3d.mlm: no visible global function definition for ‘bg3d’
    heplot3d.mlm: no visible global function definition for ‘par3d’
    heplot3d.mlm: no visible global function definition for ‘texts3d’
    heplot3d.mlm: no visible global function definition for ‘decorate3d’
    heplot3d.mlm: no visible global function definition for ‘rgl.pop’
    heplot3d.mlm: no visible global function definition for ‘axis3d’
    heplot3d.mlm: no visible global function definition for ‘mtext3d’
    heplot3d.mlm: no visible global function definition for ‘box3d’
    heplot3d.mlm: no visible global function definition for ‘aspect3d’
    mark.H0: no visible global function definition for ‘par3d’
    mark.H0: no visible global function definition for ‘points3d’
Flavors: r-devel-linux-x86_64-fedora-clang, r-devel-linux-x86_64-fedora-gcc, r-devel-osx-x86_64-clang