CRAN Package Check Results for Package heplots

Last updated on 2015-01-27 21:47:56.

Flavor Version Tinstall Tcheck Ttotal Status Flags
r-devel-linux-x86_64-debian-clang 1.0-12 1.38 54.50 55.88 NOTE
r-devel-linux-x86_64-debian-gcc 1.0-12 1.29 50.86 52.15 NOTE
r-devel-linux-x86_64-fedora-clang 1.0-12 114.67 NOTE
r-devel-linux-x86_64-fedora-gcc 1.0-12 118.76 NOTE
r-devel-osx-x86_64-clang 1.0-12 107.14 NOTE
r-devel-windows-ix86+x86_64 1.0-12 5.00 85.00 90.00 NOTE
r-patched-linux-x86_64 1.0-12 1.60 58.91 60.52 NOTE
r-patched-solaris-sparc 1.0-12 628.30 NOTE
r-patched-solaris-x86 1.0-12 143.00 NOTE
r-release-linux-ix86 1.0-12 1.90 71.84 73.74 NOTE
r-release-linux-x86_64 1.0-12 1.60 59.83 61.43 NOTE
r-release-osx-x86_64-mavericks 1.0-12 NOTE
r-release-osx-x86_64-snowleopard 1.0-12 OK
r-release-windows-ix86+x86_64 1.0-12 6.00 94.00 100.00 NOTE
r-oldrel-windows-ix86+x86_64 1.0-12 7.00 107.00 114.00 OK

Check Details

Version: 1.0-12
Check: dependencies in R code
Result: NOTE
    'library' or 'require' call to ‘rgl’ in package code.
     Please use :: or requireNamespace() instead.
     See section 'Suggested packages' in the 'Writing R Extensions' manual.
Flavors: r-devel-linux-x86_64-debian-clang, r-devel-linux-x86_64-debian-gcc, r-devel-linux-x86_64-fedora-clang, r-devel-linux-x86_64-fedora-gcc, r-devel-osx-x86_64-clang, r-devel-windows-ix86+x86_64

Version: 1.0-12
Check: S3 generic/method consistency
Result: NOTE
    Found the following apparent S3 methods exported but not registered:
     robmlm.default robmlm.formula
    See section ‘Registering S3 methods’ in the ‘Writing R Extensions’
    manual.
Flavors: r-devel-linux-x86_64-debian-clang, r-devel-linux-x86_64-debian-gcc, r-devel-linux-x86_64-fedora-clang, r-devel-linux-x86_64-fedora-gcc, r-devel-osx-x86_64-clang

Version: 1.0-12
Check: R code for possible problems
Result: NOTE
    arrow3d: no visible global function definition for ‘lines3d’
    arrow3d: no visible global function definition for ‘rotate3d’
    cross3d: no visible global function definition for ‘scale3d’
    cross3d: no visible global function definition for ‘translate3d’
    cross3d: no visible global function definition for ‘segments3d’
    ellipse3d.axes: no visible global function definition for ‘scale3d’
    ellipse3d.axes: no visible global function definition for ‘translate3d’
    ellipse3d.axes: no visible global function definition for ‘segments3d’
    ellipse3d.axes: no visible global function definition for ‘texts3d’
    heplot3d.mlm : ellipsoid: no visible global function definition for
     ‘asEuclidean’
    heplot3d.mlm : ellipsoid: no visible global function definition for
     ‘qmesh3d’
    heplot3d.mlm : ellipsoid: no visible global function definition for
     ‘shade3d’
    heplot3d.mlm : ellipsoid: no visible global function definition for
     ‘wire3d’
    heplot3d.mlm : ellipsoid: no visible global function definition for
     ‘par3d’
    heplot3d.mlm : ellipsoid: no visible global function definition for
     ‘texts3d’
    heplot3d.mlm: no visible global function definition for ‘open3d’
    heplot3d.mlm: no visible global function definition for ‘view3d’
    heplot3d.mlm: no visible global function definition for ‘bg3d’
    heplot3d.mlm: no visible global function definition for ‘par3d’
    heplot3d.mlm: no visible global function definition for ‘texts3d’
    heplot3d.mlm: no visible global function definition for ‘decorate3d’
    heplot3d.mlm: no visible global function definition for ‘rgl.pop’
    heplot3d.mlm: no visible global function definition for ‘axis3d’
    heplot3d.mlm: no visible global function definition for ‘mtext3d’
    heplot3d.mlm: no visible global function definition for ‘box3d’
    heplot3d.mlm: no visible global function definition for ‘aspect3d’
    mark.H0: no visible global function definition for ‘par3d’
    mark.H0: no visible global function definition for ‘points3d’
Flavors: r-devel-linux-x86_64-debian-clang, r-devel-linux-x86_64-debian-gcc, r-devel-linux-x86_64-fedora-clang, r-devel-linux-x86_64-fedora-gcc, r-devel-osx-x86_64-clang, r-devel-windows-ix86+x86_64, r-patched-linux-x86_64, r-patched-solaris-sparc, r-patched-solaris-x86, r-release-linux-ix86, r-release-linux-x86_64, r-release-osx-x86_64-mavericks, r-release-windows-ix86+x86_64