CRAN Package Check Results for Package heplots

Last updated on 2014-12-21 11:46:35.

Flavor Version Tinstall Tcheck Ttotal Status Flags
r-devel-linux-x86_64-debian-clang 1.0-12 1.58 57.15 58.72 NOTE
r-devel-linux-x86_64-debian-gcc 1.0-12 2.24 54.14 56.38 NOTE
r-devel-linux-x86_64-fedora-clang 1.0-12 129.31 NOTE
r-devel-linux-x86_64-fedora-gcc 1.0-12 110.59 NOTE
r-devel-osx-x86_64-clang 1.0-12 106.31 NOTE
r-devel-windows-ix86+x86_64 1.0-12 6.00 83.00 89.00 NOTE
r-patched-linux-x86_64 1.0-12 1.58 58.21 59.79 NOTE
r-patched-solaris-sparc 1.0-12 558.20 NOTE
r-patched-solaris-x86 1.0-12 140.00 NOTE
r-release-linux-ix86 1.0-12 1.85 71.34 73.19 NOTE
r-release-linux-x86_64 1.0-12 1.60 59.55 61.15 NOTE
r-release-osx-x86_64-mavericks 1.0-12 OK
r-release-osx-x86_64-snowleopard 1.0-12 OK
r-release-windows-ix86+x86_64 1.0-12 6.00 95.00 101.00 NOTE
r-oldrel-windows-ix86+x86_64 1.0-12 7.00 97.00 104.00 OK

Check Details

Version: 1.0-12
Check: R code for possible problems
Result: NOTE
    arrow3d: no visible global function definition for ‘lines3d’
    arrow3d: no visible global function definition for ‘rotate3d’
    cross3d: no visible global function definition for ‘scale3d’
    cross3d: no visible global function definition for ‘translate3d’
    cross3d: no visible global function definition for ‘segments3d’
    ellipse3d.axes: no visible global function definition for ‘scale3d’
    ellipse3d.axes: no visible global function definition for ‘translate3d’
    ellipse3d.axes: no visible global function definition for ‘segments3d’
    ellipse3d.axes: no visible global function definition for ‘texts3d’
    heplot3d.mlm : ellipsoid: no visible global function definition for
     ‘asEuclidean’
    heplot3d.mlm : ellipsoid: no visible global function definition for
     ‘qmesh3d’
    heplot3d.mlm : ellipsoid: no visible global function definition for
     ‘shade3d’
    heplot3d.mlm : ellipsoid: no visible global function definition for
     ‘wire3d’
    heplot3d.mlm : ellipsoid: no visible global function definition for
     ‘par3d’
    heplot3d.mlm : ellipsoid: no visible global function definition for
     ‘texts3d’
    heplot3d.mlm: no visible global function definition for ‘open3d’
    heplot3d.mlm: no visible global function definition for ‘view3d’
    heplot3d.mlm: no visible global function definition for ‘bg3d’
    heplot3d.mlm: no visible global function definition for ‘par3d’
    heplot3d.mlm: no visible global function definition for ‘texts3d’
    heplot3d.mlm: no visible global function definition for ‘decorate3d’
    heplot3d.mlm: no visible global function definition for ‘rgl.pop’
    heplot3d.mlm: no visible global function definition for ‘axis3d’
    heplot3d.mlm: no visible global function definition for ‘mtext3d’
    heplot3d.mlm: no visible global function definition for ‘box3d’
    heplot3d.mlm: no visible global function definition for ‘aspect3d’
    mark.H0: no visible global function definition for ‘par3d’
    mark.H0: no visible global function definition for ‘points3d’
Flavors: r-devel-linux-x86_64-debian-clang, r-devel-linux-x86_64-debian-gcc, r-devel-linux-x86_64-fedora-clang, r-devel-linux-x86_64-fedora-gcc, r-devel-osx-x86_64-clang, r-devel-windows-ix86+x86_64, r-patched-linux-x86_64, r-patched-solaris-sparc, r-patched-solaris-x86, r-release-linux-ix86, r-release-linux-x86_64, r-release-windows-ix86+x86_64