CRAN Package Check Results for Package heplots

Last updated on 2016-07-25 03:47:06.

Flavor Version Tinstall Tcheck Ttotal Status Flags
r-devel-linux-x86_64-debian-clang 1.3-1 5.05 94.98 100.03 OK
r-devel-linux-x86_64-debian-gcc 1.3-1 5.92 91.30 97.23 OK
r-devel-linux-x86_64-fedora-clang 1.3-1 166.28 OK
r-devel-linux-x86_64-fedora-gcc 1.3-1 156.86 OK
r-devel-osx-x86_64-clang 1.3-1 122.92 OK
r-devel-windows-ix86+x86_64 1.3-1 20.00 197.00 217.00 OK
r-patched-linux-x86_64 1.3-1 5.44 89.10 94.54 OK
r-patched-solaris-sparc 1.3-1 837.90 OK
r-patched-solaris-x86 1.3-1 180.20 OK
r-release-linux-x86_64 1.3-1 5.65 90.23 95.88 OK
r-release-osx-x86_64-mavericks 1.3-1 NOTE
r-release-windows-ix86+x86_64 1.3-1 14.00 142.00 156.00 OK
r-oldrel-windows-ix86+x86_64 1.3-1 21.00 176.00 197.00 OK

Check Details

Version: 1.3-1
Check: dependencies in R code
Result: NOTE
    Invalid MIT-MAGIC-COOKIE-1 key
Flavor: r-release-osx-x86_64-mavericks