CRAN Package Check Results for Package heplots

Last updated on 2016-09-29 02:49:45.

Flavor Version Tinstall Tcheck Ttotal Status Flags
r-devel-linux-x86_64-debian-clang 1.3-1 4.07 77.90 81.97 WARN
r-devel-linux-x86_64-debian-gcc 1.3-1 4.35 77.16 81.51 WARN
r-devel-linux-x86_64-fedora-clang 1.3-1 163.03 WARN
r-devel-linux-x86_64-fedora-gcc 1.3-1 158.57 WARN
r-devel-macos-x86_64-clang 1.3-1 112.98 WARN
r-devel-windows-ix86+x86_64 1.3-1 20.00 198.00 218.00 WARN
r-patched-linux-x86_64 1.3-1 4.04 74.76 78.80 OK
r-patched-solaris-sparc 1.3-1 837.90 OK
r-patched-solaris-x86 1.3-1 182.50 OK
r-release-linux-x86_64 1.3-1 4.33 78.77 83.10 OK
r-release-osx-x86_64-mavericks 1.3-1 NOTE
r-release-windows-ix86+x86_64 1.3-1 18.00 178.00 196.00 OK
r-oldrel-windows-ix86+x86_64 1.3-1 20.00 197.00 217.00 OK

Check Details

Version: 1.3-1
Check: files in ‘vignettes’
Result: WARN
    Files in the 'vignettes' directory newer than all files in 'inst/doc':
     ‘fig/plot-Ortho-fm1.pdf’, ‘fig/plot-Ortho-fm3.pdf’,
     ‘fig/plot-grades-can-class.pdf’, ‘fig/plot-grades-can-gpa.pdf’,
     ‘fig/plot-grades-can-sex.pdf’, ‘fig/plot-grades-pairs.pdf’,
     ‘fig/plot-hern-can-age.pdf’, ‘fig/plot-hern-can-build.pdf’,
     ‘fig/plot-hern-can-cardiac.pdf’, ‘fig/plot-hern-can-pstat.pdf’,
     ‘fig/plot-hern-pairs.pdf’, ‘fig/plot-jury-can1.pdf’,
     ‘fig/plot-jury-mod1-HE.pdf’, ‘fig/plot-jury-mod1-pairs.pdf’,
     ‘fig/plot-jury-mod2-HE.pdf’, ‘fig/plot-jury-mod3-eff.pdf’,
     ‘fig/plot-obk-HE1.pdf’, ‘fig/plot-obk-HE2.pdf’,
     ‘fig/plot-obk-HE3.pdf’, ‘fig/plot-obk2-HE1.pdf’,
     ‘fig/plot-obk2-HE2.pdf’, ‘fig/plot-ortho-HE.pdf’,
     ‘fig/plot-ortho-nonlin-HE.pdf’, ‘fig/plot-ortho-xyplot1.pdf’,
     ‘fig/plot-ortho-xyplot2.pdf’, ‘fig/plot-plastic2.pdf’,
     ‘fig/plot-rohwer-HE1.pdf’, ‘fig/plot-rohwer-HE2.pdf’,
     ‘fig/plot-rohwer-HE3.pdf’, ‘fig/plot-rohwer-HE4.pdf’,
     ‘fig/plot-skulls-HE-pairs.pdf’, ‘fig/plot-skulls-bwplot.pdf’,
     ‘fig/plot-skulls-can2.pdf’, ‘fig/plot-skulls4.pdf’,
     ‘fig/plot-voc1.pdf’, ‘fig/plot-voc4.pdf’, ‘fig/plot-voc8.pdf’,
     ‘fig/plot-wl-HE1.pdf’, ‘fig/plot-wl-HE2.pdf’,
     ‘fig/plot-wl-HE3.pdf’, ‘fig/plot-wl-means.pdf’
    Files in the 'vignettes' directory newer than same file in 'inst/doc':
     ‘repeated.Rnw’
Flavors: r-devel-linux-x86_64-debian-clang, r-devel-linux-x86_64-debian-gcc, r-devel-linux-x86_64-fedora-clang, r-devel-linux-x86_64-fedora-gcc, r-devel-macos-x86_64-clang, r-devel-windows-ix86+x86_64

Version: 1.3-1
Check: dependencies in R code
Result: NOTE
    Invalid MIT-MAGIC-COOKIE-1 key
Flavor: r-release-osx-x86_64-mavericks