CRAN Package Check Results for Package heplots

Last updated on 2014-04-24 09:49:02.

Flavor Version Tinstall Tcheck Ttotal Status Flags
r-devel-linux-x86_64-debian-clang 1.0-11 1.73 52.34 54.06 NOTE
r-devel-linux-x86_64-debian-gcc 1.0-11 1.70 51.16 52.86 NOTE
r-devel-linux-x86_64-fedora-clang 1.0-11 127.78 NOTE
r-devel-linux-x86_64-fedora-gcc 1.0-11 123.30 NOTE
r-devel-osx-x86_64-clang 1.0-11 90.91 NOTE
r-devel-osx-x86_64-gcc 1.0-11 ERROR
r-devel-windows-ix86+x86_64 1.0-11 6.00 82.00 88.00 NOTE
r-patched-linux-x86_64 1.0-11 1.94 52.24 54.18 NOTE
r-patched-solaris-sparc 1.0-11 553.00 NOTE
r-patched-solaris-x86 1.0-11 128.20 NOTE
r-release-linux-ix86 1.0-11 3.00 102.00 105.00 NOTE
r-release-linux-x86_64 1.0-11 1.88 52.50 54.38 NOTE
r-release-osx-x86_64-mavericks 1.0-11 WARN
r-release-windows-ix86+x86_64 1.0-11 5.00 85.00 90.00 NOTE
r-oldrel-windows-ix86+x86_64 1.0-11 7.00 90.00 97.00 NOTE

Check Details

Version: 1.0-11
Check: dependencies in R code
Result: NOTE
    Packages in Depends field not imported from:
     ‘MASS’ ‘car’
     These packages need to be imported from (in the NAMESPACE file)
     for when this namespace is loaded but not attached.
    See the information on DESCRIPTION files in the chapter ‘Creating R
    packages’ of the ‘Writing R Extensions’ manual.
Flavors: r-devel-linux-x86_64-debian-clang, r-devel-linux-x86_64-debian-gcc, r-devel-linux-x86_64-fedora-clang, r-devel-linux-x86_64-fedora-gcc, r-devel-osx-x86_64-clang, r-devel-windows-ix86+x86_64, r-patched-linux-x86_64, r-patched-solaris-sparc, r-patched-solaris-x86, r-release-linux-ix86, r-release-linux-x86_64, r-release-osx-x86_64-mavericks, r-release-windows-ix86+x86_64, r-oldrel-windows-ix86+x86_64

Version: 1.0-11
Check: package dependencies
Result: ERROR
    Package required but not available: ‘car’
    
    Packages suggested but not available for checking:
     ‘candisc’ ‘corrgram’ ‘FRB’
    
    See the information on DESCRIPTION files in the chapter ‘Creating R
    packages’ of the ‘Writing R Extensions’ manual.
Flavor: r-devel-osx-x86_64-gcc

Version: 1.0-11
Check: package dependencies
Result: NOTE
    Packages suggested but not available for checking: ‘candisc’ ‘FRB’
Flavor: r-release-osx-x86_64-mavericks

Version: 1.0-11
Check: Rd cross-references
Result: NOTE
    Packages unavailable to check Rd xrefs: ‘rrcov’, ‘candisc’
Flavor: r-release-osx-x86_64-mavericks

Version: 1.0-11
Check: running R code from vignettes
Result: WARNING
    Errors in running code in vignettes:
    when running code in ‘HE-examples.Rnw’
     ...
    
    > library(heplots)
    Loading required package: car
    Loading required package: MASS
    
    > library(candisc)
    
     When sourcing 'HE-examples.R':
    Error: there is no package called 'candisc'
    Execution halted
Flavor: r-release-osx-x86_64-mavericks

Version: 1.0-11
Check: re-building of vignette outputs
Result: NOTE
    Error in re-building vignettes:
     ...
    Warning in packageDescription("candisc") :
     no package 'candisc' was found
    Error: processing vignette 'HE-examples.Rnw' failed with diagnostics:
    subscript out of bounds
    Execution halted
Flavor: r-release-osx-x86_64-mavericks

Version: 1.0-11
Check: PDF version of manual
Result: WARNING
    LaTeX errors when creating PDF version.
    This typically indicates Rd problems.
    LaTeX errors found:
    ! LaTeX Error: File `upquote.sty' not found.
    
    Type X to quit or <RETURN> to proceed,
    or enter new name. (Default extension: sty)
    
    d9a4711/Rd2.tex:8: ==> Fatal error occurred, no output PDF file produced!
Flavor: r-release-osx-x86_64-mavericks