CRAN Package Check Results for Package heplots

Last updated on 2014-11-28 03:47:35.

Flavor Version Tinstall Tcheck Ttotal Status Flags
r-devel-linux-x86_64-debian-clang 1.0-12 1.53 59.04 60.57 NOTE
r-devel-linux-x86_64-debian-gcc 1.0-12 1.50 57.20 58.70 NOTE
r-devel-linux-x86_64-fedora-clang 1.0-12 134.11 NOTE
r-devel-linux-x86_64-fedora-gcc 1.0-12 133.48 NOTE
r-devel-osx-x86_64-clang 1.0-12 104.52 NOTE
r-devel-windows-ix86+x86_64 1.0-12 5.00 81.00 86.00 NOTE
r-patched-linux-x86_64 1.0-12 1.58 57.63 59.21 NOTE
r-patched-solaris-sparc 1.0-12 558.20 NOTE
r-patched-solaris-x86 1.0-12 140.90 NOTE
r-release-linux-ix86 1.0-12 1.82 65.46 67.28 NOTE
r-release-linux-x86_64 1.0-12 1.59 59.32 60.91 NOTE
r-release-osx-x86_64-mavericks 1.0-12 OK
r-release-osx-x86_64-snowleopard 1.0-12 OK
r-release-windows-ix86+x86_64 1.0-12 6.00 86.00 92.00 NOTE
r-oldrel-windows-ix86+x86_64 1.0-12 6.00 108.00 114.00 OK

Check Details

Version: 1.0-12
Check: R code for possible problems
Result: NOTE
    arrow3d: no visible global function definition for ‘lines3d’
    arrow3d: no visible global function definition for ‘rotate3d’
    cross3d: no visible global function definition for ‘scale3d’
    cross3d: no visible global function definition for ‘translate3d’
    cross3d: no visible global function definition for ‘segments3d’
    ellipse3d.axes: no visible global function definition for ‘scale3d’
    ellipse3d.axes: no visible global function definition for ‘translate3d’
    ellipse3d.axes: no visible global function definition for ‘segments3d’
    ellipse3d.axes: no visible global function definition for ‘texts3d’
    heplot3d.mlm : ellipsoid: no visible global function definition for
     ‘asEuclidean’
    heplot3d.mlm : ellipsoid: no visible global function definition for
     ‘qmesh3d’
    heplot3d.mlm : ellipsoid: no visible global function definition for
     ‘shade3d’
    heplot3d.mlm : ellipsoid: no visible global function definition for
     ‘wire3d’
    heplot3d.mlm : ellipsoid: no visible global function definition for
     ‘par3d’
    heplot3d.mlm : ellipsoid: no visible global function definition for
     ‘texts3d’
    heplot3d.mlm: no visible global function definition for ‘open3d’
    heplot3d.mlm: no visible global function definition for ‘view3d’
    heplot3d.mlm: no visible global function definition for ‘bg3d’
    heplot3d.mlm: no visible global function definition for ‘par3d’
    heplot3d.mlm: no visible global function definition for ‘texts3d’
    heplot3d.mlm: no visible global function definition for ‘decorate3d’
    heplot3d.mlm: no visible global function definition for ‘rgl.pop’
    heplot3d.mlm: no visible global function definition for ‘axis3d’
    heplot3d.mlm: no visible global function definition for ‘mtext3d’
    heplot3d.mlm: no visible global function definition for ‘box3d’
    heplot3d.mlm: no visible global function definition for ‘aspect3d’
    mark.H0: no visible global function definition for ‘par3d’
    mark.H0: no visible global function definition for ‘points3d’
Flavors: r-devel-linux-x86_64-debian-clang, r-devel-linux-x86_64-debian-gcc, r-devel-linux-x86_64-fedora-clang, r-devel-linux-x86_64-fedora-gcc, r-devel-osx-x86_64-clang, r-devel-windows-ix86+x86_64, r-patched-linux-x86_64, r-patched-solaris-sparc, r-patched-solaris-x86, r-release-linux-ix86, r-release-linux-x86_64, r-release-windows-ix86+x86_64