CRAN Package Check Results for Package heplots

Last updated on 2014-09-18 14:46:55.

Flavor Version Tinstall Tcheck Ttotal Status Flags
r-devel-linux-x86_64-debian-clang 1.0-12 1.56 51.82 53.39 NOTE
r-devel-linux-x86_64-debian-gcc 1.0-12 1.45 50.67 52.12 NOTE
r-devel-linux-x86_64-fedora-clang 1.0-12 117.43 NOTE
r-devel-linux-x86_64-fedora-gcc 1.0-12 114.83 NOTE
r-devel-osx-x86_64-clang 1.0-12 89.51 NOTE
r-devel-windows-ix86+x86_64 1.0-12 5.00 75.00 80.00 NOTE
r-patched-linux-x86_64 1.0-12 1.55 54.80 56.35 OK
r-patched-solaris-sparc 1.0-12 562.70 OK
r-patched-solaris-x86 1.0-12 122.30 OK
r-release-linux-ix86 1.0-12 1.91 68.90 70.82 OK
r-release-linux-x86_64 1.0-12 1.58 54.73 56.31 OK
r-release-osx-x86_64-mavericks 1.0-12 OK
r-release-osx-x86_64-snowleopard 1.0-12 OK
r-release-windows-ix86+x86_64 1.0-12 6.00 85.00 91.00 OK
r-oldrel-windows-ix86+x86_64 1.0-12 7.00 85.00 92.00 OK

Check Details

Version: 1.0-12
Check: R code for possible problems
Result: NOTE
    arrow3d: no visible global function definition for ‘lines3d’
    arrow3d: no visible global function definition for ‘rotate3d’
    cross3d: no visible global function definition for ‘scale3d’
    cross3d: no visible global function definition for ‘translate3d’
    cross3d: no visible global function definition for ‘segments3d’
    ellipse3d.axes: no visible global function definition for ‘scale3d’
    ellipse3d.axes: no visible global function definition for ‘translate3d’
    ellipse3d.axes: no visible global function definition for ‘segments3d’
    ellipse3d.axes: no visible global function definition for ‘texts3d’
    heplot3d.mlm : ellipsoid: no visible global function definition for
     ‘asEuclidean’
    heplot3d.mlm : ellipsoid: no visible global function definition for
     ‘qmesh3d’
    heplot3d.mlm : ellipsoid: no visible global function definition for
     ‘shade3d’
    heplot3d.mlm : ellipsoid: no visible global function definition for
     ‘wire3d’
    heplot3d.mlm : ellipsoid: no visible global function definition for
     ‘par3d’
    heplot3d.mlm : ellipsoid: no visible global function definition for
     ‘texts3d’
    heplot3d.mlm: no visible global function definition for ‘open3d’
    heplot3d.mlm: no visible global function definition for ‘view3d’
    heplot3d.mlm: no visible global function definition for ‘bg3d’
    heplot3d.mlm: no visible global function definition for ‘par3d’
    heplot3d.mlm: no visible global function definition for ‘texts3d’
    heplot3d.mlm: no visible global function definition for ‘decorate3d’
    heplot3d.mlm: no visible global function definition for ‘rgl.pop’
    heplot3d.mlm: no visible global function definition for ‘axis3d’
    heplot3d.mlm: no visible global function definition for ‘mtext3d’
    heplot3d.mlm: no visible global function definition for ‘box3d’
    heplot3d.mlm: no visible global function definition for ‘aspect3d’
    mark.H0: no visible global function definition for ‘par3d’
    mark.H0: no visible global function definition for ‘points3d’
Flavors: r-devel-linux-x86_64-debian-clang, r-devel-linux-x86_64-debian-gcc, r-devel-linux-x86_64-fedora-clang, r-devel-linux-x86_64-fedora-gcc, r-devel-osx-x86_64-clang, r-devel-windows-ix86+x86_64