CRAN Package Check Results for Package heplots

Last updated on 2018-08-19 11:47:53 CEST.

Flavor Version Tinstall Tcheck Ttotal Status Flags
r-devel-linux-x86_64-debian-clang 1.3-5 6.33 106.28 112.61 NOTE
r-devel-linux-x86_64-debian-gcc 1.3-5 5.70 81.98 87.68 NOTE
r-devel-linux-x86_64-fedora-clang 1.3-5 139.77 NOTE
r-devel-linux-x86_64-fedora-gcc 1.3-5 133.11 NOTE
r-devel-windows-ix86+x86_64 1.3-5 18.00 185.00 203.00 OK
r-patched-linux-x86_64 1.3-5 6.02 98.44 104.46 NOTE
r-patched-solaris-x86 1.3-5 169.20 NOTE
r-release-linux-x86_64 1.3-5 6.11 98.88 104.99 NOTE
r-release-windows-ix86+x86_64 1.3-5 18.00 160.00 178.00 OK
r-release-osx-x86_64 1.3-5 OK
r-oldrel-windows-ix86+x86_64 1.3-5 8.00 128.00 136.00 OK
r-oldrel-osx-x86_64 1.3-5 OK

Check Details

Version: 1.3-5
Check: package dependencies
Result: NOTE
    Package suggested but not available for checking: ‘FRB’
Flavors: r-devel-linux-x86_64-debian-clang, r-devel-linux-x86_64-debian-gcc, r-devel-linux-x86_64-fedora-clang, r-devel-linux-x86_64-fedora-gcc, r-patched-linux-x86_64, r-patched-solaris-x86, r-release-linux-x86_64