CRAN Package Check Results for Package heplots

Last updated on 2016-08-30 22:47:34.

Flavor Version Tinstall Tcheck Ttotal Status Flags
r-devel-linux-x86_64-debian-clang 1.3-1 5.05 78.66 83.72 OK
r-devel-linux-x86_64-debian-gcc 1.3-1 7.10 77.84 84.94 OK
r-devel-linux-x86_64-fedora-clang 1.3-1 160.79 OK
r-devel-linux-x86_64-fedora-gcc 1.3-1 164.59 OK
r-devel-osx-x86_64-clang 1.3-1 121.28 OK
r-devel-windows-ix86+x86_64 1.3-1 18.00 132.00 150.00 OK
r-patched-linux-x86_64 1.3-1 4.42 78.48 82.90 OK
r-patched-solaris-sparc 1.3-1 837.90 OK
r-patched-solaris-x86 1.3-1 181.80 OK
r-release-linux-x86_64 1.3-1 4.24 75.44 79.68 OK
r-release-osx-x86_64-mavericks 1.3-1 NOTE
r-release-windows-ix86+x86_64 1.3-1 20.00 206.00 226.00 OK
r-oldrel-windows-ix86+x86_64 1.3-1 20.00 161.00 181.00 OK

Check Details

Version: 1.3-1
Check: dependencies in R code
Result: NOTE
    Invalid MIT-MAGIC-COOKIE-1 key
Flavor: r-release-osx-x86_64-mavericks