CRAN Package Check Results for Package heplots

Last updated on 2015-07-05 03:47:28.

Flavor Version Tinstall Tcheck Ttotal Status Flags
r-devel-linux-x86_64-debian-clang 1.0-15 4.34 78.30 82.64 NOTE
r-devel-linux-x86_64-debian-gcc 1.0-15 4.52 77.06 81.58 NOTE
r-devel-linux-x86_64-fedora-clang 1.0-15 170.89 NOTE
r-devel-linux-x86_64-fedora-gcc 1.0-15 169.89 NOTE
r-devel-osx-x86_64-clang 1.0-15 135.55 OK
r-devel-windows-ix86+x86_64 1.0-15 16.00 179.00 195.00 NOTE
r-patched-linux-x86_64 1.0-15 4.26 77.07 81.33 OK
r-patched-solaris-sparc 1.0-15 936.60 OK
r-patched-solaris-x86 1.0-15 213.60 OK
r-release-linux-x86_64 1.0-15 4.68 76.80 81.48 OK
r-release-osx-x86_64-mavericks 1.0-15 OK
r-release-windows-ix86+x86_64 1.0-15 19.00 131.00 150.00 OK
r-oldrel-windows-ix86+x86_64 1.0-15 17.00 157.00 174.00 OK

Check Details

Version: 1.0-15
Check: R code for possible problems
Result: NOTE
    HLT.crit: no visible global function definition for ‘qf’
    Roy.crit: no visible global function definition for ‘qf’
    arrow3d: no visible global function definition for ‘runif’
    coefplot.mlm: no visible global function definition for ‘palette’
    coefplot.mlm: no visible global function definition for ‘vcov’
    coefplot.mlm: no visible global function definition for ‘df.residual’
    coefplot.mlm: no visible global function definition for ‘qf’
    coefplot.mlm : <anonymous>: no visible global function definition for
     ‘na.omit’
    coefplot.mlm: no visible global function definition for ‘plot’
    coefplot.mlm: no visible global function definition for ‘polygon’
    coefplot.mlm: no visible global function definition for ‘points’
    coefplot.mlm: no visible global function definition for ‘lines’
    covList: no visible binding for global variable ‘cov’
    df.terms.default: no visible global function definition for
     ‘model.matrix’
    ellipse3d.axes: no visible global function definition for ‘qchisq’
    etasq.Anova.mlm: no visible global function definition for ‘pf’
    gsorth : sd: no visible global function definition for ‘var’
    heplot.mlm: no visible global function definition for
     ‘packageDescription’
    heplot.mlm: no visible global function definition for ‘model.frame’
    heplot.mlm: no visible global function definition for ‘model.response’
    heplot.mlm: no visible global function definition for ‘qf’
    heplot.mlm: no visible global function definition for ‘aggregate’
    heplot.mlm: no visible global function definition for ‘plot’
    heplot.mlm: no visible global function definition for ‘points’
    heplot.mlm: no visible global function definition for ‘polygon’
    heplot.mlm: no visible global function definition for ‘text’
    heplot1d.mlm : F.crit: no visible global function definition for ‘qf’
    heplot1d.mlm: no visible global function definition for
     ‘packageDescription’
    heplot1d.mlm: no visible global function definition for ‘model.frame’
    heplot1d.mlm: no visible global function definition for
     ‘model.response’
    heplot1d.mlm: no visible global function definition for ‘qf’
    heplot1d.mlm: no visible global function definition for ‘aggregate’
    heplot1d.mlm: no visible global function definition for ‘plot’
    heplot1d.mlm: no visible global function definition for ‘rect’
    heplot1d.mlm: no visible global function definition for ‘points’
    heplot1d.mlm: no visible global function definition for ‘lines’
    heplot1d.mlm: no visible global function definition for ‘text’
    heplot1d.mlm: no visible global function definition for ‘strwidth’
    heplot3d.mlm: no visible global function definition for
     ‘packageDescription’
    heplot3d.mlm: no visible global function definition for ‘model.frame’
    heplot3d.mlm: no visible global function definition for
     ‘model.response’
    heplot3d.mlm: no visible global function definition for ‘qf’
    heplot3d.mlm: no visible global function definition for ‘aggregate’
    interpPlot: no visible global function definition for ‘palette’
    interpPlot: no visible global function definition for ‘plot’
    interpPlot: no visible global function definition for ‘lsfit’
    is.aliased: no visible global function definition for ‘alias’
    label.ellipse: no visible global function definition for ‘strwidth’
    label.ellipse: no visible global function definition for ‘strheight’
    label.ellipse: no visible global function definition for ‘cor’
    label.ellipse: no visible global function definition for ‘text’
    mark.H0: no visible global function definition for ‘points’
    mark.H0: no visible global function definition for ‘text’
    mark.H0: no visible global function definition for ‘abline’
    pairs.mlm: no visible global function definition for
     ‘packageDescription’
    pairs.mlm: no visible global function definition for ‘model.frame’
    pairs.mlm: no visible global function definition for ‘model.response’
    pairs.mlm: no visible global function definition for ‘par’
    pairs.mlm : panel.label: no visible global function definition for
     ‘plot’
    pairs.mlm : panel.label: no visible global function definition for
     ‘text’
    pairs.mlm : panel.label: no visible global function definition for
     ‘box’
    pairs.mlm: no visible global function definition for ‘box’
    robmlm.default: no visible global function definition for ‘pnorm’
    robmlm.default: no visible global function definition for ‘qchisq’
    robmlm.default: no visible global function definition for ‘lm.wfit’
    robmlm.default: no visible global function definition for ‘residuals’
    robmlm.default: no visible global function definition for ‘mahalanobis’
    robmlm.formula: no visible global function definition for
     ‘model.response’
    robmlm.formula: no visible global function definition for
     ‘model.matrix’
    robmlm.formula: no visible global function definition for
     ‘model.weights’
    robmlm.formula: no visible global function definition for ‘.getXlevels’
    termMeans: no visible global function definition for ‘model.frame’
    termMeans: no visible global function definition for ‘model.response’
    trans.colors: no visible global function definition for ‘col2rgb’
    trans.colors: no visible global function definition for ‘rgb’
    vcov.mlm : SSD.mlm: no visible global function definition for
     ‘residuals’
    vcov.mlm : estVar.mlm: no visible global function definition for
     ‘estVar’
    vcov.mlm : estVar.mlm: no visible global function definition for ‘SSD’
    vcov.mlm: no visible global function definition for ‘estVar’
    Undefined global functions or variables:
     .getXlevels SSD abline aggregate alias box col2rgb cor cov
     df.residual estVar lines lm.wfit lsfit mahalanobis model.frame
     model.matrix model.response model.weights na.omit packageDescription
     palette par pf plot pnorm points polygon qchisq qf rect residuals rgb
     runif strheight strwidth text var vcov
Flavors: r-devel-linux-x86_64-debian-clang, r-devel-linux-x86_64-debian-gcc, r-devel-linux-x86_64-fedora-clang, r-devel-linux-x86_64-fedora-gcc, r-devel-windows-ix86+x86_64