CRAN Package Check Results for Package heplots

Last updated on 2015-05-05 17:47:21.

Flavor Version Tinstall Tcheck Ttotal Status Flags
r-devel-linux-x86_64-debian-clang 1.0-15 4.36 79.66 84.02 OK
r-devel-linux-x86_64-debian-gcc 1.0-15 4.54 77.56 82.10 OK
r-devel-linux-x86_64-fedora-clang 1.0-15 176.30 OK
r-devel-linux-x86_64-fedora-gcc 1.0-15 165.94 OK
r-devel-osx-x86_64-clang 1.0-15 144.55 OK
r-devel-windows-ix86+x86_64 1.0-15 12.00 120.00 132.00 OK
r-patched-linux-x86_64 1.0-15 4.23 79.28 83.51 OK
r-patched-solaris-sparc 1.0-15 812.00 OK
r-patched-solaris-x86 1.0-15 211.10 OK
r-release-linux-x86_64 1.0-15 4.22 78.89 83.10 OK
r-release-osx-x86_64-mavericks 1.0-15 OK
r-release-osx-x86_64-snowleopard 1.0-15 ERROR
r-release-windows-ix86+x86_64 1.0-15 19.00 157.00 176.00 OK
r-oldrel-windows-ix86+x86_64 1.0-15 18.00 203.00 221.00 OK

Check Details

Version: 1.0-15
Check: package dependencies
Result: ERROR
    Package required but not available: ‘car’
    
    Package suggested but not available for checking: ‘candisc’
    
    See section ‘The DESCRIPTION file’ in the ‘Writing R Extensions’
    manual.
Flavor: r-release-osx-x86_64-snowleopard