CRAN Package Check Results for Package heplots

Last updated on 2016-05-06 17:47:12.

Flavor Version Tinstall Tcheck Ttotal Status Flags
r-devel-linux-x86_64-debian-gcc 1.1-0 4.70 76.32 81.02 OK
r-devel-linux-x86_64-fedora-clang 1.1-0 156.15 OK
r-devel-linux-x86_64-fedora-gcc 1.1-0 152.17 OK
r-devel-osx-x86_64-clang 1.1-0 162.26 OK
r-devel-windows-ix86+x86_64 1.1-0 11.00 134.00 145.00 OK
r-patched-linux-x86_64 1.1-0 4.26 76.81 81.08 OK
r-patched-solaris-sparc 1.1-0 779.70 OK
r-patched-solaris-x86 1.1-0 181.20 OK
r-release-linux-x86_64 1.1-0 4.50 75.87 80.36 OK
r-release-osx-x86_64-mavericks 1.1-0 NOTE
r-release-windows-ix86+x86_64 1.1-0 11.00 134.00 145.00 OK
r-oldrel-windows-ix86+x86_64 1.1-0 19.00 203.00 222.00 OK

Check Details

Version: 1.1-0
Check: dependencies in R code
Result: NOTE
    Invalid MIT-MAGIC-COOKIE-1 key
Flavor: r-release-osx-x86_64-mavericks