CRAN Package Check Results for Package heplots

Last updated on 2016-06-01 06:49:00.

Flavor Version Tinstall Tcheck Ttotal Status Flags
r-devel-linux-x86_64-debian-gcc 1.2-0 4.57 84.17 88.74 OK
r-devel-linux-x86_64-fedora-clang 1.2-0 167.64 OK
r-devel-linux-x86_64-fedora-gcc 1.2-0 155.96 OK
r-devel-osx-x86_64-clang 1.2-0 161.54 OK
r-devel-windows-ix86+x86_64 1.2-0 17.00 146.00 163.00 OK
r-patched-linux-x86_64 1.2-0 4.62 83.15 87.78 OK
r-patched-solaris-sparc 1.2-0 785.20 OK
r-patched-solaris-x86 1.2-0 182.30 OK
r-release-linux-x86_64 1.2-0 4.86 76.99 81.86 OK
r-release-osx-x86_64-mavericks 1.2-0 NOTE
r-release-windows-ix86+x86_64 1.2-0 16.00 146.00 162.00 OK
r-oldrel-windows-ix86+x86_64 1.2-0 13.00 160.00 173.00 OK

Check Details

Version: 1.2-0
Check: dependencies in R code
Result: NOTE
    Invalid MIT-MAGIC-COOKIE-1 key
Flavor: r-release-osx-x86_64-mavericks