Last updated on 2023-01-29 05:49:38 CET.
Flavor | Version | Tinstall | Tcheck | Ttotal | Status | Flags |
---|---|---|---|---|---|---|
r-devel-linux-x86_64-debian-clang | 1.0.1 | 1.77 | 32.88 | 34.65 | NOTE | |
r-devel-linux-x86_64-debian-gcc | 1.0.1 | 1.52 | 24.59 | 26.11 | NOTE | |
r-devel-linux-x86_64-fedora-clang | 1.0.1 | 46.23 | NOTE | |||
r-devel-linux-x86_64-fedora-gcc | 1.0.1 | 53.90 | NOTE | |||
r-devel-windows-x86_64 | 1.0.1 | 22.00 | 70.00 | 92.00 | NOTE | |
r-patched-linux-x86_64 | 1.0.1 | 1.94 | 32.84 | 34.78 | NOTE | |
r-release-linux-x86_64 | 1.0.1 | 2.20 | 31.15 | 33.35 | NOTE | |
r-release-macos-arm64 | 1.0.1 | 25.00 | NOTE | |||
r-release-macos-x86_64 | 1.0.1 | 28.00 | NOTE | |||
r-release-windows-x86_64 | 1.0.1 | 27.00 | 68.00 | 95.00 | NOTE | |
r-oldrel-macos-arm64 | 1.0.1 | 24.00 | NOTE | |||
r-oldrel-macos-x86_64 | 1.0.1 | 35.00 | NOTE | |||
r-oldrel-windows-ix86+x86_64 | 1.0.1 | 6.00 | 59.00 | 65.00 | NOTE |
Version: 1.0.1
Check: LazyData
Result: NOTE
'LazyData' is specified without a 'data' directory
Flavors: r-devel-linux-x86_64-debian-clang, r-devel-linux-x86_64-debian-gcc, r-devel-linux-x86_64-fedora-clang, r-devel-linux-x86_64-fedora-gcc, r-devel-windows-x86_64, r-patched-linux-x86_64, r-release-linux-x86_64, r-release-macos-arm64, r-release-macos-x86_64, r-release-windows-x86_64, r-oldrel-macos-arm64, r-oldrel-macos-x86_64, r-oldrel-windows-ix86+x86_64