CRAN Package Check Results for Package hergm

Last updated on 2017-09-22 10:47:20.

Flavor Version Tinstall Tcheck Ttotal Status Flags
r-devel-linux-x86_64-debian-clang 3.1-0 11.79 41.75 53.54 NOTE
r-devel-linux-x86_64-debian-gcc 3.1-0 13.98 39.52 53.50 NOTE
r-devel-linux-x86_64-fedora-clang 3.1-0 123.20 NOTE
r-devel-linux-x86_64-fedora-gcc 3.1-0 118.48 NOTE
r-devel-windows-ix86+x86_64 3.1-0 50.00 94.00 144.00 NOTE
r-patched-linux-x86_64 3.1-0 13.29 40.40 53.69 NOTE
r-patched-solaris-x86 3.1-0 162.90 OK
r-release-linux-x86_64 3.1-0 13.45 40.50 53.94 NOTE
r-release-windows-ix86+x86_64 3.1-0 50.00 96.00 146.00 NOTE
r-release-osx-x86_64 3.1-0 OK
r-oldrel-windows-ix86+x86_64 3.1-0 48.00 87.00 135.00 OK
r-oldrel-osx-x86_64 3.1-0 OK

Check Details

Version: 3.1-0
Check: compiled code
Result: NOTE
    File ‘hergm/libs/hergm.so’:
     Found no calls to: ‘R_registerRoutines’, ‘R_useDynamicSymbols’
    
    It is good practice to register native routines and to disable symbol
    search.
    
    See ‘Writing portable packages’ in the ‘Writing R Extensions’ manual.
Flavors: r-devel-linux-x86_64-debian-clang, r-devel-linux-x86_64-debian-gcc, r-devel-linux-x86_64-fedora-clang, r-devel-linux-x86_64-fedora-gcc, r-patched-linux-x86_64, r-release-linux-x86_64

Version: 3.1-0
Check: DESCRIPTION meta-information
Result: NOTE
    BugReports field should not be empty
Flavors: r-devel-windows-ix86+x86_64, r-release-windows-ix86+x86_64