CRAN Package Check Results for Package hergm

Last updated on 2016-06-01 00:47:21.

Flavor Version Tinstall Tcheck Ttotal Status Flags
r-devel-linux-x86_64-debian-gcc 2.2-2 15.01 41.62 56.63 NOTE
r-devel-linux-x86_64-fedora-clang 2.2-2 102.90 NOTE
r-devel-linux-x86_64-fedora-gcc 2.2-2 95.62 NOTE
r-devel-osx-x86_64-clang 2.2-2 101.04 NOTE
r-devel-windows-ix86+x86_64 2.2-2 53.00 113.00 166.00 NOTE
r-patched-linux-x86_64 2.2-2 13.96 41.74 55.70 NOTE
r-patched-solaris-sparc 2.2-2 535.30 NOTE
r-patched-solaris-x86 2.2-2 131.30 NOTE
r-release-linux-x86_64 2.2-2 12.85 38.96 51.81 NOTE
r-release-osx-x86_64-mavericks 2.2-2 NOTE
r-release-windows-ix86+x86_64 2.2-2 64.00 113.00 177.00 NOTE
r-oldrel-windows-ix86+x86_64 2.2-2 43.00 125.00 168.00 OK

Check Details

Version: 2.2-2
Check: R code for possible problems
Result: NOTE
    hergm.initialize: no visible global function definition for ‘kmeans’
    hergm.mcmc: no visible global function definition for ‘flush.console’
    hergm.mcmc: no visible global function definition for ‘runif’
    hergm.min_loss_1: no visible global function definition for ‘runif’
    hergm.pie: no visible global function definition for ‘pdf’
    hergm.pie: no visible global function definition for ‘pie’
    hergm.pie: no visible global function definition for ‘dev.off’
    hergm.preprocess: no visible global function definition for
     ‘as.formula’
    hergm.sa: no visible global function definition for ‘runif’
    Undefined global functions or variables:
     as.formula dev.off flush.console kmeans pdf pie runif
    Consider adding
     importFrom("grDevices", "dev.off", "pdf")
     importFrom("graphics", "pie")
     importFrom("stats", "as.formula", "kmeans", "runif")
     importFrom("utils", "flush.console")
    to your NAMESPACE file.
Flavors: r-devel-linux-x86_64-debian-gcc, r-devel-linux-x86_64-fedora-clang, r-devel-linux-x86_64-fedora-gcc, r-devel-osx-x86_64-clang, r-devel-windows-ix86+x86_64, r-patched-linux-x86_64, r-patched-solaris-sparc, r-patched-solaris-x86, r-release-linux-x86_64, r-release-osx-x86_64-mavericks, r-release-windows-ix86+x86_64