CRAN Package Check Results for Package hergm

Last updated on 2015-06-29 23:46:54.

Flavor Version Tinstall Tcheck Ttotal Status Flags
r-devel-linux-x86_64-debian-clang 2.2-2 8.50 38.89 47.39 NOTE
r-devel-linux-x86_64-debian-gcc 2.2-2 13.08 38.83 51.91 NOTE
r-devel-linux-x86_64-fedora-clang 2.2-2 101.96 OK
r-devel-linux-x86_64-fedora-gcc 2.2-2 101.61 OK
r-devel-osx-x86_64-clang 2.2-2 82.90 OK
r-devel-windows-ix86+x86_64 2.2-2 54.00 76.00 130.00 NOTE
r-patched-linux-x86_64 2.2-2 12.62 39.06 51.68 OK
r-patched-solaris-sparc 2.2-2 575.60 OK
r-patched-solaris-x86 2.2-2 141.30 OK
r-release-linux-x86_64 2.2-2 12.56 38.24 50.80 OK
r-release-osx-x86_64-mavericks 2.2-2 OK
r-release-windows-ix86+x86_64 2.2-2 57.00 77.00 134.00 OK
r-oldrel-windows-ix86+x86_64 2.2-2 48.00 117.00 165.00 OK

Check Details

Version: 2.2-2
Check: R code for possible problems
Result: NOTE
    hergm.initialize: no visible global function definition for ‘kmeans’
    hergm.mcmc: no visible global function definition for ‘flush.console’
    hergm.mcmc: no visible global function definition for ‘runif’
    hergm.min_loss_1: no visible global function definition for ‘runif’
    hergm.pie: no visible global function definition for ‘pdf’
    hergm.pie: no visible global function definition for ‘pie’
    hergm.pie: no visible global function definition for ‘dev.off’
    hergm.preprocess: no visible global function definition for
     ‘as.formula’
    hergm.sa: no visible global function definition for ‘runif’
Flavors: r-devel-linux-x86_64-debian-clang, r-devel-linux-x86_64-debian-gcc, r-devel-windows-ix86+x86_64