CRAN Package Check Results for Package hergm

Last updated on 2014-09-30 11:48:25.

Flavor Version Tinstall Tcheck Ttotal Status Flags
r-devel-linux-x86_64-debian-clang 1.3-11 8.93 42.92 51.85 NOTE
r-devel-linux-x86_64-debian-gcc 1.3-11 13.06 42.57 55.63 NOTE
r-devel-linux-x86_64-fedora-clang 1.3-11 130.75 NOTE
r-devel-linux-x86_64-fedora-gcc 1.3-11 125.66 NOTE
r-devel-osx-x86_64-clang 1.3-11 91.61 NOTE
r-devel-windows-ix86+x86_64 1.3-11 46.00 80.00 126.00 NOTE
r-patched-linux-x86_64 1.3-11 13.22 45.28 58.50 NOTE
r-patched-solaris-sparc 1.3-11 694.10 NOTE
r-patched-solaris-x86 1.3-11 173.20 NOTE
r-release-linux-ix86 1.3-11 15.59 58.38 73.98 OK
r-release-linux-x86_64 1.3-11 13.70 46.23 59.93 OK
r-release-osx-x86_64-mavericks 1.3-11 OK
r-release-osx-x86_64-snowleopard 1.3-11 OK
r-release-windows-ix86+x86_64 1.3-11 45.00 85.00 130.00 OK
r-oldrel-windows-ix86+x86_64 1.3-11 43.00 85.00 128.00 OK

Check Details

Version: 1.3-11
Check: dependencies in R code
Result: NOTE
    Package in Depends field not imported from: ‘parallel’
     These packages need to be imported from (in the NAMESPACE file)
     for when this namespace is loaded but not attached.
    See the information on DESCRIPTION files in the chapter ‘Creating R
    packages’ of the ‘Writing R Extensions’ manual.
Flavors: r-devel-linux-x86_64-debian-clang, r-devel-linux-x86_64-debian-gcc, r-devel-linux-x86_64-fedora-clang, r-devel-linux-x86_64-fedora-gcc, r-devel-osx-x86_64-clang, r-devel-windows-ix86+x86_64, r-patched-linux-x86_64, r-patched-solaris-sparc, r-patched-solaris-x86

Version: 1.3-11
Check: R code for possible problems
Result: NOTE
    InitErgm.arcs_i: no visible global function definition for
     ‘is.directed’
    InitErgm.arcs_j: no visible global function definition for
     ‘is.directed’
    InitErgm.ctriple_ijk: no visible global function definition for
     ‘is.directed’
    InitErgm.edges_i: no visible global function definition for
     ‘is.directed’
    InitErgm.mutual_i: no visible global function definition for
     ‘is.directed’
    InitErgm.mutual_ij: no visible global function definition for
     ‘is.directed’
    InitErgm.triangle_ijk: no visible global function definition for
     ‘is.directed’
    InitErgm.ttriple_ijk: no visible global function definition for
     ‘is.directed’
    InitErgm.twostar_ijk: no visible global function definition for
     ‘is.directed’
    hergm.mcmc: no visible global function definition for
     ‘makePSOCKcluster’
    hergm.mcmc: no visible global function definition for ‘clusterEvalQ’
    hergm.mcmc: no visible global function definition for ‘clusterApplyLB’
    hergm.mcmc: no visible global function definition for ‘stopCluster’
Flavors: r-devel-linux-x86_64-debian-clang, r-devel-linux-x86_64-debian-gcc, r-devel-linux-x86_64-fedora-clang, r-devel-linux-x86_64-fedora-gcc, r-devel-osx-x86_64-clang, r-devel-windows-ix86+x86_64