CRAN Package Check Results for Package hergm

Last updated on 2017-07-25 19:48:09.

Flavor Version Tinstall Tcheck Ttotal Status Flags
r-devel-linux-x86_64-debian-clang 3.1-0 12.11 48.00 60.10 NOTE
r-devel-linux-x86_64-debian-gcc 3.1-0 13.47 47.39 60.86 NOTE
r-devel-linux-x86_64-fedora-clang 3.1-0 126.51 NOTE
r-devel-linux-x86_64-fedora-gcc 3.1-0 113.94 NOTE
r-devel-windows-ix86+x86_64 3.1-0 49.00 92.00 141.00 NOTE
r-patched-linux-x86_64 3.1-0 13.30 47.63 60.93 NOTE
r-patched-solaris-x86 3.1-0 161.20 OK
r-release-linux-x86_64 3.1-0 13.66 46.89 60.55 NOTE
r-release-windows-ix86+x86_64 3.1-0 47.00 117.00 164.00 NOTE
r-release-osx-x86_64 3.1-0 OK
r-oldrel-windows-ix86+x86_64 3.1-0 44.00 88.00 132.00 OK
r-oldrel-osx-x86_64 3.1-0 OK

Check Details

Version: 3.1-0
Check: compiled code
Result: NOTE
    File ‘hergm/libs/hergm.so’:
     Found no calls to: ‘R_registerRoutines’, ‘R_useDynamicSymbols’
    
    It is good practice to register native routines and to disable symbol
    search.
    
    See ‘Writing portable packages’ in the ‘Writing R Extensions’ manual.
Flavors: r-devel-linux-x86_64-debian-clang, r-devel-linux-x86_64-debian-gcc, r-devel-linux-x86_64-fedora-clang, r-devel-linux-x86_64-fedora-gcc, r-patched-linux-x86_64, r-release-linux-x86_64

Version: 3.1-0
Check: DESCRIPTION meta-information
Result: NOTE
    BugReports field should not be empty
Flavors: r-devel-windows-ix86+x86_64, r-release-windows-ix86+x86_64