CRAN Package Check Results for Package hergm

Last updated on 2014-11-26 23:48:42.

Flavor Version Tinstall Tcheck Ttotal Status Flags
r-devel-linux-x86_64-debian-clang 1.3-11 9.37 43.60 52.97 NOTE
r-devel-linux-x86_64-debian-gcc 1.3-11 13.04 42.90 55.93 NOTE
r-devel-linux-x86_64-fedora-clang 1.3-11 139.26 NOTE
r-devel-linux-x86_64-fedora-gcc 1.3-11 148.27 NOTE
r-devel-osx-x86_64-clang 1.3-11 96.37 NOTE
r-devel-windows-ix86+x86_64 1.3-11 43.00 80.00 123.00 NOTE
r-patched-linux-x86_64 1.3-11 13.63 44.54 58.17 NOTE
r-patched-solaris-sparc 1.3-11 668.60 NOTE
r-patched-solaris-x86 1.3-11 171.10 NOTE
r-release-linux-ix86 1.3-11 14.65 52.88 67.52 NOTE
r-release-linux-x86_64 1.3-11 15.09 44.73 59.82 NOTE
r-release-osx-x86_64-mavericks 1.3-11 OK
r-release-osx-x86_64-snowleopard 1.3-11 OK
r-release-windows-ix86+x86_64 1.3-11 44.00 87.00 131.00 NOTE
r-oldrel-windows-ix86+x86_64 1.3-11 42.00 87.00 129.00 OK

Check Details

Version: 1.3-11
Check: dependencies in R code
Result: NOTE
    Package in Depends field not imported from: ‘parallel’
     These packages need to be imported from (in the NAMESPACE file)
     for when this namespace is loaded but not attached.
    See the information on DESCRIPTION files in the chapter ‘Creating R
    packages’ of the ‘Writing R Extensions’ manual.
Flavors: r-devel-linux-x86_64-debian-clang, r-devel-linux-x86_64-debian-gcc, r-devel-linux-x86_64-fedora-clang, r-devel-linux-x86_64-fedora-gcc, r-devel-osx-x86_64-clang, r-devel-windows-ix86+x86_64, r-patched-linux-x86_64, r-patched-solaris-sparc, r-patched-solaris-x86, r-release-linux-ix86, r-release-linux-x86_64, r-release-windows-ix86+x86_64

Version: 1.3-11
Check: R code for possible problems
Result: NOTE
    InitErgm.arcs_i: no visible global function definition for
     ‘is.directed’
    InitErgm.arcs_j: no visible global function definition for
     ‘is.directed’
    InitErgm.ctriple_ijk: no visible global function definition for
     ‘is.directed’
    InitErgm.edges_i: no visible global function definition for
     ‘is.directed’
    InitErgm.mutual_i: no visible global function definition for
     ‘is.directed’
    InitErgm.mutual_ij: no visible global function definition for
     ‘is.directed’
    InitErgm.triangle_ijk: no visible global function definition for
     ‘is.directed’
    InitErgm.ttriple_ijk: no visible global function definition for
     ‘is.directed’
    InitErgm.twostar_ijk: no visible global function definition for
     ‘is.directed’
    hergm.mcmc: no visible global function definition for
     ‘makePSOCKcluster’
    hergm.mcmc: no visible global function definition for ‘clusterEvalQ’
    hergm.mcmc: no visible global function definition for ‘clusterApplyLB’
    hergm.mcmc: no visible global function definition for ‘stopCluster’
Flavors: r-devel-linux-x86_64-debian-clang, r-devel-linux-x86_64-debian-gcc, r-devel-linux-x86_64-fedora-clang, r-devel-linux-x86_64-fedora-gcc, r-devel-osx-x86_64-clang, r-devel-windows-ix86+x86_64, r-patched-linux-x86_64, r-patched-solaris-sparc, r-patched-solaris-x86, r-release-linux-ix86, r-release-linux-x86_64, r-release-windows-ix86+x86_64