CRAN Package Check Results for Package hergm

Last updated on 2015-09-02 06:47:59.

Flavor Version Tinstall Tcheck Ttotal Status Flags
r-devel-linux-x86_64-debian-clang 2.2-2 8.48 39.42 47.90 NOTE
r-devel-linux-x86_64-debian-gcc 2.2-2 12.66 37.40 50.05 NOTE
r-devel-linux-x86_64-fedora-clang 2.2-2 93.94 NOTE
r-devel-linux-x86_64-fedora-gcc 2.2-2 97.08 NOTE
r-devel-osx-x86_64-clang 2.2-2 74.86 OK
r-devel-windows-ix86+x86_64 2.2-2 58.00 86.00 144.00 NOTE
r-patched-linux-x86_64 2.2-2 13.10 39.64 52.74 OK
r-patched-solaris-sparc 2.2-2 579.20 OK
r-patched-solaris-x86 2.2-2 145.60 OK
r-release-linux-x86_64 2.2-2 12.84 41.23 54.07 OK
r-release-osx-x86_64-mavericks 2.2-2 OK
r-release-windows-ix86+x86_64 2.2-2 64.00 82.00 146.00 OK
r-oldrel-windows-ix86+x86_64 2.2-2 63.00 112.00 175.00 OK

Check Details

Version: 2.2-2
Check: R code for possible problems
Result: NOTE
    hergm.initialize: no visible global function definition for ‘kmeans’
    hergm.mcmc: no visible global function definition for ‘flush.console’
    hergm.mcmc: no visible global function definition for ‘runif’
    hergm.min_loss_1: no visible global function definition for ‘runif’
    hergm.pie: no visible global function definition for ‘pdf’
    hergm.pie: no visible global function definition for ‘pie’
    hergm.pie: no visible global function definition for ‘dev.off’
    hergm.preprocess: no visible global function definition for
     ‘as.formula’
    hergm.sa: no visible global function definition for ‘runif’
    Undefined global functions or variables:
     as.formula dev.off flush.console kmeans pdf pie runif
    Consider adding
     importFrom("grDevices", "dev.off", "pdf")
     importFrom("graphics", "pie")
     importFrom("stats", "as.formula", "kmeans", "runif")
     importFrom("utils", "flush.console")
    to your NAMESPACE.
Flavors: r-devel-linux-x86_64-debian-clang, r-devel-linux-x86_64-debian-gcc, r-devel-linux-x86_64-fedora-clang, r-devel-linux-x86_64-fedora-gcc, r-devel-windows-ix86+x86_64