CRAN Package Check Results for Package hergm

Last updated on 2014-04-25 09:52:15.

Flavor Version Tinstall Tcheck Ttotal Status Flags
r-devel-linux-x86_64-debian-clang 1.3-11 8.71 47.15 55.86 OK
r-devel-linux-x86_64-debian-gcc 1.3-11 13.20 46.56 59.76 OK
r-devel-linux-x86_64-fedora-clang 1.3-11 131.58 OK
r-devel-linux-x86_64-fedora-gcc 1.3-11 135.01 OK
r-devel-osx-x86_64-clang 1.3-11 92.60 OK
r-devel-osx-x86_64-gcc 1.3-11 ERROR
r-devel-windows-ix86+x86_64 1.3-11 42.00 84.00 126.00 OK
r-patched-linux-x86_64 1.3-11 13.16 46.90 60.06 OK
r-patched-solaris-sparc 1.3-11 667.90 OK
r-patched-solaris-x86 1.3-11 169.00 OK
r-release-linux-ix86 1.3-11 19.00 76.00 95.00 OK
r-release-linux-x86_64 1.3-11 13.32 46.83 60.16 OK
r-release-osx-x86_64-mavericks 1.3-11 WARN
r-release-osx-x86_64-snowleopard 1.3-11 OK
r-release-windows-ix86+x86_64 1.3-11 42.00 87.00 129.00 OK
r-oldrel-windows-ix86+x86_64 1.3-11 43.00 80.00 123.00 OK

Check Details

Version: 1.3-11
Check: package dependencies
Result: ERROR
    Package required but not available: ‘ergm’
    
    See the information on DESCRIPTION files in the chapter ‘Creating R
    packages’ of the ‘Writing R Extensions’ manual.
Flavor: r-devel-osx-x86_64-gcc

Version: 1.3-11
Check: PDF version of manual
Result: WARNING
    LaTeX errors when creating PDF version.
    This typically indicates Rd problems.
    LaTeX errors found:
    ! LaTeX Error: File `upquote.sty' not found.
    
    Type X to quit or <RETURN> to proceed,
    or enter new name. (Default extension: sty)
    
    5345d83f/Rd2.tex:8: ==> Fatal error occurred, no output PDF file produced!
Flavor: r-release-osx-x86_64-mavericks