CRAN Package Check Results for Package hergm

Last updated on 2017-11-24 09:47:48 CET.

Flavor Version Tinstall Tcheck Ttotal Status Flags
r-devel-linux-x86_64-debian-clang 3.1-0 10.96 60.89 71.85 NOTE
r-devel-linux-x86_64-debian-gcc 3.1-0 15.72 78.22 93.94 NOTE
r-devel-linux-x86_64-fedora-clang 3.1-0 105.07 NOTE
r-devel-linux-x86_64-fedora-gcc 3.1-0 106.08 NOTE
r-devel-windows-ix86+x86_64 3.1-0 50.00 134.00 184.00 NOTE
r-patched-linux-x86_64 3.1-0 20.01 96.30 116.32 NOTE
r-patched-solaris-x86 3.1-0 172.80 OK
r-release-linux-x86_64 3.1-0 18.68 93.17 111.85 NOTE
r-release-windows-ix86+x86_64 3.1-0 46.00 86.00 132.00 NOTE
r-release-osx-x86_64 3.1-0 OK
r-oldrel-windows-ix86+x86_64 3.1-0 48.00 90.00 138.00 OK
r-oldrel-osx-x86_64 3.1-0 OK

Check Details

Version: 3.1-0
Check: compiled code
Result: NOTE
    File ‘hergm/libs/hergm.so’:
     Found no calls to: ‘R_registerRoutines’, ‘R_useDynamicSymbols’
    
    It is good practice to register native routines and to disable symbol
    search.
    
    See ‘Writing portable packages’ in the ‘Writing R Extensions’ manual.
Flavors: r-devel-linux-x86_64-debian-clang, r-devel-linux-x86_64-debian-gcc, r-devel-linux-x86_64-fedora-clang, r-devel-linux-x86_64-fedora-gcc, r-patched-linux-x86_64, r-release-linux-x86_64

Version: 3.1-0
Check: DESCRIPTION meta-information
Result: NOTE
    BugReports field should not be empty
Flavors: r-devel-windows-ix86+x86_64, r-release-windows-ix86+x86_64