CRAN Package Check Results for Package hergm

Last updated on 2017-04-26 03:48:14.

Flavor Version Tinstall Tcheck Ttotal Status Flags
r-devel-linux-x86_64-debian-clang 3.1-0 12.25 41.05 53.30 NOTE
r-devel-linux-x86_64-debian-gcc 3.1-0 13.41 40.89 54.30 NOTE
r-devel-linux-x86_64-fedora-clang 3.1-0 115.82 NOTE --no-stop-on-test-error
r-devel-linux-x86_64-fedora-gcc 3.1-0 144.63 NOTE --no-stop-on-test-error
r-devel-windows-ix86+x86_64 3.1-0 59.00 101.00 160.00 NOTE
r-patched-linux-x86_64 3.1-0 12.44 41.63 54.08 NOTE
r-patched-solaris-sparc 3.1-0 669.30 OK
r-patched-solaris-x86 3.1-0 177.80 OK
r-release-linux-x86_64 3.1-0 12.71 44.31 57.02 NOTE
r-release-windows-ix86+x86_64 3.1-0 47.00 99.00 146.00 NOTE
r-release-osx-x86_64 3.1-0 OK
r-oldrel-windows-ix86+x86_64 3.1-0 45.00 89.00 134.00 OK
r-oldrel-osx-x86_64 3.1-0 OK

Check Details

Version: 3.1-0
Check: compiled code
Result: NOTE
    File ‘hergm/libs/hergm.so’:
     Found no calls to: ‘R_registerRoutines’, ‘R_useDynamicSymbols’
    
    It is good practice to register native routines and to disable symbol
    search.
    
    See ‘Writing portable packages’ in the ‘Writing R Extensions’ manual.
Flavors: r-devel-linux-x86_64-debian-clang, r-devel-linux-x86_64-debian-gcc, r-patched-linux-x86_64, r-release-linux-x86_64

Version: 3.1-0
Flags: --no-stop-on-test-error
Check: compiled code
Result: NOTE
    File ‘hergm/libs/hergm.so’:
     Found no calls to: ‘R_registerRoutines’, ‘R_useDynamicSymbols’
    
    It is good practice to register native routines and to disable symbol
    search.
    
    See ‘Writing portable packages’ in the ‘Writing R Extensions’ manual.
Flavors: r-devel-linux-x86_64-fedora-clang, r-devel-linux-x86_64-fedora-gcc

Version: 3.1-0
Check: DESCRIPTION meta-information
Result: NOTE
    BugReports field should not be empty
Flavors: r-devel-windows-ix86+x86_64, r-release-windows-ix86+x86_64