CRAN Package Check Results for Package hergm

Last updated on 2016-05-01 21:46:49.

Flavor Version Tinstall Tcheck Ttotal Status Flags
r-devel-linux-x86_64-debian-gcc 2.2-2 13.42 39.82 53.24 NOTE
r-devel-linux-x86_64-fedora-clang 2.2-2 119.26 NOTE
r-devel-linux-x86_64-fedora-gcc 2.2-2 93.65 NOTE
r-devel-osx-x86_64-clang 2.2-2 100.65 NOTE
r-devel-windows-ix86+x86_64 2.2-2 46.00 85.00 131.00 NOTE
r-patched-linux-x86_64 2.2-2 12.86 38.99 51.85 NOTE
r-patched-solaris-sparc 2.2-2 529.30 NOTE
r-patched-solaris-x86 2.2-2 129.70 NOTE
r-release-linux-x86_64 2.2-2 13.12 40.89 54.02 OK
r-release-osx-x86_64-mavericks 2.2-2 OK
r-release-windows-ix86+x86_64 2.2-2 58.00 111.00 169.00 OK
r-oldrel-windows-ix86+x86_64 2.2-2 65.00 158.00 223.00 OK

Check Details

Version: 2.2-2
Check: R code for possible problems
Result: NOTE
    hergm.initialize: no visible global function definition for ‘kmeans’
    hergm.mcmc: no visible global function definition for ‘flush.console’
    hergm.mcmc: no visible global function definition for ‘runif’
    hergm.min_loss_1: no visible global function definition for ‘runif’
    hergm.pie: no visible global function definition for ‘pdf’
    hergm.pie: no visible global function definition for ‘pie’
    hergm.pie: no visible global function definition for ‘dev.off’
    hergm.preprocess: no visible global function definition for
     ‘as.formula’
    hergm.sa: no visible global function definition for ‘runif’
    Undefined global functions or variables:
     as.formula dev.off flush.console kmeans pdf pie runif
    Consider adding
     importFrom("grDevices", "dev.off", "pdf")
     importFrom("graphics", "pie")
     importFrom("stats", "as.formula", "kmeans", "runif")
     importFrom("utils", "flush.console")
    to your NAMESPACE file.
Flavors: r-devel-linux-x86_64-debian-gcc, r-devel-linux-x86_64-fedora-clang, r-devel-linux-x86_64-fedora-gcc, r-devel-osx-x86_64-clang, r-devel-windows-ix86+x86_64, r-patched-linux-x86_64, r-patched-solaris-sparc, r-patched-solaris-x86