CRAN Package Check Results for Package hergm

Last updated on 2015-04-27 11:48:40.

Flavor Version Tinstall Tcheck Ttotal Status Flags
r-devel-linux-x86_64-debian-clang 2.2-1 8.71 40.00 48.71 OK
r-devel-linux-x86_64-debian-gcc 2.2-1 12.76 41.48 54.24 OK
r-devel-linux-x86_64-fedora-clang 2.2-1 104.79 OK
r-devel-linux-x86_64-fedora-gcc 2.2-1 101.23 OK
r-devel-osx-x86_64-clang 2.2-1 79.60 OK
r-devel-windows-ix86+x86_64 2.2-1 50.00 119.00 169.00 OK
r-patched-linux-x86_64 2.2-1 12.88 38.84 51.71 OK
r-patched-solaris-sparc 2.2-1 564.90 OK
r-patched-solaris-x86 2.2-1 141.40 OK
r-release-linux-x86_64 2.2-1 12.70 38.90 51.59 OK
r-release-osx-x86_64-mavericks 2.2-1 ERROR
r-release-osx-x86_64-snowleopard 2.2-1 OK
r-release-windows-ix86+x86_64 2.2-1 63.00 107.00 170.00 OK
r-oldrel-windows-ix86+x86_64 2.2-1 40.00 108.00 148.00 OK

Check Details

Version: 2.2-1
Check: package dependencies
Result: ERROR
    Packages required but not available: ‘ergm’ ‘latentnet’
    
    See section ‘The DESCRIPTION file’ in the ‘Writing R Extensions’
    manual.
Flavor: r-release-osx-x86_64-mavericks