CRAN Package Check Results for Package hergm

Last updated on 2017-05-25 10:47:07.

Flavor Version Tinstall Tcheck Ttotal Status Flags
r-devel-linux-x86_64-debian-clang 3.1-0 12.30 41.52 53.82 NOTE
r-devel-linux-x86_64-debian-gcc 3.1-0 13.32 40.83 54.16 NOTE
r-devel-linux-x86_64-fedora-clang 3.1-0 116.83 NOTE --no-stop-on-test-error
r-devel-linux-x86_64-fedora-gcc 3.1-0 113.29 NOTE --no-stop-on-test-error
r-devel-windows-ix86+x86_64 3.1-0 48.00 87.00 135.00 NOTE
r-patched-linux-x86_64 3.1-0 12.87 42.30 55.17 NOTE
r-patched-solaris-sparc 3.1-0 669.30 OK
r-patched-solaris-x86 3.1-0 177.90 OK
r-release-linux-x86_64 3.1-0 12.41 41.17 53.58 NOTE
r-release-windows-ix86+x86_64 3.1-0 76.00 158.00 234.00 NOTE
r-release-osx-x86_64 3.1-0 OK
r-oldrel-windows-ix86+x86_64 3.1-0 66.00 118.00 184.00 OK
r-oldrel-osx-x86_64 3.1-0 OK

Check Details

Version: 3.1-0
Check: compiled code
Result: NOTE
    File ‘hergm/libs/hergm.so’:
     Found no calls to: ‘R_registerRoutines’, ‘R_useDynamicSymbols’
    
    It is good practice to register native routines and to disable symbol
    search.
    
    See ‘Writing portable packages’ in the ‘Writing R Extensions’ manual.
Flavors: r-devel-linux-x86_64-debian-clang, r-devel-linux-x86_64-debian-gcc, r-patched-linux-x86_64, r-release-linux-x86_64

Version: 3.1-0
Flags: --no-stop-on-test-error
Check: compiled code
Result: NOTE
    File ‘hergm/libs/hergm.so’:
     Found no calls to: ‘R_registerRoutines’, ‘R_useDynamicSymbols’
    
    It is good practice to register native routines and to disable symbol
    search.
    
    See ‘Writing portable packages’ in the ‘Writing R Extensions’ manual.
Flavors: r-devel-linux-x86_64-fedora-clang, r-devel-linux-x86_64-fedora-gcc

Version: 3.1-0
Check: DESCRIPTION meta-information
Result: NOTE
    BugReports field should not be empty
Flavors: r-devel-windows-ix86+x86_64, r-release-windows-ix86+x86_64