CRAN Package Check Results for Package hergm

Last updated on 2017-02-21 15:50:25.

Flavor Version Tinstall Tcheck Ttotal Status Flags
r-devel-linux-x86_64-debian-clang 3.1-0 11.96 40.33 52.28 NOTE
r-devel-linux-x86_64-debian-gcc 3.1-0 13.88 42.63 56.52 NOTE
r-devel-linux-x86_64-fedora-clang 3.1-0 113.91 NOTE --no-stop-on-test-error
r-devel-linux-x86_64-fedora-gcc 3.1-0 112.60 NOTE --no-stop-on-test-error
r-devel-macos-x86_64-clang 3.1-0 84.50 NOTE --no-stop-on-test-error
r-devel-windows-ix86+x86_64 3.1-0 63.00 214.00 277.00 NOTE
r-patched-linux-x86_64 3.1-0 12.79 37.82 50.61 OK
r-patched-solaris-sparc 3.1-0 537.20 OK
r-patched-solaris-x86 3.1-0 139.70 OK
r-release-linux-x86_64 3.1-0 12.55 37.16 49.71 OK
r-release-osx-x86_64-mavericks 3.1-0 OK
r-release-windows-ix86+x86_64 3.1-0 51.00 117.00 168.00 OK
r-oldrel-windows-ix86+x86_64 3.1-0 56.00 119.00 175.00 OK

Check Details

Version: 3.1-0
Check: compiled code
Result: NOTE
    File ‘hergm/libs/hergm.so’:
     Found no calls to: ‘R_registerRoutines’, ‘R_useDynamicSymbols’
    
    It is good practice to register native routines and to disable symbol
    search.
    
    See ‘Writing portable packages’ in the ‘Writing R Extensions’ manual.
Flavors: r-devel-linux-x86_64-debian-clang, r-devel-linux-x86_64-debian-gcc

Version: 3.1-0
Flags: --no-stop-on-test-error
Check: compiled code
Result: NOTE
    File ‘hergm/libs/hergm.so’:
     Found no calls to: ‘R_registerRoutines’, ‘R_useDynamicSymbols’
    
    It is good practice to register native routines and to disable symbol
    search.
    
    See ‘Writing portable packages’ in the ‘Writing R Extensions’ manual.
Flavors: r-devel-linux-x86_64-fedora-clang, r-devel-linux-x86_64-fedora-gcc, r-devel-macos-x86_64-clang

Version: 3.1-0
Check: DESCRIPTION meta-information
Result: NOTE
    BugReports field should not be empty
Flavor: r-devel-windows-ix86+x86_64