CRAN Package Check Results for Package hergm

Last updated on 2017-01-17 23:49:18.

Flavor Version Tinstall Tcheck Ttotal Status Flags
r-devel-linux-x86_64-debian-clang 3.1-0 12.19 41.55 53.74 OK
r-devel-linux-x86_64-debian-gcc 3.1-0 13.80 40.04 53.84 OK
r-devel-linux-x86_64-fedora-clang 3.1-0 117.43 OK --no-stop-on-test-error
r-devel-linux-x86_64-fedora-gcc 3.1-0 114.38 OK --no-stop-on-test-error
r-devel-macos-x86_64-clang 3.1-0 83.44 OK --no-stop-on-test-error
r-devel-windows-ix86+x86_64 3.1-0 73.00 89.00 162.00 NOTE
r-patched-linux-x86_64 3.1-0 12.59 37.28 49.87 OK
r-patched-solaris-sparc 3.1-0 537.20 OK
r-patched-solaris-x86 3.1-0 119.50 OK
r-release-linux-x86_64 3.1-0 12.57 37.42 49.99 OK
r-release-osx-x86_64-mavericks 3.1-0 OK
r-release-windows-ix86+x86_64 3.1-0 41.00 74.00 115.00 OK
r-oldrel-windows-ix86+x86_64 3.1-0 47.00 131.00 178.00 OK

Check Details

Version: 3.1-0
Check: DESCRIPTION meta-information
Result: NOTE
    BugReports field should not be empty
Flavor: r-devel-windows-ix86+x86_64