CRAN Package Check Results for Package hergm

Last updated on 2015-05-29 05:47:04.

Flavor Version Tinstall Tcheck Ttotal Status Flags
r-devel-linux-x86_64-debian-clang 2.2-2 8.63 39.39 48.02 OK
r-devel-linux-x86_64-debian-gcc 2.2-2 12.63 38.27 50.90 OK
r-devel-linux-x86_64-fedora-clang 2.2-2 114.26 OK
r-devel-linux-x86_64-fedora-gcc 2.2-2 103.59 OK
r-devel-osx-x86_64-clang 2.2-2 79.73 OK
r-devel-windows-ix86+x86_64 2.2-2 44.00 76.00 120.00 OK
r-patched-linux-x86_64 2.2-2 12.38 38.08 50.46 OK
r-patched-solaris-sparc 2.2-2 575.60 OK
r-patched-solaris-x86 2.2-2 141.70 OK
r-release-linux-x86_64 2.2-2 12.86 38.29 51.15 OK
r-release-osx-x86_64-mavericks 2.2-2 ERROR
r-release-osx-x86_64-snowleopard 2.2-2 OK
r-release-windows-ix86+x86_64 2.2-2 46.00 76.00 122.00 OK
r-oldrel-windows-ix86+x86_64 2.2-2 48.00 102.00 150.00 OK

Check Details

Version: 2.2-2
Check: package dependencies
Result: ERROR
    Package required but not available: ‘latentnet’
    
    See section ‘The DESCRIPTION file’ in the ‘Writing R Extensions’
    manual.
Flavor: r-release-osx-x86_64-mavericks