CRAN Package Check Results for Package hergm

Last updated on 2016-02-14 21:47:03.

Flavor Version Tinstall Tcheck Ttotal Status Flags
r-devel-linux-x86_64-debian-gcc 2.2-2 12.50 37.76 50.26 NOTE
r-devel-linux-x86_64-fedora-clang 2.2-2 96.59 NOTE
r-devel-linux-x86_64-fedora-gcc 2.2-2 96.26 NOTE
r-devel-osx-x86_64-clang 2.2-2 94.04 NOTE
r-devel-windows-ix86+x86_64 2.2-2 60.00 88.00 148.00 NOTE
r-patched-linux-x86_64 2.2-2 12.76 41.35 54.12 OK
r-patched-solaris-sparc 2.2-2 559.60 OK
r-patched-solaris-x86 2.2-2 134.90 OK
r-release-linux-x86_64 2.2-2 12.89 41.04 53.92 OK
r-release-osx-x86_64-mavericks 2.2-2 OK
r-release-windows-ix86+x86_64 2.2-2 54.00 126.00 180.00 OK
r-oldrel-windows-ix86+x86_64 2.2-2 64.00 154.00 218.00 OK

Check Details

Version: 2.2-2
Check: R code for possible problems
Result: NOTE
    hergm.initialize: no visible global function definition for ‘kmeans’
    hergm.mcmc: no visible global function definition for ‘flush.console’
    hergm.mcmc: no visible global function definition for ‘runif’
    hergm.min_loss_1: no visible global function definition for ‘runif’
    hergm.pie: no visible global function definition for ‘pdf’
    hergm.pie: no visible global function definition for ‘pie’
    hergm.pie: no visible global function definition for ‘dev.off’
    hergm.preprocess: no visible global function definition for
     ‘as.formula’
    hergm.sa: no visible global function definition for ‘runif’
    Undefined global functions or variables:
     as.formula dev.off flush.console kmeans pdf pie runif
    Consider adding
     importFrom("grDevices", "dev.off", "pdf")
     importFrom("graphics", "pie")
     importFrom("stats", "as.formula", "kmeans", "runif")
     importFrom("utils", "flush.console")
    to your NAMESPACE file.
Flavors: r-devel-linux-x86_64-debian-gcc, r-devel-linux-x86_64-fedora-clang, r-devel-linux-x86_64-fedora-gcc, r-devel-osx-x86_64-clang, r-devel-windows-ix86+x86_64