CRAN Package Check Results for Package hergm

Last updated on 2018-02-23 13:47:35 CET.

Flavor Version Tinstall Tcheck Ttotal Status Flags
r-devel-linux-x86_64-debian-clang 3.1-0 18.54 64.54 83.08 NOTE
r-devel-linux-x86_64-debian-gcc 3.1-0 18.05 50.87 68.92 NOTE
r-devel-linux-x86_64-fedora-clang 3.1-0 107.25 NOTE
r-devel-linux-x86_64-fedora-gcc 3.1-0 113.12 NOTE
r-devel-windows-ix86+x86_64 3.1-0 68.00 143.00 211.00 NOTE
r-patched-linux-x86_64 3.1-0 20.95 66.11 87.06 NOTE
r-patched-solaris-x86 3.1-0 161.80 OK
r-release-linux-x86_64 3.1-0 21.58 66.62 88.20 NOTE
r-release-windows-ix86+x86_64 3.1-0 72.00 129.00 201.00 NOTE
r-release-osx-x86_64 3.1-0 OK
r-oldrel-windows-ix86+x86_64 3.1-0 47.00 118.00 165.00 OK
r-oldrel-osx-x86_64 3.1-0 OK

Check Details

Version: 3.1-0
Check: compiled code
Result: NOTE
    File ‘hergm/libs/hergm.so’:
     Found no calls to: ‘R_registerRoutines’, ‘R_useDynamicSymbols’
    
    It is good practice to register native routines and to disable symbol
    search.
    
    See ‘Writing portable packages’ in the ‘Writing R Extensions’ manual.
Flavors: r-devel-linux-x86_64-debian-clang, r-devel-linux-x86_64-debian-gcc, r-devel-linux-x86_64-fedora-clang, r-devel-linux-x86_64-fedora-gcc, r-patched-linux-x86_64, r-release-linux-x86_64

Version: 3.1-0
Check: DESCRIPTION meta-information
Result: NOTE
    BugReports field should not be empty
Flavors: r-devel-windows-ix86+x86_64, r-release-windows-ix86+x86_64