CRAN Package Check Results for Package hergm

Last updated on 2014-10-24 08:49:09.

Flavor Version Tinstall Tcheck Ttotal Status Flags
r-devel-linux-x86_64-debian-clang 1.3-11 8.95 43.02 51.97 NOTE
r-devel-linux-x86_64-debian-gcc 1.3-11 13.18 43.44 56.63 NOTE
r-devel-linux-x86_64-fedora-clang 1.3-11 127.40 NOTE
r-devel-linux-x86_64-fedora-gcc 1.3-11 130.64 NOTE
r-devel-osx-x86_64-clang 1.3-11 96.88 NOTE
r-devel-windows-ix86+x86_64 1.3-11 44.00 80.00 124.00 NOTE
r-patched-linux-x86_64 1.3-11 13.26 44.36 57.62 NOTE
r-patched-solaris-sparc 1.3-11 668.60 NOTE
r-patched-solaris-x86 1.3-11 175.30 NOTE
r-release-linux-ix86 1.3-11 15.40 55.46 70.86 OK
r-release-linux-x86_64 1.3-11 13.51 45.44 58.95 OK
r-release-osx-x86_64-mavericks 1.3-11 OK
r-release-osx-x86_64-snowleopard 1.3-11 OK
r-release-windows-ix86+x86_64 1.3-11 42.00 86.00 128.00 OK
r-oldrel-windows-ix86+x86_64 1.3-11 41.00 84.00 125.00 OK

Check Details

Version: 1.3-11
Check: dependencies in R code
Result: NOTE
    Package in Depends field not imported from: ‘parallel’
     These packages need to be imported from (in the NAMESPACE file)
     for when this namespace is loaded but not attached.
    See the information on DESCRIPTION files in the chapter ‘Creating R
    packages’ of the ‘Writing R Extensions’ manual.
Flavors: r-devel-linux-x86_64-debian-clang, r-devel-linux-x86_64-debian-gcc, r-devel-linux-x86_64-fedora-clang, r-devel-linux-x86_64-fedora-gcc, r-devel-osx-x86_64-clang, r-devel-windows-ix86+x86_64, r-patched-linux-x86_64, r-patched-solaris-sparc, r-patched-solaris-x86

Version: 1.3-11
Check: R code for possible problems
Result: NOTE
    InitErgm.arcs_i: no visible global function definition for
     ‘is.directed’
    InitErgm.arcs_j: no visible global function definition for
     ‘is.directed’
    InitErgm.ctriple_ijk: no visible global function definition for
     ‘is.directed’
    InitErgm.edges_i: no visible global function definition for
     ‘is.directed’
    InitErgm.mutual_i: no visible global function definition for
     ‘is.directed’
    InitErgm.mutual_ij: no visible global function definition for
     ‘is.directed’
    InitErgm.triangle_ijk: no visible global function definition for
     ‘is.directed’
    InitErgm.ttriple_ijk: no visible global function definition for
     ‘is.directed’
    InitErgm.twostar_ijk: no visible global function definition for
     ‘is.directed’
    hergm.mcmc: no visible global function definition for
     ‘makePSOCKcluster’
    hergm.mcmc: no visible global function definition for ‘clusterEvalQ’
    hergm.mcmc: no visible global function definition for ‘clusterApplyLB’
    hergm.mcmc: no visible global function definition for ‘stopCluster’
Flavors: r-devel-linux-x86_64-debian-clang, r-devel-linux-x86_64-debian-gcc, r-devel-linux-x86_64-fedora-clang, r-devel-linux-x86_64-fedora-gcc, r-devel-osx-x86_64-clang, r-devel-windows-ix86+x86_64, r-patched-linux-x86_64, r-patched-solaris-sparc, r-patched-solaris-x86