CRAN Package Check Results for Package hergm

Last updated on 2017-03-25 15:47:49.

Flavor Version Tinstall Tcheck Ttotal Status Flags
r-devel-linux-x86_64-debian-clang 3.1-0 12.41 42.36 54.77 NOTE
r-devel-linux-x86_64-debian-gcc 3.1-0 13.76 41.96 55.72 NOTE
r-devel-linux-x86_64-fedora-clang 3.1-0 118.88 NOTE --no-stop-on-test-error
r-devel-linux-x86_64-fedora-gcc 3.1-0 135.68 NOTE --no-stop-on-test-error
r-devel-macos-x86_64-clang 3.1-0 83.57 NOTE --no-stop-on-test-error
r-patched-linux-x86_64 3.1-0 12.52 40.93 53.45 NOTE
r-patched-solaris-sparc 3.1-0 669.30 OK
r-patched-solaris-x86 3.1-0 162.20 OK
r-release-linux-x86_64 3.1-0 12.29 37.19 49.48 OK
r-release-osx-x86_64-mavericks 3.1-0 OK
r-release-windows-ix86+x86_64 3.1-0 62.00 85.00 147.00 OK
r-oldrel-windows-ix86+x86_64 3.1-0 44.00 92.00 136.00 OK

Check Details

Version: 3.1-0
Check: compiled code
Result: NOTE
    File ‘hergm/libs/hergm.so’:
     Found no calls to: ‘R_registerRoutines’, ‘R_useDynamicSymbols’
    
    It is good practice to register native routines and to disable symbol
    search.
    
    See ‘Writing portable packages’ in the ‘Writing R Extensions’ manual.
Flavors: r-devel-linux-x86_64-debian-clang, r-devel-linux-x86_64-debian-gcc, r-patched-linux-x86_64

Version: 3.1-0
Flags: --no-stop-on-test-error
Check: compiled code
Result: NOTE
    File ‘hergm/libs/hergm.so’:
     Found no calls to: ‘R_registerRoutines’, ‘R_useDynamicSymbols’
    
    It is good practice to register native routines and to disable symbol
    search.
    
    See ‘Writing portable packages’ in the ‘Writing R Extensions’ manual.
Flavors: r-devel-linux-x86_64-fedora-clang, r-devel-linux-x86_64-fedora-gcc, r-devel-macos-x86_64-clang