CRAN Package Check Results for Package hetmeta

Last updated on 2019-05-25 04:48:34 CEST.

Flavor Version Tinstall Tcheck Ttotal Status Flags
r-devel-linux-x86_64-debian-clang 0.1.0 6.06 51.70 57.76 ERROR
r-devel-linux-x86_64-debian-gcc 0.1.0 5.84 41.56 47.40 ERROR
r-devel-linux-x86_64-fedora-clang 0.1.0 72.04 ERROR
r-devel-linux-x86_64-fedora-gcc 0.1.0 71.77 ERROR
r-devel-windows-ix86+x86_64 0.1.0 11.00 88.00 99.00 ERROR
r-patched-linux-x86_64 0.1.0 ERROR
r-patched-solaris-x86 0.1.0 112.20 ERROR
r-release-linux-x86_64 0.1.0 6.02 51.25 57.27 ERROR
r-release-windows-ix86+x86_64 0.1.0 18.00 65.00 83.00 ERROR
r-release-osx-x86_64 0.1.0 OK
r-oldrel-windows-ix86+x86_64 0.1.0 9.00 58.00 67.00 ERROR
r-oldrel-osx-x86_64 0.1.0 OK

Check Details

Version: 0.1.0
Check: examples
Result: ERROR
    Running examples in 'hetmeta-Ex.R' failed
    The error most likely occurred in:
    
    > base::assign(".ptime", proc.time(), pos = "CheckExEnv")
    > ### Name: hetmeta
    > ### Title: Deriving Measures Of Heterogeneity
    > ### Aliases: hetmeta
    >
    > ### ** Examples
    >
    > ## load data
    > dat <- get(data(dat.gibson2002))
    >
    > ## random-effects model analysis of the standardized mean differences
    > dat <- escalc(measure = "SMD", m1i = m1i, sd1i = sd1i, n1i = n1i, m2i = m2i,
    + sd2i = sd2i, n2i = n2i, data = dat)
    > res <- rma(yi, vi, data = dat, method = "REML")
    Warning in rma(yi, vi, data = dat, method = "REML") :
     Studies with NAs omitted from model fitting.
    >
    > ## heterogeneity measures
    > hetmeta(res)
    Error in rep(0, digits - 1) : invalid 'times' argument
    Calls: <Anonymous> -> print.hetmeta -> paste
    Execution halted
Flavors: r-devel-linux-x86_64-debian-clang, r-devel-linux-x86_64-debian-gcc, r-patched-linux-x86_64, r-release-linux-x86_64

Version: 0.1.0
Check: examples
Result: ERROR
    Running examples in ‘hetmeta-Ex.R’ failed
    The error most likely occurred in:
    
    > ### Name: hetmeta
    > ### Title: Deriving Measures Of Heterogeneity
    > ### Aliases: hetmeta
    >
    > ### ** Examples
    >
    > ## load data
    > dat <- get(data(dat.gibson2002))
    >
    > ## random-effects model analysis of the standardized mean differences
    > dat <- escalc(measure = "SMD", m1i = m1i, sd1i = sd1i, n1i = n1i, m2i = m2i,
    + sd2i = sd2i, n2i = n2i, data = dat)
    > res <- rma(yi, vi, data = dat, method = "REML")
    Warning in rma(yi, vi, data = dat, method = "REML") :
     Studies with NAs omitted from model fitting.
    >
    > ## heterogeneity measures
    > hetmeta(res)
    Error in rep(0, digits - 1) : invalid 'times' argument
    Calls: <Anonymous> -> print.hetmeta -> paste
    Execution halted
Flavors: r-devel-linux-x86_64-fedora-clang, r-devel-linux-x86_64-fedora-gcc, r-devel-windows-ix86+x86_64, r-patched-solaris-x86, r-release-windows-ix86+x86_64, r-oldrel-windows-ix86+x86_64