CRAN Package Check Results for Package hett

Last updated on 2015-07-04 23:47:17.

Flavor Version Tinstall Tcheck Ttotal Status Flags
r-devel-linux-x86_64-debian-clang 0.3-1 0.66 11.43 12.09 NOTE
r-devel-linux-x86_64-debian-gcc 0.3-1 0.64 10.72 11.36 NOTE
r-devel-linux-x86_64-fedora-clang 0.3-1 23.89 NOTE
r-devel-linux-x86_64-fedora-gcc 0.3-1 21.98 NOTE
r-devel-osx-x86_64-clang 0.3-1 22.81 NOTE
r-devel-windows-ix86+x86_64 0.3-1 6.00 19.00 25.00 NOTE
r-patched-linux-x86_64 0.3-1 0.66 11.50 12.17 NOTE
r-patched-solaris-sparc 0.3-1 161.60 NOTE
r-patched-solaris-x86 0.3-1 34.70 NOTE
r-release-linux-x86_64 0.3-1 0.68 11.70 12.38 NOTE
r-release-osx-x86_64-mavericks 0.3-1 NOTE
r-release-windows-ix86+x86_64 0.3-1 5.00 21.00 26.00 NOTE
r-oldrel-windows-ix86+x86_64 0.3-1 6.00 24.00 30.00 NOTE

Check Details

Version: 0.3-1
Check: S3 generic/method consistency
Result: NOTE
    Found the following apparent S3 methods exported but not registered:
     print.summary.tlm print.tlm print.tsum summary.tlm
    See section ‘Registering S3 methods’ in the ‘Writing R Extensions’
    manual.
Flavors: r-devel-linux-x86_64-debian-clang, r-devel-linux-x86_64-debian-gcc, r-devel-linux-x86_64-fedora-clang, r-devel-linux-x86_64-fedora-gcc, r-devel-osx-x86_64-clang, r-patched-linux-x86_64, r-patched-solaris-sparc, r-patched-solaris-x86, r-release-linux-x86_64

Version: 0.3-1
Check: R code for possible problems
Result: NOTE
    print.tsum: warning in print.default(x$resid, digits = digits, na = "",
     print.gap = 2): partial argument match of ‘na’ to ‘na.print’
    print.tsum: no visible global function definition for ‘quantile’
    print.tsum: no visible global function definition for ‘printCoefmat’
    print.tsum: no visible global function definition for ‘symnum’
    tlm: no visible global function definition for ‘formula’
    tlm: no visible binding for global variable ‘na.fail’
    tlm: no visible global function definition for ‘model.matrix’
    tlm: no visible global function definition for ‘model.extract’
    tlm: no visible binding for global variable ‘response’
    tlm: no visible global function definition for ‘lm.fit’
    tlm: no visible global function definition for ‘coef’
    tlm: no visible global function definition for ‘resid’
    tlm: Error while checking: invalid ‘envir’ argument
    tscore: no visible global function definition for ‘model.extract’
    tscore: no visible binding for global variable ‘response’
    tscore : <anonymous>: no visible global function definition for
     ‘model.matrix’
    tscore: no visible global function definition for ‘resid’
    tscore: no visible global function definition for ‘pchisq’
    tscore: no visible global function definition for ‘printCoefmat’
    tsum: no visible global function definition for ‘pnorm’
    tsum: no visible global function definition for ‘pt’
    tsum: no visible global function definition for ‘residuals’
    Undefined global functions or variables:
     coef formula lm.fit model.extract model.matrix na.fail pchisq pnorm
     printCoefmat pt quantile resid residuals response symnum
    
    Found the following assignments to the global environment:
    File ‘hett/R/hett.R’:
     assign("data", data, envir = .GlobalEnv)
Flavors: r-devel-linux-x86_64-debian-clang, r-devel-linux-x86_64-debian-gcc, r-devel-linux-x86_64-fedora-clang

Version: 0.3-1
Check: R code for possible problems
Result: NOTE
    print.tsum: warning in print.default(x$resid, digits = digits, na = "",
     print.gap = 2): partial argument match of 'na' to 'na.print'
    print.tsum: no visible global function definition for ‘quantile’
    print.tsum: no visible global function definition for ‘printCoefmat’
    print.tsum: no visible global function definition for ‘symnum’
    tlm: no visible global function definition for ‘formula’
    tlm: no visible binding for global variable ‘na.fail’
    tlm: no visible global function definition for ‘model.matrix’
    tlm: no visible global function definition for ‘model.extract’
    tlm: no visible binding for global variable ‘response’
    tlm: no visible global function definition for ‘lm.fit’
    tlm: no visible global function definition for ‘coef’
    tlm: no visible global function definition for ‘resid’
    tlm: Error while checking: invalid 'envir' argument
    tscore: no visible global function definition for ‘model.extract’
    tscore: no visible binding for global variable ‘response’
    tscore : <anonymous>: no visible global function definition for
     ‘model.matrix’
    tscore: no visible global function definition for ‘resid’
    tscore: no visible global function definition for ‘pchisq’
    tscore: no visible global function definition for ‘printCoefmat’
    tsum: no visible global function definition for ‘pnorm’
    tsum: no visible global function definition for ‘pt’
    tsum: no visible global function definition for ‘residuals’
    Undefined global functions or variables:
     coef formula lm.fit model.extract model.matrix na.fail pchisq pnorm
     printCoefmat pt quantile resid residuals response symnum
Flavor: r-devel-linux-x86_64-fedora-gcc

Version: 0.3-1
Check: R code for possible problems
Result: NOTE
    print.tsum: warning in print.default(x$resid, digits = digits, na = "",
     print.gap = 2): partial argument match of 'na' to 'na.print'
    print.tsum: warning in symnum(correl, abbr.col = NULL): partial
     argument match of 'abbr.col' to 'abbr.colnames'
    tlm: no visible binding for global variable ‘response’
    tlm: no visible binding for global variable ‘dofse’
    tscore: no visible binding for global variable ‘response’
    Undefined global functions or variables:
     dofse response
    
    Found the following assignments to the global environment:
    File ‘hett/R/hett.R’:
     assign("data", data, envir = .GlobalEnv)
Flavor: r-devel-osx-x86_64-clang

Version: 0.3-1
Check: R code for possible problems
Result: NOTE
    print.tsum: warning in print.default(x$resid, digits = digits, na = "",
     print.gap = 2): partial argument match of 'na' to 'na.print'
    print.tsum: no visible global function definition for 'quantile'
    print.tsum: no visible global function definition for 'printCoefmat'
    print.tsum: no visible global function definition for 'symnum'
    tlm: no visible global function definition for 'formula'
    tlm: no visible binding for global variable 'na.fail'
    tlm: no visible global function definition for 'model.matrix'
    tlm: no visible global function definition for 'model.extract'
    tlm: no visible binding for global variable 'response'
    tlm: no visible global function definition for 'lm.fit'
    tlm: no visible global function definition for 'coef'
    tlm: no visible global function definition for 'resid'
    tlm: no visible global function definition for 'Gamma'
    tlm: no visible binding for global variable 'dofse'
    tlm: no visible binding for global variable 'logLik'
    tscore: no visible global function definition for 'model.extract'
    tscore: no visible binding for global variable 'response'
    tscore : <anonymous>: no visible global function definition for
     'model.matrix'
    tscore: no visible global function definition for 'resid'
    tscore: no visible global function definition for 'pchisq'
    tscore: no visible global function definition for 'printCoefmat'
    tsum: no visible global function definition for 'pnorm'
    tsum: no visible global function definition for 'pt'
    tsum: no visible global function definition for 'residuals'
    Undefined global functions or variables:
     Gamma coef dofse formula lm.fit logLik model.extract model.matrix
     na.fail pchisq pnorm printCoefmat pt quantile resid residuals
     response symnum
Flavor: r-devel-windows-ix86+x86_64

Version: 0.3-1
Check: R code for possible problems
Result: NOTE
    print.tsum: warning in print.default(x$resid, digits = digits, na = "",
     print.gap = 2): partial argument match of ‘na’ to ‘na.print’
    print.tsum: warning in symnum(correl, abbr.col = NULL): partial
     argument match of ‘abbr.col’ to ‘abbr.colnames’
    tlm: no visible binding for global variable ‘response’
    tlm: no visible binding for global variable ‘dofse’
    tscore: no visible binding for global variable ‘response’
    
    Found the following assignments to the global environment:
    File ‘hett/R/hett.R’:
     assign("data", data, envir = .GlobalEnv)
Flavors: r-patched-linux-x86_64, r-release-linux-x86_64

Version: 0.3-1
Check: R code for possible problems
Result: NOTE
    print.tsum: warning in print.default(x$resid, digits = digits, na = "",
     print.gap = 2): partial argument match of 'na' to 'na.print'
    print.tsum: warning in symnum(correl, abbr.col = NULL): partial
     argument match of 'abbr.col' to 'abbr.colnames'
    tlm: no visible binding for global variable ‘response’
    tlm: no visible binding for global variable ‘dofse’
    tscore: no visible binding for global variable ‘response’
Flavors: r-patched-solaris-sparc, r-patched-solaris-x86, r-release-osx-x86_64-mavericks, r-release-windows-ix86+x86_64, r-oldrel-windows-ix86+x86_64