CRAN Package Check Results for Package hett

Last updated on 2014-12-18 08:49:21.

Flavor Version Tinstall Tcheck Ttotal Status Flags
r-devel-linux-x86_64-debian-clang 0.3-1 0.72 13.03 13.74 NOTE
r-devel-linux-x86_64-debian-gcc 0.3-1 0.74 12.49 13.22 NOTE
r-devel-linux-x86_64-fedora-clang 0.3-1 31.69 NOTE
r-devel-linux-x86_64-fedora-gcc 0.3-1 27.25 NOTE
r-devel-osx-x86_64-clang 0.3-1 28.35 NOTE
r-devel-windows-ix86+x86_64 0.3-1 6.00 22.00 28.00 NOTE
r-patched-linux-x86_64 0.3-1 0.76 12.74 13.50 NOTE
r-patched-solaris-sparc 0.3-1 149.00 NOTE
r-patched-solaris-x86 0.3-1 40.20 NOTE
r-release-linux-ix86 0.3-1 1.02 18.65 19.67 NOTE
r-release-linux-x86_64 0.3-1 0.74 12.69 13.42 NOTE
r-release-osx-x86_64-mavericks 0.3-1 NOTE
r-release-windows-ix86+x86_64 0.3-1 4.00 22.00 26.00 NOTE
r-oldrel-windows-ix86+x86_64 0.3-1 4.00 23.00 27.00 NOTE

Check Details

Version: 0.3-1
Check: R code for possible problems
Result: NOTE
    print.tsum: warning in print.default(x$resid, digits = digits, na = "",
     print.gap = 2): partial argument match of ‘na’ to ‘na.print’
    print.tsum: warning in symnum(correl, abbr.col = NULL): partial
     argument match of ‘abbr.col’ to ‘abbr.colnames’
    tlm: no visible binding for global variable ‘response’
    tlm: no visible binding for global variable ‘dofse’
    tscore: no visible binding for global variable ‘response’
    
    Found the following assignments to the global environment:
    File ‘hett/R/hett.R’:
     assign("data", data, envir = .GlobalEnv)
Flavors: r-devel-linux-x86_64-debian-clang, r-devel-linux-x86_64-debian-gcc, r-devel-linux-x86_64-fedora-clang, r-devel-osx-x86_64-clang, r-patched-linux-x86_64, r-release-linux-ix86, r-release-linux-x86_64

Version: 0.3-1
Check: R code for possible problems
Result: NOTE
    print.tsum: warning in print.default(x$resid, digits = digits, na = "",
     print.gap = 2): partial argument match of 'na' to 'na.print'
    print.tsum: warning in symnum(correl, abbr.col = NULL): partial
     argument match of 'abbr.col' to 'abbr.colnames'
    tlm: no visible binding for global variable ‘response’
    tlm: no visible binding for global variable ‘dofse’
    tscore: no visible binding for global variable ‘response’
Flavors: r-devel-linux-x86_64-fedora-gcc, r-devel-windows-ix86+x86_64, r-patched-solaris-sparc, r-patched-solaris-x86, r-release-osx-x86_64-mavericks, r-release-windows-ix86+x86_64, r-oldrel-windows-ix86+x86_64