CRAN Package Check Results for Package hett

Last updated on 2018-06-25 11:52:37 CEST.

Flavor Version Tinstall Tcheck Ttotal Status Flags
r-devel-linux-x86_64-debian-clang 0.3-2 1.24 20.52 21.76 OK
r-devel-linux-x86_64-debian-gcc 0.3-2 1.16 16.91 18.07 OK
r-devel-linux-x86_64-fedora-clang 0.3-2 29.65 OK
r-devel-linux-x86_64-fedora-gcc 0.3-2 27.03 OK
r-devel-windows-ix86+x86_64 0.3-2 6.00 33.00 39.00 OK
r-patched-linux-x86_64 0.3-2 0.98 20.38 21.36 OK
r-patched-solaris-x86 0.3-2 42.80 OK
r-release-linux-x86_64 0.3-2 1.28 20.00 21.28 OK
r-release-windows-ix86+x86_64 0.3-2 5.00 29.00 34.00 OK
r-release-osx-x86_64 0.3-2 OK
r-oldrel-windows-ix86+x86_64 0.3-2 4.00 50.00 54.00 OK
r-oldrel-osx-x86_64 0.3-1 NOTE

Check Details

Version: 0.3-1
Check: R code for possible problems
Result: NOTE
    print.tsum: warning in print.default(x$resid, digits = digits, na = "",
     print.gap = 2): partial argument match of 'na' to 'na.print'
    print.tsum: no visible global function definition for ‘quantile’
    print.tsum: no visible global function definition for ‘printCoefmat’
    print.tsum: no visible global function definition for ‘symnum’
    tlm: no visible global function definition for ‘formula’
    tlm: no visible binding for global variable ‘na.fail’
    tlm: no visible global function definition for ‘model.matrix’
    tlm: no visible global function definition for ‘model.extract’
    tlm: no visible binding for global variable ‘response’
    tlm: no visible global function definition for ‘lm.fit’
    tlm: no visible global function definition for ‘coef’
    tlm: no visible global function definition for ‘resid’
    tlm: no visible global function definition for ‘Gamma’
    tlm: no visible binding for global variable ‘dofse’
    tlm: no visible binding for global variable ‘logLik’
    tscore: no visible global function definition for ‘model.extract’
    tscore: no visible binding for global variable ‘response’
    tscore : <anonymous>: no visible global function definition for
     ‘model.matrix’
    tscore: no visible global function definition for ‘resid’
    tscore: no visible global function definition for ‘pchisq’
    tscore: no visible global function definition for ‘printCoefmat’
    tsum: no visible global function definition for ‘pnorm’
    tsum: no visible global function definition for ‘pt’
    tsum: no visible global function definition for ‘residuals’
    Undefined global functions or variables:
     Gamma coef dofse formula lm.fit logLik model.extract model.matrix
     na.fail pchisq pnorm printCoefmat pt quantile resid residuals
     response symnum
    Consider adding
     importFrom("stats", "Gamma", "coef", "formula", "lm.fit", "logLik",
     "model.extract", "model.matrix", "na.fail", "pchisq",
     "pnorm", "printCoefmat", "pt", "quantile", "resid",
     "residuals", "symnum")
    to your NAMESPACE file.
Flavor: r-oldrel-osx-x86_64