CRAN Package Check Results for Package hett

Last updated on 2014-07-28 11:48:59.

Flavor Version Tinstall Tcheck Ttotal Status Flags
r-devel-linux-x86_64-debian-clang 0.3-1 0.70 13.21 13.92 NOTE
r-devel-linux-x86_64-debian-gcc 0.3-1 0.79 13.35 14.14 NOTE
r-devel-linux-x86_64-fedora-clang 0.3-1 29.22 NOTE
r-devel-linux-x86_64-fedora-gcc 0.3-1 27.14 NOTE
r-devel-osx-x86_64-clang 0.3-1 29.50 NOTE
r-devel-windows-ix86+x86_64 0.3-1 3.00 22.00 25.00 NOTE
r-patched-linux-x86_64 0.3-1 0.70 12.85 13.55 NOTE
r-patched-solaris-sparc 0.3-1 152.60 NOTE
r-patched-solaris-x86 0.3-1 38.30 NOTE
r-release-linux-ix86 0.3-1 1.04 19.31 20.35 NOTE
r-release-linux-x86_64 0.3-1 0.74 13.78 14.52 NOTE
r-release-osx-x86_64-mavericks 0.3-1 NOTE
r-release-windows-ix86+x86_64 0.3-1 3.00 22.00 25.00 NOTE
r-oldrel-windows-ix86+x86_64 0.3-1 4.00 22.00 26.00 NOTE

Check Details

Version: 0.3-1
Check: R code for possible problems
Result: NOTE
    print.tsum: warning in print.default(x$resid, digits = digits, na = "",
     print.gap = 2): partial argument match of 'na' to 'na.print'
    print.tsum: warning in symnum(correl, abbr.col = NULL): partial
     argument match of 'abbr.col' to 'abbr.colnames'
    tlm: no visible binding for global variable response
    tlm: no visible binding for global variable dofse
    tscore: no visible binding for global variable response
    
    Found the following assignments to the global environment:
    File hett/R/hett.R :
     assign("data", data, envir = .GlobalEnv)
Flavors: r-devel-linux-x86_64-debian-clang, r-devel-linux-x86_64-debian-gcc, r-devel-linux-x86_64-fedora-clang, r-devel-osx-x86_64-clang, r-patched-linux-x86_64, r-release-linux-ix86, r-release-linux-x86_64

Version: 0.3-1
Check: R code for possible problems
Result: NOTE
    print.tsum: warning in print.default(x$resid, digits = digits, na = "",
     print.gap = 2): partial argument match of 'na' to 'na.print'
    print.tsum: warning in symnum(correl, abbr.col = NULL): partial
     argument match of 'abbr.col' to 'abbr.colnames'
    tlm: no visible binding for global variable response
    tlm: no visible binding for global variable dofse
    tscore: no visible binding for global variable response
Flavors: r-devel-linux-x86_64-fedora-gcc, r-devel-windows-ix86+x86_64, r-patched-solaris-sparc, r-patched-solaris-x86, r-release-osx-x86_64-mavericks, r-release-windows-ix86+x86_64, r-oldrel-windows-ix86+x86_64