CRAN Package Check Results for Package hett

Last updated on 2015-04-18 08:48:43.

Flavor Version Tinstall Tcheck Ttotal Status Flags
r-devel-linux-x86_64-debian-clang 0.3-1 0.71 11.58 12.29 NOTE
r-devel-linux-x86_64-debian-gcc 0.3-1 0.67 11.46 12.12 NOTE
r-devel-linux-x86_64-fedora-clang 0.3-1 28.07 NOTE
r-devel-linux-x86_64-fedora-gcc 0.3-1 24.47 NOTE
r-devel-osx-x86_64-clang 0.3-1 25.86 NOTE
r-prerel-windows-ix86+x86_64 0.3-1 5.00 20.00 25.00 NOTE
r-prerel-linux-x86_64 0.3-1 0.66 11.48 12.15 NOTE
r-prerel-solaris-sparc 0.3-1 153.60 NOTE
r-prerel-solaris-x86 0.3-1 35.90 NOTE
r-release-linux-x86_64 0.3-1 0.72 12.90 13.62 NOTE
r-release-osx-x86_64-mavericks 0.3-1 NOTE
r-release-windows-ix86+x86_64 0.3-1 3.00 28.00 31.00 NOTE
r-oldrel-windows-ix86+x86_64 0.3-1 3.00 29.00 32.00 NOTE

Check Details

Version: 0.3-1
Check: S3 generic/method consistency
Result: NOTE
    Found the following apparent S3 methods exported but not registered:
     print.summary.tlm print.tlm print.tsum summary.tlm
    See section ‘Registering S3 methods’ in the ‘Writing R Extensions’
    manual.
Flavors: r-devel-linux-x86_64-debian-clang, r-devel-linux-x86_64-debian-gcc, r-devel-linux-x86_64-fedora-clang, r-devel-linux-x86_64-fedora-gcc, r-devel-osx-x86_64-clang, r-prerel-linux-x86_64

Version: 0.3-1
Check: R code for possible problems
Result: NOTE
    print.tsum: warning in print.default(x$resid, digits = digits, na = "",
     print.gap = 2): partial argument match of ‘na’ to ‘na.print’
    print.tsum: warning in symnum(correl, abbr.col = NULL): partial
     argument match of ‘abbr.col’ to ‘abbr.colnames’
    tlm: no visible binding for global variable ‘response’
    tlm: no visible binding for global variable ‘dofse’
    tscore: no visible binding for global variable ‘response’
    
    Found the following assignments to the global environment:
    File ‘hett/R/hett.R’:
     assign("data", data, envir = .GlobalEnv)
Flavors: r-devel-linux-x86_64-debian-clang, r-devel-linux-x86_64-debian-gcc, r-devel-linux-x86_64-fedora-clang, r-devel-osx-x86_64-clang, r-prerel-linux-x86_64, r-release-linux-x86_64

Version: 0.3-1
Check: R code for possible problems
Result: NOTE
    print.tsum: warning in print.default(x$resid, digits = digits, na = "",
     print.gap = 2): partial argument match of 'na' to 'na.print'
    print.tsum: warning in symnum(correl, abbr.col = NULL): partial
     argument match of 'abbr.col' to 'abbr.colnames'
    tlm: no visible binding for global variable ‘response’
    tlm: no visible binding for global variable ‘dofse’
    tscore: no visible binding for global variable ‘response’
Flavors: r-devel-linux-x86_64-fedora-gcc, r-prerel-windows-ix86+x86_64, r-prerel-solaris-sparc, r-prerel-solaris-x86, r-release-osx-x86_64-mavericks, r-release-windows-ix86+x86_64, r-oldrel-windows-ix86+x86_64