CRAN Package Check Results for Package hexbin

Last updated on 2018-06-23 01:46:42 CEST.

Flavor Version Tinstall Tcheck Ttotal Status Flags
r-devel-linux-x86_64-debian-clang 1.27.2 6.58 60.39 66.97 OK
r-devel-linux-x86_64-debian-gcc 1.27.2 5.16 46.82 51.98 OK
r-devel-linux-x86_64-fedora-clang 1.27.2 82.45 OK
r-devel-linux-x86_64-fedora-gcc 1.27.2 80.46 OK
r-devel-windows-ix86+x86_64 1.27.2 21.00 139.00 160.00 OK
r-patched-linux-x86_64 1.27.2 6.99 58.86 65.85 OK
r-patched-solaris-x86 1.27.2 113.00 OK
r-release-linux-x86_64 1.27.2 6.35 57.62 63.97 OK
r-release-windows-ix86+x86_64 1.27.2 15.00 128.00 143.00 OK
r-release-osx-x86_64 1.27.2 OK
r-oldrel-windows-ix86+x86_64 1.27.2 20.00 149.00 169.00 OK
r-oldrel-osx-x86_64 1.27.2 NOTE

Check Details

Version: 1.27.2
Check: package dependencies
Result: NOTE
    Package suggested but not available for checking: ‘marray’
Flavor: r-oldrel-osx-x86_64