CRAN Package Check Results for Package hexbin

Last updated on 2016-12-08 23:49:29.

Flavor Version Tinstall Tcheck Ttotal Status Flags
r-devel-linux-x86_64-debian-clang 1.27.1 2.19 43.89 46.07 OK
r-devel-linux-x86_64-debian-gcc 1.27.1 2.22 42.83 45.05 OK
r-devel-linux-x86_64-fedora-clang 1.27.1 86.11 OK --no-stop-on-test-error
r-devel-linux-x86_64-fedora-gcc 1.27.1 81.28 OK --no-stop-on-test-error
r-devel-macos-x86_64-clang 1.27.1 62.44 OK --no-stop-on-test-error
r-devel-windows-ix86+x86_64 1.27.1 11.00 136.00 147.00 WARN
r-patched-linux-x86_64 1.27.1 1.83 34.41 36.23 OK
r-patched-solaris-sparc 1.27.1 408.50 OK
r-patched-solaris-x86 1.27.1 80.40 OK
r-release-linux-x86_64 1.27.1 1.96 35.24 37.21 OK
r-release-osx-x86_64-mavericks 1.27.1 OK
r-release-windows-ix86+x86_64 1.27.1 6.00 113.00 119.00 OK
r-oldrel-windows-ix86+x86_64 1.27.1 17.00 89.00 106.00 OK

Check Details

Version: 1.27.1
Check: files in ‘vignettes’
Result: WARN
    Files in the 'vignettes' directory newer than all files in 'inst/doc':
     'hexagon_binning.Rnw'
Flavor: r-devel-windows-ix86+x86_64