CRAN Package Check Results for Package hexbin

Last updated on 2017-01-16 22:55:06.

Flavor Version Tinstall Tcheck Ttotal Status Flags
r-devel-linux-x86_64-debian-clang 1.27.1 2.24 42.98 45.22 OK
r-devel-linux-x86_64-debian-gcc 1.27.1 2.14 41.61 43.75 OK
r-devel-linux-x86_64-fedora-clang 1.27.1 79.49 OK --no-stop-on-test-error
r-devel-linux-x86_64-fedora-gcc 1.27.1 72.53 NOTE --no-stop-on-test-error
r-devel-macos-x86_64-clang 1.27.1 61.32 OK --no-stop-on-test-error
r-devel-windows-ix86+x86_64 1.27.1 11.00 110.00 121.00 OK
r-patched-linux-x86_64 1.27.1 1.80 34.04 35.84 OK
r-patched-solaris-sparc 1.27.1 401.60 OK
r-patched-solaris-x86 1.27.1 83.10 OK
r-release-linux-x86_64 1.27.1 1.96 35.23 37.18 OK
r-release-osx-x86_64-mavericks 1.27.1 OK
r-release-windows-ix86+x86_64 1.27.1 14.00 109.00 123.00 OK
r-oldrel-windows-ix86+x86_64 1.27.1 9.00 111.00 120.00 OK

Check Details

Version: 1.27.1
Flags: --no-stop-on-test-error
Check: compiled code
Result: NOTE
    File ‘hexbin/libs/hexbin.so’:
     Found no calls to: ‘R_registerRoutines’, ‘R_useDynamicSymbols’
    
    It is good practice to use registered native symbols and disable symbol
    search.
    
    See ‘Writing portable packages’ in the ‘Writing R Extensions’ manual.
Flavor: r-devel-linux-x86_64-fedora-gcc