CRAN Package Check Results for Package hexbin

Last updated on 2022-01-18 10:17:17 CET.

Flavor Version Tinstall Tcheck Ttotal Status Flags
r-devel-linux-x86_64-debian-clang 1.28.2 9.00 80.99 89.99 OK
r-devel-linux-x86_64-debian-gcc 1.28.2 8.41 60.53 68.94 OK
r-devel-linux-x86_64-fedora-clang 1.28.2 115.49 OK
r-devel-linux-x86_64-fedora-gcc 1.28.2 99.26 OK
r-devel-windows-x86_64-new-UL 1.28.2 65.00 120.00 185.00 OK
r-devel-windows-x86_64-new-TK 1.28.2 OK
r-patched-linux-x86_64 1.28.2 10.42 79.40 89.82 OK
r-release-linux-x86_64 1.28.2 OK
r-release-macos-arm64 1.28.2 NOTE
r-release-macos-x86_64 1.28.2 OK
r-release-windows-ix86+x86_64 1.28.2 25.00 127.00 152.00 OK
r-oldrel-macos-x86_64 1.28.2 OK
r-oldrel-windows-ix86+x86_64 1.28.2 24.00 125.00 149.00 OK

Check Details

Version: 1.28.2
Check: package dependencies
Result: NOTE
    Package suggested but not available for checking: ‘marray’
Flavor: r-release-macos-arm64