CRAN Package Check Results for Package hexbin

Last updated on 2017-04-30 05:48:25.

Flavor Version Tinstall Tcheck Ttotal Status Flags
r-devel-linux-x86_64-debian-clang 1.27.1 2.18 45.10 47.27 NOTE
r-devel-linux-x86_64-debian-gcc 1.27.1 2.00 45.47 47.47 NOTE
r-devel-linux-x86_64-fedora-clang 1.27.1 82.01 NOTE --no-stop-on-test-error
r-devel-linux-x86_64-fedora-gcc 1.27.1 97.23 NOTE --no-stop-on-test-error
r-devel-windows-ix86+x86_64 1.27.1 20.00 104.00 124.00 OK
r-patched-linux-x86_64 1.27.1 2.20 42.75 44.95 NOTE
r-patched-solaris-sparc 1.27.1 449.30 OK
r-patched-solaris-x86 1.27.1 92.90 OK
r-release-linux-x86_64 1.27.1 2.09 41.75 43.84 NOTE
r-release-windows-ix86+x86_64 1.27.1 19.00 133.00 152.00 OK
r-release-osx-x86_64 1.27.1 WARN
r-oldrel-windows-ix86+x86_64 1.27.1 9.00 107.00 116.00 OK
r-oldrel-osx-x86_64 1.27.1 OK

Check Details

Version: 1.27.1
Check: compiled code
Result: NOTE
    File ‘hexbin/libs/hexbin.so’:
     Found no calls to: ‘R_registerRoutines’, ‘R_useDynamicSymbols’
    
    It is good practice to register native routines and to disable symbol
    search.
    
    See ‘Writing portable packages’ in the ‘Writing R Extensions’ manual.
Flavors: r-devel-linux-x86_64-debian-clang, r-devel-linux-x86_64-debian-gcc, r-patched-linux-x86_64, r-release-linux-x86_64

Version: 1.27.1
Flags: --no-stop-on-test-error
Check: compiled code
Result: NOTE
    File ‘hexbin/libs/hexbin.so’:
     Found no calls to: ‘R_registerRoutines’, ‘R_useDynamicSymbols’
    
    It is good practice to register native routines and to disable symbol
    search.
    
    See ‘Writing portable packages’ in the ‘Writing R Extensions’ manual.
Flavors: r-devel-linux-x86_64-fedora-clang, r-devel-linux-x86_64-fedora-gcc

Version: 1.27.1
Check: package dependencies
Result: NOTE
    Package suggested but not available for checking: ‘marray’
Flavor: r-release-osx-x86_64

Version: 1.27.1
Check: running R code from vignettes
Result: WARN
    Errors in running code in vignettes:
    when running code in ‘hexagon_binning.Rnw’
     ...
    + shape = shape)
    
    > hdiffplot(erode(hbF, cdfcut = 0.25), erode(hbM, cdfcut = 0.25),
    + unzoom = 1.3)
    
    > library("marray")
    
     When sourcing ‘hexagon_binning.R’:
    Error: there is no package called ‘marray’
    Execution halted
Flavor: r-release-osx-x86_64

Version: 1.27.1
Check: re-building of vignette outputs
Result: NOTE
    Error in re-building vignettes:
     ...
    
    Error: processing vignette 'hexagon_binning.Rnw' failed with diagnostics:
     chunk 10 (label = marray1)
    Error in library("marray") : there is no package called ‘marray’
    Execution halted
Flavor: r-release-osx-x86_64