CRAN Package Check Results for Package hexbin

Last updated on 2018-09-20 14:47:15 CEST.

Flavor Version Tinstall Tcheck Ttotal Status Flags
r-devel-linux-x86_64-debian-clang 1.27.2 7.01 60.98 67.99 OK
r-devel-linux-x86_64-debian-gcc 1.27.2 4.49 47.39 51.88 OK
r-devel-linux-x86_64-fedora-clang 1.27.2 95.64 OK
r-devel-linux-x86_64-fedora-gcc 1.27.2 77.61 OK
r-devel-windows-ix86+x86_64 1.27.2 21.00 102.00 123.00 OK
r-patched-linux-x86_64 1.27.2 6.47 58.49 64.96 OK
r-patched-solaris-x86 1.27.2 110.40 OK
r-release-linux-x86_64 1.27.2 6.14 58.16 64.30 OK
r-release-windows-ix86+x86_64 1.27.2 19.00 91.00 110.00 OK
r-release-osx-x86_64 1.27.2 OK
r-oldrel-windows-ix86+x86_64 1.27.2 11.00 138.00 149.00 OK
r-oldrel-osx-x86_64 1.27.2 NOTE

Check Details

Version: 1.27.2
Check: package dependencies
Result: NOTE
    Package suggested but not available for checking: ‘marray’
Flavor: r-oldrel-osx-x86_64