CRAN Package Check Results for Package hexbin

Last updated on 2016-02-08 08:47:37.

Flavor Version Tinstall Tcheck Ttotal Status Flags
r-devel-linux-x86_64-debian-gcc 1.27.1 1.81 34.09 35.90 OK
r-devel-linux-x86_64-fedora-clang 1.27.1 70.65 OK
r-devel-linux-x86_64-fedora-gcc 1.27.1 67.34 OK
r-devel-osx-x86_64-clang 1.27.1 71.71 OK
r-devel-windows-ix86+x86_64 1.27.1 12.00 80.00 92.00 OK
r-patched-linux-x86_64 1.27.1 1.92 37.85 39.77 OK
r-patched-solaris-sparc 1.27.1 425.00 OK
r-patched-solaris-x86 1.27.1 90.10 OK
r-release-linux-x86_64 1.27.1 1.85 37.57 39.42 OK
r-release-osx-x86_64-mavericks 1.27.1 WARN
r-release-windows-ix86+x86_64 1.27.1 11.00 82.00 93.00 OK
r-oldrel-windows-ix86+x86_64 1.27.1 17.00 107.00 124.00 OK

Check Details

Version: 1.27.1
Check: package dependencies
Result: NOTE
    Package suggested but not available for checking: ‘marray’
Flavor: r-release-osx-x86_64-mavericks

Version: 1.27.1
Check: running R code from vignettes
Result: WARN
    Errors in running code in vignettes:
    when running code in ‘hexagon_binning.Rnw’
     ...
    + shape = shape)
    
    > hdiffplot(erode(hbF, cdfcut = 0.25), erode(hbM, cdfcut = 0.25),
    + unzoom = 1.3)
    
    > library("marray")
    
     When sourcing ‘hexagon_binning.R’:
    Error: there is no package called ‘marray’
    Execution halted
Flavor: r-release-osx-x86_64-mavericks

Version: 1.27.1
Check: re-building of vignette outputs
Result: NOTE
    Error in re-building vignettes:
     ...
    
    Error: processing vignette 'hexagon_binning.Rnw' failed with diagnostics:
     chunk 10 (label = marray1)
    Error in library("marray") : there is no package called ‘marray’
    Execution halted
Flavor: r-release-osx-x86_64-mavericks