CRAN Package Check Results for Package hexbin

Last updated on 2017-03-23 15:48:31.

Flavor Version Tinstall Tcheck Ttotal Status Flags
r-devel-linux-x86_64-debian-clang 1.27.1 2.14 44.38 46.51 NOTE
r-devel-linux-x86_64-debian-gcc 1.27.1 2.27 42.07 44.34 NOTE
r-devel-linux-x86_64-fedora-clang 1.27.1 81.42 NOTE --no-stop-on-test-error
r-devel-linux-x86_64-fedora-gcc 1.27.1 92.92 NOTE --no-stop-on-test-error
r-devel-macos-x86_64-clang 1.27.1 60.37 NOTE --no-stop-on-test-error
r-devel-windows-ix86+x86_64 1.27.1 11.00 138.00 149.00 OK
r-patched-linux-x86_64 1.27.1 1.85 34.16 36.01 OK
r-patched-solaris-sparc 1.27.1 449.30 OK
r-patched-solaris-x86 1.27.1 95.00 OK
r-release-linux-x86_64 1.27.1 1.85 34.60 36.45 OK
r-release-osx-x86_64-mavericks 1.27.1 OK
r-release-windows-ix86+x86_64 1.27.1 23.00 84.00 107.00 OK
r-oldrel-windows-ix86+x86_64 1.27.1 14.00 117.00 131.00 OK

Check Details

Version: 1.27.1
Check: compiled code
Result: NOTE
    File ‘hexbin/libs/hexbin.so’:
     Found no calls to: ‘R_registerRoutines’, ‘R_useDynamicSymbols’
    
    It is good practice to register native routines and to disable symbol
    search.
    
    See ‘Writing portable packages’ in the ‘Writing R Extensions’ manual.
Flavors: r-devel-linux-x86_64-debian-clang, r-devel-linux-x86_64-debian-gcc

Version: 1.27.1
Flags: --no-stop-on-test-error
Check: compiled code
Result: NOTE
    File ‘hexbin/libs/hexbin.so’:
     Found no calls to: ‘R_registerRoutines’, ‘R_useDynamicSymbols’
    
    It is good practice to register native routines and to disable symbol
    search.
    
    See ‘Writing portable packages’ in the ‘Writing R Extensions’ manual.
Flavors: r-devel-linux-x86_64-fedora-clang, r-devel-linux-x86_64-fedora-gcc, r-devel-macos-x86_64-clang