CRAN Package Check Results for Package hexbin

Last updated on 2016-09-30 12:50:22.

Flavor Version Tinstall Tcheck Ttotal Status Flags
r-devel-linux-x86_64-debian-clang 1.27.1 1.99 40.23 42.22 WARN
r-devel-linux-x86_64-debian-gcc 1.27.1 1.99 38.06 40.05 WARN
r-devel-linux-x86_64-fedora-clang 1.27.1 75.15 WARN
r-devel-linux-x86_64-fedora-gcc 1.27.1 66.35 WARN
r-devel-macos-x86_64-clang 1.27.1 53.32 WARN
r-devel-windows-ix86+x86_64 1.27.1 14.00 103.00 117.00 WARN
r-patched-linux-x86_64 1.27.1 1.68 34.98 36.66 OK
r-patched-solaris-sparc 1.27.1 402.00 OK
r-patched-solaris-x86 1.27.1 82.10 OK
r-release-linux-x86_64 1.27.1 1.72 35.82 37.54 OK
r-release-osx-x86_64-mavericks 1.27.1 OK
r-release-windows-ix86+x86_64 1.27.1 8.00 120.00 128.00 OK
r-oldrel-windows-ix86+x86_64 1.27.1 19.00 110.00 129.00 OK

Check Details

Version: 1.27.1
Check: files in ‘vignettes’
Result: WARN
    Files in the 'vignettes' directory newer than all files in 'inst/doc':
     ‘hexagon_binning.Rnw’
Flavors: r-devel-linux-x86_64-debian-clang, r-devel-linux-x86_64-debian-gcc, r-devel-linux-x86_64-fedora-clang, r-devel-linux-x86_64-fedora-gcc, r-devel-macos-x86_64-clang, r-devel-windows-ix86+x86_64