CRAN Package Check Results for Package hexbin

Last updated on 2015-09-04 14:47:02.

Flavor Version Tinstall Tcheck Ttotal Status Flags
r-devel-linux-x86_64-debian-clang 1.27.1 1.84 37.28 39.12 OK
r-devel-linux-x86_64-debian-gcc 1.27.1 1.70 35.86 37.56 OK
r-devel-linux-x86_64-fedora-clang 1.27.1 75.04 OK
r-devel-linux-x86_64-fedora-gcc 1.27.1 71.89 OK
r-devel-osx-x86_64-clang 1.27.1 63.22 OK
r-devel-windows-ix86+x86_64 1.27.1 9.00 105.00 114.00 OK
r-patched-linux-x86_64 1.27.1 1.85 36.86 38.72 OK
r-patched-solaris-sparc 1.27.1 456.30 OK
r-patched-solaris-x86 1.27.1 97.80 OK
r-release-linux-x86_64 1.27.1 1.92 37.10 39.01 OK
r-release-osx-x86_64-mavericks 1.27.1 WARN
r-release-windows-ix86+x86_64 1.27.1 14.00 70.00 84.00 OK
r-oldrel-windows-ix86+x86_64 1.27.1 13.00 89.00 102.00 OK

Check Details

Version: 1.27.1
Check: package dependencies
Result: NOTE
    Package suggested but not available for checking: ‘marray’
Flavor: r-release-osx-x86_64-mavericks

Version: 1.27.1
Check: running R code from vignettes
Result: WARN
    Errors in running code in vignettes:
    when running code in ‘hexagon_binning.Rnw’
     ...
    + shape = shape)
    
    > hdiffplot(erode(hbF, cdfcut = 0.25), erode(hbM, cdfcut = 0.25),
    + unzoom = 1.3)
    
    > library("marray")
    
     When sourcing ‘hexagon_binning.R’:
    Error: there is no package called ‘marray’
    Execution halted
Flavor: r-release-osx-x86_64-mavericks

Version: 1.27.1
Check: re-building of vignette outputs
Result: NOTE
    Error in re-building vignettes:
     ...
    
    Error: processing vignette 'hexagon_binning.Rnw' failed with diagnostics:
     chunk 10 (label = marray1)
    Error in library("marray") : there is no package called ‘marray’
    Execution halted
Flavor: r-release-osx-x86_64-mavericks