CRAN Package Check Results for Package hexbin

Last updated on 2014-10-30 14:47:25.

Flavor Version Tinstall Tcheck Ttotal Status Flags
r-devel-linux-x86_64-debian-clang 1.27.0 1.94 39.12 41.06 NOTE
r-devel-linux-x86_64-debian-gcc 1.27.0 1.85 38.46 40.31 NOTE
r-devel-linux-x86_64-fedora-clang 1.27.0 96.75 NOTE
r-devel-linux-x86_64-fedora-gcc 1.27.0 85.86 NOTE
r-devel-osx-x86_64-clang 1.27.0 73.17 NOTE
r-devel-windows-ix86+x86_64 1.27.0 9.00 64.00 73.00 NOTE
r-patched-linux-x86_64 1.27.0 1.83 42.77 44.60 NOTE
r-patched-solaris-sparc 1.27.0 459.70 NOTE
r-patched-solaris-x86 1.27.0 108.50 NOTE
r-release-linux-ix86 1.27.0 2.65 51.99 54.64 OK
r-release-linux-x86_64 1.27.0 2.03 41.54 43.58 OK
r-release-osx-x86_64-mavericks 1.27.0 WARN
r-release-osx-x86_64-snowleopard 1.27.0 WARN
r-release-windows-ix86+x86_64 1.27.0 9.00 72.00 81.00 OK
r-oldrel-windows-ix86+x86_64 1.27.0 9.00 78.00 87.00 OK

Check Details

Version: 1.27.0
Check: R code for possible problems
Result: NOTE
    plotMAhex: no visible global function definition for ‘maA’
    plotMAhex: no visible global function definition for ‘maM’
    plotMAhex: no visible global function definition for ‘maW’
    plotMAhex: no visible global function definition for ‘MA.RG’
    plotMAhex: no visible global function definition for ‘exprs’
Flavors: r-devel-linux-x86_64-debian-clang, r-devel-linux-x86_64-debian-gcc, r-devel-linux-x86_64-fedora-clang, r-devel-linux-x86_64-fedora-gcc, r-devel-osx-x86_64-clang, r-devel-windows-ix86+x86_64, r-patched-linux-x86_64, r-patched-solaris-sparc, r-patched-solaris-x86

Version: 1.27.0
Check: package dependencies
Result: NOTE
    Package suggested but not available for checking: ‘marray’
Flavors: r-release-osx-x86_64-mavericks, r-release-osx-x86_64-snowleopard

Version: 1.27.0
Check: R code for possible problems
Result: NOTE
    plotMAhex: no visible global function definition for ‘maA’
    plotMAhex: no visible global function definition for ‘maM’
    plotMAhex: no visible global function definition for ‘maW’
    plotMAhex: no visible global function definition for ‘MA.RG’
Flavors: r-release-osx-x86_64-mavericks, r-release-osx-x86_64-snowleopard

Version: 1.27.0
Check: running R code from vignettes
Result: WARN
    Errors in running code in vignettes:
    when running code in ‘hexagon_binning.Rnw’
     ...
    > hdiffplot(erode(hbF, cdfcut = 0.25), erode(hbM, cdfcut = 0.25),
    + unzoom = 1.3)
    Warning in if (nchar(main) > 0) grid.text(main, y = unit(1, "npc") + unit(1.5, :
     the condition has length > 1 and only the first element will be used
    
    > library("marray")
    
     When sourcing ‘hexagon_binning.R’:
    Error: there is no package called ‘marray’
    Execution halted
Flavors: r-release-osx-x86_64-mavericks, r-release-osx-x86_64-snowleopard

Version: 1.27.0
Check: re-building of vignette outputs
Result: NOTE
    Error in re-building vignettes:
     ...
    Warning in if (nchar(main) > 0) grid.text(main, y = unit(1, "npc") + unit(1.5, :
     the condition has length > 1 and only the first element will be used
    
    Error: processing vignette 'hexagon_binning.Rnw' failed with diagnostics:
     chunk 9 (label = marray1)
    Error in library("marray") : there is no package called ‘marray’
    Execution halted
Flavors: r-release-osx-x86_64-mavericks, r-release-osx-x86_64-snowleopard