CRAN Package Check Results for Package hexbin

Last updated on 2017-02-19 14:51:58.

Flavor Version Tinstall Tcheck Ttotal Status Flags
r-devel-linux-x86_64-debian-clang 1.27.1 2.11 41.68 43.79 NOTE
r-devel-linux-x86_64-debian-gcc 1.27.1 2.04 41.61 43.65 NOTE
r-devel-linux-x86_64-fedora-clang 1.27.1 80.01 NOTE --no-stop-on-test-error
r-devel-linux-x86_64-fedora-gcc 1.27.1 77.38 NOTE --no-stop-on-test-error
r-devel-macos-x86_64-clang 1.27.1 61.44 NOTE --no-stop-on-test-error
r-devel-windows-ix86+x86_64 1.27.1 12.00 133.00 145.00 OK
r-patched-linux-x86_64 1.27.1 1.82 36.13 37.96 OK
r-patched-solaris-sparc 1.27.1 401.60 OK
r-patched-solaris-x86 1.27.1 81.30 OK
r-release-linux-x86_64 1.27.1 1.79 34.37 36.15 OK
r-release-osx-x86_64-mavericks 1.27.1 OK
r-release-windows-ix86+x86_64 1.27.1 8.00 84.00 92.00 OK
r-oldrel-windows-ix86+x86_64 1.27.1 18.00 111.00 129.00 OK

Check Details

Version: 1.27.1
Check: compiled code
Result: NOTE
    File ‘hexbin/libs/hexbin.so’:
     Found no calls to: ‘R_registerRoutines’, ‘R_useDynamicSymbols’
    
    It is good practice to register native routines and to disable symbol
    search.
    
    See ‘Writing portable packages’ in the ‘Writing R Extensions’ manual.
Flavors: r-devel-linux-x86_64-debian-clang, r-devel-linux-x86_64-debian-gcc

Version: 1.27.1
Flags: --no-stop-on-test-error
Check: compiled code
Result: NOTE
    File ‘hexbin/libs/hexbin.so’:
     Found no calls to: ‘R_registerRoutines’, ‘R_useDynamicSymbols’
    
    It is good practice to register native routines and to disable symbol
    search.
    
    See ‘Writing portable packages’ in the ‘Writing R Extensions’ manual.
Flavors: r-devel-linux-x86_64-fedora-clang, r-devel-linux-x86_64-fedora-gcc, r-devel-macos-x86_64-clang