CRAN Package Check Results for Package hexbin

Last updated on 2015-08-04 21:47:04.

Flavor Version Tinstall Tcheck Ttotal Status Flags
r-devel-linux-x86_64-debian-clang 1.27.0 1.86 36.44 38.30 NOTE
r-devel-linux-x86_64-debian-gcc 1.27.0 1.81 36.44 38.25 NOTE
r-devel-linux-x86_64-fedora-clang 1.27.0 76.76 NOTE
r-devel-linux-x86_64-fedora-gcc 1.27.0 73.87 NOTE
r-devel-osx-x86_64-clang 1.27.0 61.43 NOTE
r-devel-windows-ix86+x86_64 1.27.0 16.00 107.00 123.00 NOTE
r-patched-linux-x86_64 1.27.0 1.88 33.74 35.62 NOTE
r-patched-solaris-sparc 1.27.0 444.90 NOTE
r-patched-solaris-x86 1.27.0 94.50 NOTE
r-release-linux-x86_64 1.27.0 1.74 35.73 37.47 NOTE
r-release-osx-x86_64-mavericks 1.27.0 WARN
r-release-windows-ix86+x86_64 1.27.0 13.00 80.00 93.00 NOTE
r-oldrel-windows-ix86+x86_64 1.27.0 13.00 86.00 99.00 NOTE

Check Details

Version: 1.27.0
Check: dependencies in R code
Result: NOTE
    'library' or 'require' calls in package code:
     ‘Biobase’ ‘affy’
     Please use :: or requireNamespace() instead.
     See section 'Suggested packages' in the 'Writing R Extensions' manual.
Flavors: r-devel-linux-x86_64-debian-clang, r-devel-linux-x86_64-debian-gcc, r-devel-linux-x86_64-fedora-clang, r-devel-linux-x86_64-fedora-gcc, r-devel-osx-x86_64-clang, r-devel-windows-ix86+x86_64, r-patched-linux-x86_64, r-patched-solaris-sparc, r-patched-solaris-x86, r-release-linux-x86_64, r-release-osx-x86_64-mavericks, r-release-windows-ix86+x86_64, r-oldrel-windows-ix86+x86_64

Version: 1.27.0
Check: R code for possible problems
Result: NOTE
    plotMAhex: no visible global function definition for ‘maA’
    plotMAhex: no visible global function definition for ‘maM’
    plotMAhex: no visible global function definition for ‘maW’
    plotMAhex: no visible global function definition for ‘MA.RG’
    plotMAhex: no visible global function definition for ‘exprs’
    Undefined global functions or variables:
     MA.RG exprs maA maM maW
Flavors: r-devel-linux-x86_64-debian-clang, r-devel-linux-x86_64-debian-gcc, r-devel-linux-x86_64-fedora-clang, r-devel-linux-x86_64-fedora-gcc, r-devel-osx-x86_64-clang, r-devel-windows-ix86+x86_64

Version: 1.27.0
Check: re-building of vignette outputs
Result: NOTE
    Error in re-building vignettes:
     ...
    Error in texi2dvi(file = file, pdf = TRUE, clean = clean, quiet = quiet, :
     Running ‘texi2dvi’ on ‘hexagon_binning.tex’ failed.
    LaTeX errors:
    ! LaTeX Error: Unknown float option `H'.
    
    See the LaTeX manual or LaTeX Companion for explanation.
    Type H <return> for immediate help.
     ...
    ! LaTeX Error: Unknown float option `H'.
    
    See the LaTeX manual or LaTeX Companion for explanation.
    Type H <return> for immediate help.
     ...
    ! LaTeX Error: Unknown float option `H'.
    
    See the LaTeX manual or LaTeX Companion for explanation.
    Type H <return> for immediate help.
     ...
    ! LaTeX Error: Unknown float option `H'.
    
    See the LaTeX manual or LaTeX Companion for explanation.
    Type H <return> for immediate help.
     ...
    Calls: buildVignettes -> texi2pdf -> texi2dvi
    Execution halted
Flavors: r-devel-linux-x86_64-debian-clang, r-devel-linux-x86_64-debian-gcc, r-devel-linux-x86_64-fedora-clang, r-devel-linux-x86_64-fedora-gcc, r-devel-osx-x86_64-clang, r-patched-linux-x86_64, r-patched-solaris-sparc, r-patched-solaris-x86, r-release-linux-x86_64

Version: 1.27.0
Check: R code for possible problems
Result: NOTE
    plotMAhex: no visible global function definition for ‘maA’
    plotMAhex: no visible global function definition for ‘maM’
    plotMAhex: no visible global function definition for ‘maW’
    plotMAhex: no visible global function definition for ‘MA.RG’
    plotMAhex: no visible global function definition for ‘exprs’
Flavors: r-patched-linux-x86_64, r-patched-solaris-sparc, r-patched-solaris-x86, r-release-linux-x86_64, r-release-osx-x86_64-mavericks, r-release-windows-ix86+x86_64, r-oldrel-windows-ix86+x86_64

Version: 1.27.0
Check: package dependencies
Result: NOTE
    Package suggested but not available for checking: ‘marray’
Flavor: r-release-osx-x86_64-mavericks

Version: 1.27.0
Check: running R code from vignettes
Result: WARN
    Errors in running code in vignettes:
    when running code in ‘hexagon_binning.Rnw’
     ...
    > hdiffplot(erode(hbF, cdfcut = 0.25), erode(hbM, cdfcut = 0.25),
    + unzoom = 1.3)
    Warning in if (nchar(main) > 0) grid.text(main, y = unit(1, "npc") + unit(1.5, :
     the condition has length > 1 and only the first element will be used
    
    > library("marray")
    
     When sourcing ‘hexagon_binning.R’:
    Error: there is no package called ‘marray’
    Execution halted
Flavor: r-release-osx-x86_64-mavericks

Version: 1.27.0
Check: re-building of vignette outputs
Result: NOTE
    Error in re-building vignettes:
     ...
    Warning in if (nchar(main) > 0) grid.text(main, y = unit(1, "npc") + unit(1.5, :
     the condition has length > 1 and only the first element will be used
    
    Error: processing vignette 'hexagon_binning.Rnw' failed with diagnostics:
     chunk 9 (label = marray1)
    Error in library("marray") : there is no package called ‘marray’
    Execution halted
Flavor: r-release-osx-x86_64-mavericks