CRAN Package Check Results for Package hgam

Last updated on 2015-07-01 16:47:24.

Flavor Version Tinstall Tcheck Ttotal Status Flags
r-devel-linux-x86_64-debian-clang 0.1-2 0.72 15.25 15.96 NOTE
r-devel-linux-x86_64-debian-gcc 0.1-2 0.70 14.74 15.44 NOTE
r-devel-linux-x86_64-fedora-clang 0.1-2 33.80 NOTE
r-devel-linux-x86_64-fedora-gcc 0.1-2 34.91 NOTE
r-devel-osx-x86_64-clang 0.1-2 29.63 NOTE
r-devel-windows-ix86+x86_64 0.1-2 5.00 27.00 32.00 NOTE
r-patched-linux-x86_64 0.1-2 0.74 15.33 16.08 NOTE
r-patched-solaris-sparc 0.1-2 222.70 NOTE
r-patched-solaris-x86 0.1-2 50.90 NOTE
r-release-linux-x86_64 0.1-2 0.93 15.50 16.43 NOTE
r-release-osx-x86_64-mavericks 0.1-2 NOTE
r-release-windows-ix86+x86_64 0.1-2 4.00 27.00 31.00 NOTE
r-oldrel-windows-ix86+x86_64 0.1-2 6.00 31.00 37.00 NOTE

Check Details

Version: 0.1-2
Check: dependencies in R code
Result: NOTE
    Packages in Depends field not imported from:
     ‘grplasso’ ‘lattice’ ‘rgl’ ‘splines’
     These packages need to be imported from (in the NAMESPACE file)
     for when this namespace is loaded but not attached.
Flavors: r-devel-linux-x86_64-debian-clang, r-devel-linux-x86_64-debian-gcc, r-devel-linux-x86_64-fedora-clang, r-devel-linux-x86_64-fedora-gcc, r-devel-osx-x86_64-clang, r-devel-windows-ix86+x86_64, r-patched-linux-x86_64, r-patched-solaris-sparc, r-patched-solaris-x86, r-release-linux-x86_64, r-release-osx-x86_64-mavericks, r-release-windows-ix86+x86_64, r-oldrel-windows-ix86+x86_64

Version: 0.1-2
Check: R code for possible problems
Result: NOTE
    Btilde: no visible global function definition for ‘bs’
    dgp: no visible global function definition for ‘runif’
    dgp: no visible global function definition for ‘rnorm’
    fitted.hgam: no visible global function definition for ‘predict’
    hgam: no visible global function definition for ‘LinReg’
    hgam: no visible global function definition for ‘model.frame’
    hgam: no visible global function definition for ‘model.response’
    hgam.fit: no visible global function definition for ‘LinReg’
    hgam.fit: no visible binding for global variable ‘quantile’
    hgam.fit: no visible global function definition for ‘grplasso’
    hgam.fit: no visible global function definition for ‘grpl.control’
    hrisk: no visible binding for global variable ‘mclapply’
    hrisk: no visible global function definition for ‘coef’
    hrisk: no visible global function definition for ‘rmultinom’
    hrisk : <anonymous>: no visible global function definition for
     ‘lambdamax’
    hrisk : <anonymous>: no visible global function definition for ‘fitted’
    logLik.hgam: no visible global function definition for ‘fitted’
    plot.hgam: no visible global function definition for ‘coef’
    plot.hgam: no visible global function definition for ‘predict’
    plot.hgam : <anonymous>: no visible global function definition for
     ‘predict’
    plot.hrisk: no visible global function definition for ‘plot3d’
    plot.hrisk: no visible global function definition for ‘levelplot’
    predict.hgam: no visible global function definition for ‘coef’
    print.hgam: no visible global function definition for ‘coef’
    print.summary.hgam: no visible global function definition for
     ‘printCoefmat’
    residuals.hgam: no visible global function definition for ‘fitted’
    summary.hgam: no visible global function definition for ‘residuals’
Flavors: r-devel-linux-x86_64-debian-clang, r-devel-linux-x86_64-debian-gcc, r-devel-linux-x86_64-fedora-clang, r-devel-linux-x86_64-fedora-gcc, r-devel-windows-ix86+x86_64

Version: 0.1-2
Check: R code for possible problems
Result: NOTE
    Btilde: no visible global function definition for ‘bs’
    hgam: no visible global function definition for ‘LinReg’
    hgam.fit: no visible global function definition for ‘LinReg’
    hgam.fit: no visible global function definition for ‘grplasso’
    hgam.fit: no visible global function definition for ‘grpl.control’
    hrisk: no visible binding for global variable ‘mclapply’
    hrisk : <anonymous>: no visible global function definition for
     ‘lambdamax’
    plot.hrisk: no visible global function definition for ‘plot3d’
    plot.hrisk: no visible global function definition for ‘levelplot’
Flavors: r-devel-osx-x86_64-clang, r-patched-linux-x86_64, r-patched-solaris-sparc, r-patched-solaris-x86, r-release-linux-x86_64, r-release-osx-x86_64-mavericks, r-release-windows-ix86+x86_64, r-oldrel-windows-ix86+x86_64