CRAN Package Check Results for Package hgam

Last updated on 2014-08-23 13:47:57.

Flavor Version Tinstall Tcheck Ttotal Status Flags
r-devel-linux-x86_64-debian-clang 0.1-2 0.89 17.04 17.93 NOTE
r-devel-linux-x86_64-debian-gcc 0.1-2 0.96 16.70 17.66 NOTE
r-devel-linux-x86_64-fedora-clang 0.1-2 40.91 NOTE
r-devel-linux-x86_64-fedora-gcc 0.1-2 37.55 NOTE
r-devel-osx-x86_64-clang 0.1-2 36.34 NOTE
r-devel-windows-ix86+x86_64 0.1-2 3.00 26.00 29.00 NOTE
r-patched-linux-x86_64 0.1-2 0.86 17.41 18.28 NOTE
r-patched-solaris-sparc 0.1-2 241.50 NOTE
r-patched-solaris-x86 0.1-2 57.90 NOTE
r-release-linux-ix86 0.1-2 1.28 27.26 28.54 NOTE
r-release-linux-x86_64 0.1-2 0.90 17.82 18.72 NOTE
r-release-osx-x86_64-mavericks 0.1-2 NOTE
r-release-osx-x86_64-snowleopard 0.1-2 OK
r-release-windows-ix86+x86_64 0.1-2 5.00 29.00 34.00 NOTE
r-oldrel-windows-ix86+x86_64 0.1-2 4.00 30.00 34.00 NOTE

Check Details

Version: 0.1-2
Check: dependencies in R code
Result: NOTE
    Packages in Depends field not imported from:
     ‘grplasso’ ‘lattice’ ‘rgl’ ‘splines’
     These packages need to be imported from (in the NAMESPACE file)
     for when this namespace is loaded but not attached.
    See the information on DESCRIPTION files in the chapter ‘Creating R
    packages’ of the ‘Writing R Extensions’ manual.
Flavors: r-devel-linux-x86_64-debian-clang, r-devel-linux-x86_64-debian-gcc, r-devel-linux-x86_64-fedora-clang, r-devel-linux-x86_64-fedora-gcc, r-devel-osx-x86_64-clang, r-devel-windows-ix86+x86_64, r-patched-linux-x86_64, r-patched-solaris-sparc, r-patched-solaris-x86

Version: 0.1-2
Check: R code for possible problems
Result: NOTE
    Btilde: no visible global function definition for ‘bs’
    hgam: no visible global function definition for ‘LinReg’
    hgam.fit: no visible global function definition for ‘LinReg’
    hgam.fit: no visible global function definition for ‘grplasso’
    hgam.fit: no visible global function definition for ‘grpl.control’
    hrisk: no visible binding for global variable ‘mclapply’
    hrisk : <anonymous>: no visible global function definition for
     ‘lambdamax’
    plot.hrisk: no visible global function definition for ‘plot3d’
    plot.hrisk: no visible global function definition for ‘levelplot’
Flavors: r-devel-linux-x86_64-debian-clang, r-devel-linux-x86_64-debian-gcc, r-devel-linux-x86_64-fedora-clang, r-devel-linux-x86_64-fedora-gcc, r-devel-osx-x86_64-clang

Version: 0.1-2
Check: dependencies in R code
Result: NOTE
    Packages in Depends field not imported from:
     ‘grplasso’ ‘lattice’ ‘rgl’
     These packages need to be imported from (in the NAMESPACE file)
     for when this namespace is loaded but not attached.
    See the information on DESCRIPTION files in the chapter ‘Creating R
    packages’ of the ‘Writing R Extensions’ manual.
Flavors: r-release-linux-ix86, r-release-linux-x86_64, r-release-osx-x86_64-mavericks, r-release-windows-ix86+x86_64, r-oldrel-windows-ix86+x86_64