CRAN Package Check Results for Package hgam

Last updated on 2014-07-23 08:49:48.

Flavor Version Tinstall Tcheck Ttotal Status Flags
r-devel-linux-x86_64-debian-clang 0.1-2 0.77 16.94 17.71 NOTE
r-devel-linux-x86_64-debian-gcc 0.1-2 0.85 16.90 17.75 NOTE
r-devel-linux-x86_64-fedora-clang 0.1-2 43.42 NOTE
r-devel-linux-x86_64-fedora-gcc 0.1-2 41.23 NOTE
r-devel-osx-x86_64-clang 0.1-2 37.48 NOTE
r-devel-windows-ix86+x86_64 0.1-2 3.00 28.00 31.00 NOTE
r-patched-linux-x86_64 0.1-2 0.85 17.04 17.89 NOTE
r-patched-solaris-sparc 0.1-2 225.00 NOTE
r-patched-solaris-x86 0.1-2 54.00 NOTE
r-release-linux-ix86 0.1-2 1.26 27.03 28.29 NOTE
r-release-linux-x86_64 0.1-2 0.85 17.76 18.61 NOTE
r-release-osx-x86_64-mavericks 0.1-2 NOTE
r-release-osx-x86_64-snowleopard 0.1-2 OK
r-release-windows-ix86+x86_64 0.1-2 4.00 27.00 31.00 NOTE
r-oldrel-windows-ix86+x86_64 0.1-2 4.00 30.00 34.00 NOTE

Check Details

Version: 0.1-2
Check: dependencies in R code
Result: NOTE
    Packages in Depends field not imported from:
     ‘grplasso’ ‘lattice’ ‘rgl’
     These packages need to be imported from (in the NAMESPACE file)
     for when this namespace is loaded but not attached.
    See the information on DESCRIPTION files in the chapter ‘Creating R
    packages’ of the ‘Writing R Extensions’ manual.
Flavors: r-devel-linux-x86_64-debian-clang, r-devel-linux-x86_64-debian-gcc, r-devel-linux-x86_64-fedora-clang, r-devel-linux-x86_64-fedora-gcc, r-devel-osx-x86_64-clang, r-devel-windows-ix86+x86_64, r-patched-linux-x86_64, r-patched-solaris-sparc, r-patched-solaris-x86, r-release-linux-ix86, r-release-linux-x86_64, r-release-osx-x86_64-mavericks, r-release-windows-ix86+x86_64, r-oldrel-windows-ix86+x86_64