CRAN Package Check Results for Package hgam

Last updated on 2015-03-02 19:52:16.

Flavor Version Tinstall Tcheck Ttotal Status Flags
r-devel-linux-x86_64-debian-clang 0.1-2 1.09 15.35 16.44 NOTE
r-devel-linux-x86_64-debian-gcc 0.1-2 0.74 14.90 15.64 NOTE
r-devel-linux-x86_64-fedora-clang 0.1-2 35.29 NOTE
r-devel-linux-x86_64-fedora-gcc 0.1-2 32.06 NOTE
r-devel-osx-x86_64-clang 0.1-2 31.78 NOTE
r-devel-windows-ix86+x86_64 0.1-2 7.00 38.00 45.00 NOTE
r-patched-linux-x86_64 0.1-2 0.86 18.02 18.88 NOTE
r-patched-solaris-sparc 0.1-2 235.30 NOTE
r-patched-solaris-x86 0.1-2 59.70 NOTE
r-release-linux-ix86 0.1-2 1.92 26.24 28.16 NOTE
r-release-linux-x86_64 0.1-2 1.03 17.31 18.34 NOTE
r-release-osx-x86_64-mavericks 0.1-2 NOTE
r-release-osx-x86_64-snowleopard 0.1-2 OK
r-release-windows-ix86+x86_64 0.1-2 7.00 29.00 36.00 NOTE
r-oldrel-windows-ix86+x86_64 0.1-2 4.00 31.00 35.00 NOTE

Check Details

Version: 0.1-2
Check: dependencies in R code
Result: NOTE
    Packages in Depends field not imported from:
     ‘grplasso’ ‘lattice’ ‘rgl’ ‘splines’
     These packages need to be imported from (in the NAMESPACE file)
     for when this namespace is loaded but not attached.
Flavors: r-devel-linux-x86_64-debian-clang, r-devel-linux-x86_64-debian-gcc, r-devel-linux-x86_64-fedora-clang, r-devel-linux-x86_64-fedora-gcc, r-devel-osx-x86_64-clang, r-devel-windows-ix86+x86_64, r-patched-linux-x86_64, r-patched-solaris-x86

Version: 0.1-2
Check: R code for possible problems
Result: NOTE
    Btilde: no visible global function definition for ‘bs’
    hgam: no visible global function definition for ‘LinReg’
    hgam.fit: no visible global function definition for ‘LinReg’
    hgam.fit: no visible global function definition for ‘grplasso’
    hgam.fit: no visible global function definition for ‘grpl.control’
    hrisk: no visible binding for global variable ‘mclapply’
    hrisk : <anonymous>: no visible global function definition for
     ‘lambdamax’
    plot.hrisk: no visible global function definition for ‘plot3d’
    plot.hrisk: no visible global function definition for ‘levelplot’
Flavors: r-devel-linux-x86_64-debian-clang, r-devel-linux-x86_64-debian-gcc, r-devel-linux-x86_64-fedora-clang, r-devel-linux-x86_64-fedora-gcc, r-devel-osx-x86_64-clang, r-devel-windows-ix86+x86_64, r-patched-linux-x86_64, r-patched-solaris-sparc, r-patched-solaris-x86, r-release-linux-ix86, r-release-linux-x86_64, r-release-osx-x86_64-mavericks, r-release-windows-ix86+x86_64

Version: 0.1-2
Check: dependencies in R code
Result: NOTE
    Packages in Depends field not imported from:
     ‘grplasso’ ‘lattice’ ‘rgl’ ‘splines’
     These packages need to be imported from (in the NAMESPACE file)
     for when this namespace is loaded but not attached.
    See the information on DESCRIPTION files in the chapter ‘Creating R
    packages’ of the ‘Writing R Extensions’ manual.
Flavors: r-patched-solaris-sparc, r-release-linux-ix86, r-release-linux-x86_64, r-release-osx-x86_64-mavericks, r-release-windows-ix86+x86_64

Version: 0.1-2
Check: dependencies in R code
Result: NOTE
    Packages in Depends field not imported from:
     'grplasso' 'lattice' 'rgl'
     These packages need to be imported from (in the NAMESPACE file)
     for when this namespace is loaded but not attached.
    See the information on DESCRIPTION files in the chapter 'Creating R
    packages' of the 'Writing R Extensions' manual.
Flavor: r-oldrel-windows-ix86+x86_64