CRAN Package Check Results for Package hgam

Last updated on 2014-09-01 11:48:56.

Flavor Version Tinstall Tcheck Ttotal Status Flags
r-devel-linux-x86_64-debian-clang 0.1-2 0.81 16.69 17.50 NOTE
r-devel-linux-x86_64-debian-gcc 0.1-2 0.79 16.93 17.72 NOTE
r-devel-linux-x86_64-fedora-clang 0.1-2 42.18 NOTE
r-devel-linux-x86_64-fedora-gcc 0.1-2 37.69 NOTE
r-devel-osx-x86_64-clang 0.1-2 35.14 NOTE
r-devel-windows-ix86+x86_64 0.1-2 4.00 28.00 32.00 NOTE
r-patched-linux-x86_64 0.1-2 0.87 17.58 18.44 NOTE
r-patched-solaris-sparc 0.1-2 241.50 NOTE
r-patched-solaris-x86 0.1-2 57.90 NOTE
r-release-linux-ix86 0.1-2 1.29 27.23 28.52 NOTE
r-release-linux-x86_64 0.1-2 1.15 17.68 18.83 NOTE
r-release-osx-x86_64-mavericks 0.1-2 NOTE
r-release-osx-x86_64-snowleopard 0.1-2 OK
r-release-windows-ix86+x86_64 0.1-2 4.00 30.00 34.00 NOTE
r-oldrel-windows-ix86+x86_64 0.1-2 5.00 29.00 34.00 NOTE

Check Details

Version: 0.1-2
Check: dependencies in R code
Result: NOTE
    Packages in Depends field not imported from:
     ‘grplasso’ ‘lattice’ ‘rgl’ ‘splines’
     These packages need to be imported from (in the NAMESPACE file)
     for when this namespace is loaded but not attached.
    See the information on DESCRIPTION files in the chapter ‘Creating R
    packages’ of the ‘Writing R Extensions’ manual.
Flavors: r-devel-linux-x86_64-debian-clang, r-devel-linux-x86_64-debian-gcc, r-devel-linux-x86_64-fedora-clang, r-devel-linux-x86_64-fedora-gcc, r-devel-osx-x86_64-clang, r-devel-windows-ix86+x86_64, r-patched-linux-x86_64, r-patched-solaris-sparc, r-patched-solaris-x86

Version: 0.1-2
Check: R code for possible problems
Result: NOTE
    Btilde: no visible global function definition for ‘bs’
    hgam: no visible global function definition for ‘LinReg’
    hgam.fit: no visible global function definition for ‘LinReg’
    hgam.fit: no visible global function definition for ‘grplasso’
    hgam.fit: no visible global function definition for ‘grpl.control’
    hrisk: no visible binding for global variable ‘mclapply’
    hrisk : <anonymous>: no visible global function definition for
     ‘lambdamax’
    plot.hrisk: no visible global function definition for ‘plot3d’
    plot.hrisk: no visible global function definition for ‘levelplot’
Flavors: r-devel-linux-x86_64-debian-clang, r-devel-linux-x86_64-debian-gcc, r-devel-linux-x86_64-fedora-clang, r-devel-linux-x86_64-fedora-gcc, r-devel-osx-x86_64-clang, r-devel-windows-ix86+x86_64

Version: 0.1-2
Check: dependencies in R code
Result: NOTE
    Packages in Depends field not imported from:
     ‘grplasso’ ‘lattice’ ‘rgl’
     These packages need to be imported from (in the NAMESPACE file)
     for when this namespace is loaded but not attached.
    See the information on DESCRIPTION files in the chapter ‘Creating R
    packages’ of the ‘Writing R Extensions’ manual.
Flavors: r-release-linux-ix86, r-release-linux-x86_64, r-release-osx-x86_64-mavericks, r-release-windows-ix86+x86_64, r-oldrel-windows-ix86+x86_64