CRAN Package Check Results for Package hgam

Last updated on 2014-04-24 17:49:45.

Flavor Version Tinstall Tcheck Ttotal Status Flags
r-devel-linux-x86_64-debian-clang 0.1-2 0.88 18.08 18.96 NOTE
r-devel-linux-x86_64-debian-gcc 0.1-2 0.86 18.02 18.87 NOTE
r-devel-linux-x86_64-fedora-clang 0.1-2 41.61 NOTE
r-devel-linux-x86_64-fedora-gcc 0.1-2 41.10 NOTE
r-devel-osx-x86_64-clang 0.1-2 35.24 NOTE
r-devel-osx-x86_64-gcc 0.1-2 NOTE
r-devel-windows-ix86+x86_64 0.1-2 3.00 29.00 32.00 NOTE
r-patched-linux-x86_64 0.1-2 0.86 18.08 18.94 NOTE
r-patched-solaris-sparc 0.1-2 225.00 NOTE
r-patched-solaris-x86 0.1-2 55.70 NOTE
r-release-linux-ix86 0.1-2 1.00 38.00 39.00 NOTE
r-release-linux-x86_64 0.1-2 0.87 18.31 19.18 NOTE
r-release-osx-x86_64-mavericks 0.1-2 WARN
r-release-osx-x86_64-snowleopard 0.1-2 OK
r-release-windows-ix86+x86_64 0.1-2 4.00 29.00 33.00 NOTE
r-oldrel-windows-ix86+x86_64 0.1-2 5.00 33.00 38.00 NOTE

Check Details

Version: 0.1-2
Check: dependencies in R code
Result: NOTE
    Packages in Depends field not imported from:
     ‘grplasso’ ‘lattice’ ‘rgl’
     These packages need to be imported from (in the NAMESPACE file)
     for when this namespace is loaded but not attached.
    See the information on DESCRIPTION files in the chapter ‘Creating R
    packages’ of the ‘Writing R Extensions’ manual.
Flavors: r-devel-linux-x86_64-debian-clang, r-devel-linux-x86_64-debian-gcc, r-devel-linux-x86_64-fedora-clang, r-devel-linux-x86_64-fedora-gcc, r-devel-osx-x86_64-clang, r-devel-osx-x86_64-gcc, r-devel-windows-ix86+x86_64, r-patched-linux-x86_64, r-patched-solaris-sparc, r-patched-solaris-x86, r-release-linux-ix86, r-release-linux-x86_64, r-release-osx-x86_64-mavericks, r-release-windows-ix86+x86_64, r-oldrel-windows-ix86+x86_64

Version: 0.1-2
Check: PDF version of manual
Result: WARNING
    LaTeX errors when creating PDF version.
    This typically indicates Rd problems.
    LaTeX errors found:
    ! LaTeX Error: File `upquote.sty' not found.
    
    Type X to quit or <RETURN> to proceed,
    or enter new name. (Default extension: sty)
    
    5ef60af9/Rd2.tex:8: ==> Fatal error occurred, no output PDF file produced!
Flavor: r-release-osx-x86_64-mavericks