CRAN Package Check Results for Package hgam

Last updated on 2014-11-27 11:55:44.

Flavor Version Tinstall Tcheck Ttotal Status Flags
r-devel-linux-x86_64-debian-clang 0.1-2 0.81 17.48 18.29 NOTE
r-devel-linux-x86_64-debian-gcc 0.1-2 0.80 16.88 17.68 NOTE
r-devel-linux-x86_64-fedora-clang 0.1-2 45.09 NOTE
r-devel-linux-x86_64-fedora-gcc 0.1-2 51.25 NOTE
r-devel-osx-x86_64-clang 0.1-2 35.69 NOTE
r-devel-windows-ix86+x86_64 0.1-2 3.00 27.00 30.00 NOTE
r-patched-linux-x86_64 0.1-2 0.83 17.45 18.28 NOTE
r-patched-solaris-sparc 0.1-2 222.30 NOTE
r-patched-solaris-x86 0.1-2 56.00 NOTE
r-release-linux-ix86 0.1-2 1.18 25.72 26.90 NOTE
r-release-linux-x86_64 0.1-2 0.83 17.15 17.98 NOTE
r-release-osx-x86_64-mavericks 0.1-2 NOTE
r-release-osx-x86_64-snowleopard 0.1-2 OK
r-release-windows-ix86+x86_64 0.1-2 4.00 27.00 31.00 NOTE
r-oldrel-windows-ix86+x86_64 0.1-2 4.00 32.00 36.00 NOTE

Check Details

Version: 0.1-2
Check: dependencies in R code
Result: NOTE
    Packages in Depends field not imported from:
     ‘grplasso’ ‘lattice’ ‘rgl’ ‘splines’
     These packages need to be imported from (in the NAMESPACE file)
     for when this namespace is loaded but not attached.
    See the information on DESCRIPTION files in the chapter ‘Creating R
    packages’ of the ‘Writing R Extensions’ manual.
Flavors: r-devel-linux-x86_64-debian-clang, r-devel-linux-x86_64-debian-gcc, r-devel-linux-x86_64-fedora-clang, r-devel-linux-x86_64-fedora-gcc, r-devel-osx-x86_64-clang, r-devel-windows-ix86+x86_64, r-patched-linux-x86_64, r-patched-solaris-sparc, r-patched-solaris-x86, r-release-linux-ix86, r-release-linux-x86_64, r-release-windows-ix86+x86_64

Version: 0.1-2
Check: R code for possible problems
Result: NOTE
    Btilde: no visible global function definition for ‘bs’
    hgam: no visible global function definition for ‘LinReg’
    hgam.fit: no visible global function definition for ‘LinReg’
    hgam.fit: no visible global function definition for ‘grplasso’
    hgam.fit: no visible global function definition for ‘grpl.control’
    hrisk: no visible binding for global variable ‘mclapply’
    hrisk : <anonymous>: no visible global function definition for
     ‘lambdamax’
    plot.hrisk: no visible global function definition for ‘plot3d’
    plot.hrisk: no visible global function definition for ‘levelplot’
Flavors: r-devel-linux-x86_64-debian-clang, r-devel-linux-x86_64-debian-gcc, r-devel-linux-x86_64-fedora-clang, r-devel-linux-x86_64-fedora-gcc, r-devel-osx-x86_64-clang, r-devel-windows-ix86+x86_64, r-patched-linux-x86_64, r-patched-solaris-sparc, r-patched-solaris-x86, r-release-linux-ix86, r-release-linux-x86_64, r-release-windows-ix86+x86_64

Version: 0.1-2
Check: dependencies in R code
Result: NOTE
    Packages in Depends field not imported from:
     ‘grplasso’ ‘lattice’ ‘rgl’
     These packages need to be imported from (in the NAMESPACE file)
     for when this namespace is loaded but not attached.
    See the information on DESCRIPTION files in the chapter ‘Creating R
    packages’ of the ‘Writing R Extensions’ manual.
Flavors: r-release-osx-x86_64-mavericks, r-oldrel-windows-ix86+x86_64