CRAN Package Check Results for Package hgam

Last updated on 2016-12-06 20:48:29.

Flavor Version Tinstall Tcheck Ttotal Status Flags
r-devel-linux-x86_64-debian-clang 0.1-2 1.43 23.23 24.66 NOTE
r-devel-linux-x86_64-debian-gcc 0.1-2 1.46 22.68 24.14 NOTE
r-devel-linux-x86_64-fedora-clang 0.1-2 44.71 NOTE --no-stop-on-test-error
r-devel-linux-x86_64-fedora-gcc 0.1-2 45.69 NOTE --no-stop-on-test-error
r-devel-macos-x86_64-clang 0.1-2 34.04 NOTE --no-stop-on-test-error
r-devel-windows-ix86+x86_64 0.1-2 5.00 48.00 53.00 NOTE
r-patched-linux-x86_64 0.1-2 1.18 19.83 21.01 NOTE
r-patched-solaris-sparc 0.1-2 188.10 NOTE
r-patched-solaris-x86 0.1-2 51.60 NOTE
r-release-linux-x86_64 0.1-2 1.08 18.23 19.31 NOTE
r-release-osx-x86_64-mavericks 0.1-2 WARN
r-release-windows-ix86+x86_64 0.1-2 4.00 43.00 47.00 NOTE
r-oldrel-windows-ix86+x86_64 0.1-2 8.00 40.00 48.00 NOTE

Check Details

Version: 0.1-2
Check: dependencies in R code
Result: NOTE
    Packages in Depends field not imported from:
     ‘grplasso’ ‘lattice’ ‘rgl’ ‘splines’
     These packages need to be imported from (in the NAMESPACE file)
     for when this namespace is loaded but not attached.
Flavors: r-devel-linux-x86_64-debian-clang, r-devel-linux-x86_64-debian-gcc, r-devel-windows-ix86+x86_64, r-patched-linux-x86_64, r-patched-solaris-sparc, r-patched-solaris-x86, r-release-linux-x86_64, r-release-windows-ix86+x86_64, r-oldrel-windows-ix86+x86_64

Version: 0.1-2
Check: R code for possible problems
Result: NOTE
    Btilde: no visible global function definition for ‘bs’
    dgp: no visible global function definition for ‘runif’
    dgp: no visible global function definition for ‘rnorm’
    fitted.hgam: no visible global function definition for ‘predict’
    hgam: no visible global function definition for ‘LinReg’
    hgam: no visible global function definition for ‘model.frame’
    hgam: no visible global function definition for ‘model.response’
    hgam.fit: no visible global function definition for ‘LinReg’
    hgam.fit: no visible binding for global variable ‘quantile’
    hgam.fit: no visible global function definition for ‘grplasso’
    hgam.fit: no visible global function definition for ‘grpl.control’
    hrisk: no visible binding for global variable ‘mclapply’
    hrisk: no visible global function definition for ‘coef’
    hrisk: no visible global function definition for ‘rmultinom’
    hrisk : <anonymous>: no visible global function definition for
     ‘lambdamax’
    hrisk : <anonymous>: no visible global function definition for ‘fitted’
    logLik.hgam: no visible global function definition for ‘fitted’
    plot.hgam: no visible global function definition for ‘coef’
    plot.hgam: no visible global function definition for ‘predict’
    plot.hgam : <anonymous>: no visible global function definition for
     ‘predict’
    plot.hrisk: no visible global function definition for ‘plot3d’
    plot.hrisk: no visible global function definition for ‘levelplot’
    predict.hgam: no visible global function definition for ‘coef’
    print.hgam: no visible global function definition for ‘coef’
    print.summary.hgam: no visible global function definition for
     ‘printCoefmat’
    residuals.hgam: no visible global function definition for ‘fitted’
    summary.hgam: no visible global function definition for ‘residuals’
    Undefined global functions or variables:
     LinReg bs coef fitted grpl.control grplasso lambdamax levelplot
     mclapply model.frame model.response plot3d predict printCoefmat
     quantile residuals rmultinom rnorm runif
    Consider adding
     importFrom("stats", "coef", "fitted", "model.frame", "model.response",
     "predict", "printCoefmat", "quantile", "residuals",
     "rmultinom", "rnorm", "runif")
    to your NAMESPACE file.
Flavors: r-devel-linux-x86_64-debian-clang, r-devel-linux-x86_64-debian-gcc, r-devel-windows-ix86+x86_64, r-patched-linux-x86_64, r-patched-solaris-sparc, r-patched-solaris-x86, r-release-linux-x86_64, r-release-osx-x86_64-mavericks, r-release-windows-ix86+x86_64

Version: 0.1-2
Flags: --no-stop-on-test-error
Check: dependencies in R code
Result: NOTE
    Packages in Depends field not imported from:
     ‘grplasso’ ‘lattice’ ‘rgl’ ‘splines’
     These packages need to be imported from (in the NAMESPACE file)
     for when this namespace is loaded but not attached.
Flavors: r-devel-linux-x86_64-fedora-clang, r-devel-linux-x86_64-fedora-gcc, r-devel-macos-x86_64-clang

Version: 0.1-2
Flags: --no-stop-on-test-error
Check: R code for possible problems
Result: NOTE
    Btilde: no visible global function definition for ‘bs’
    dgp: no visible global function definition for ‘runif’
    dgp: no visible global function definition for ‘rnorm’
    fitted.hgam: no visible global function definition for ‘predict’
    hgam: no visible global function definition for ‘LinReg’
    hgam: no visible global function definition for ‘model.frame’
    hgam: no visible global function definition for ‘model.response’
    hgam.fit: no visible global function definition for ‘LinReg’
    hgam.fit: no visible binding for global variable ‘quantile’
    hgam.fit: no visible global function definition for ‘grplasso’
    hgam.fit: no visible global function definition for ‘grpl.control’
    hrisk: no visible binding for global variable ‘mclapply’
    hrisk: no visible global function definition for ‘coef’
    hrisk: no visible global function definition for ‘rmultinom’
    hrisk : <anonymous>: no visible global function definition for
     ‘lambdamax’
    hrisk : <anonymous>: no visible global function definition for ‘fitted’
    logLik.hgam: no visible global function definition for ‘fitted’
    plot.hgam: no visible global function definition for ‘coef’
    plot.hgam: no visible global function definition for ‘predict’
    plot.hgam : <anonymous>: no visible global function definition for
     ‘predict’
    plot.hrisk: no visible global function definition for ‘plot3d’
    plot.hrisk: no visible global function definition for ‘levelplot’
    predict.hgam: no visible global function definition for ‘coef’
    print.hgam: no visible global function definition for ‘coef’
    print.summary.hgam: no visible global function definition for
     ‘printCoefmat’
    residuals.hgam: no visible global function definition for ‘fitted’
    summary.hgam: no visible global function definition for ‘residuals’
    Undefined global functions or variables:
     LinReg bs coef fitted grpl.control grplasso lambdamax levelplot
     mclapply model.frame model.response plot3d predict printCoefmat
     quantile residuals rmultinom rnorm runif
    Consider adding
     importFrom("stats", "coef", "fitted", "model.frame", "model.response",
     "predict", "printCoefmat", "quantile", "residuals",
     "rmultinom", "rnorm", "runif")
    to your NAMESPACE file.
Flavors: r-devel-linux-x86_64-fedora-clang, r-devel-linux-x86_64-fedora-gcc, r-devel-macos-x86_64-clang

Version: 0.1-2
Check: whether package can be installed
Result: WARN
    Found the following significant warnings:
     Warning: 'rgl_init' failed, running with rgl.useNULL = TRUE
Flavor: r-release-osx-x86_64-mavericks

Version: 0.1-2
Check: dependencies in R code
Result: NOTE
    Invalid MIT-MAGIC-COOKIE-1 keyPackages in Depends field not imported from:
     ‘grplasso’ ‘lattice’ ‘rgl’ ‘splines’
     These packages need to be imported from (in the NAMESPACE file)
     for when this namespace is loaded but not attached.
Flavor: r-release-osx-x86_64-mavericks

Version: 0.1-2
Check: S3 generic/method consistency
Result: WARN
    Invalid MIT-MAGIC-COOKIE-1 key
    See section ‘Generic functions and methods’ in the ‘Writing R
    Extensions’ manual.
Flavor: r-release-osx-x86_64-mavericks

Version: 0.1-2
Check: replacement functions
Result: WARN
    Invalid MIT-MAGIC-COOKIE-1 key
    The argument of a replacement function which corresponds to the right
    hand side must be named ‘value’.
Flavor: r-release-osx-x86_64-mavericks

Version: 0.1-2
Check: foreign function calls
Result: NOTE
    Invalid MIT-MAGIC-COOKIE-1 key
    See chapter ‘System and foreign language interfaces’ in the ‘Writing R
    Extensions’ manual.
Flavor: r-release-osx-x86_64-mavericks

Version: 0.1-2
Check: for missing documentation entries
Result: WARN
    Invalid MIT-MAGIC-COOKIE-1 key
    All user-level objects in a package should have documentation entries.
    See chapter ‘Writing R documentation files’ in the ‘Writing R
    Extensions’ manual.
Flavor: r-release-osx-x86_64-mavericks

Version: 0.1-2
Check: for code/documentation mismatches
Result: WARN
    Invalid MIT-MAGIC-COOKIE-1 key
    Invalid MIT-MAGIC-COOKIE-1 key
    Invalid MIT-MAGIC-COOKIE-1 key
Flavor: r-release-osx-x86_64-mavericks

Version: 0.1-2
Check: Rd \usage sections
Result: NOTE
    Invalid MIT-MAGIC-COOKIE-1 key
    The \usage entries for S3 methods should use the \method markup and not
    their full name.
    See chapter ‘Writing R documentation files’ in the ‘Writing R
    Extensions’ manual.
Flavor: r-release-osx-x86_64-mavericks

Version: 0.1-2
Check: R code for possible problems
Result: NOTE
    Btilde: no visible global function definition for 'bs'
    hgam: no visible global function definition for 'LinReg'
    hgam.fit: no visible global function definition for 'LinReg'
    hgam.fit: no visible global function definition for 'grplasso'
    hgam.fit: no visible global function definition for 'grpl.control'
    hrisk: no visible binding for global variable 'mclapply'
    hrisk : <anonymous>: no visible global function definition for
     'lambdamax'
    plot.hrisk: no visible global function definition for 'plot3d'
    plot.hrisk: no visible global function definition for 'levelplot'
Flavor: r-oldrel-windows-ix86+x86_64