CRAN Package Check Results for Package hgam

Last updated on 2015-04-26 23:46:49.

Flavor Version Tinstall Tcheck Ttotal Status Flags
r-devel-linux-x86_64-debian-clang 0.1-2 0.78 15.56 16.34 NOTE
r-devel-linux-x86_64-debian-gcc 0.1-2 0.78 15.13 15.90 NOTE
r-devel-linux-x86_64-fedora-clang 0.1-2 35.26 NOTE
r-devel-linux-x86_64-fedora-gcc 0.1-2 33.58 NOTE
r-devel-osx-x86_64-clang 0.1-2 31.53 NOTE
r-devel-windows-ix86+x86_64 0.1-2 3.00 28.00 31.00 NOTE
r-patched-linux-x86_64 0.1-2 0.76 15.12 15.88 NOTE
r-patched-solaris-sparc 0.1-2 223.00 NOTE
r-patched-solaris-x86 0.1-2 52.50 NOTE
r-release-linux-x86_64 0.1-2 0.78 15.44 16.22 NOTE
r-release-osx-x86_64-mavericks 0.1-2 NOTE
r-release-osx-x86_64-snowleopard 0.1-2 NOTE
r-release-windows-ix86+x86_64 0.1-2 4.00 28.00 32.00 NOTE
r-oldrel-windows-ix86+x86_64 0.1-2 3.00 29.00 32.00 NOTE

Check Details

Version: 0.1-2
Check: dependencies in R code
Result: NOTE
    Packages in Depends field not imported from:
     ‘grplasso’ ‘lattice’ ‘rgl’ ‘splines’
     These packages need to be imported from (in the NAMESPACE file)
     for when this namespace is loaded but not attached.
Flavors: r-devel-linux-x86_64-debian-clang, r-devel-linux-x86_64-fedora-clang, r-devel-linux-x86_64-fedora-gcc, r-devel-osx-x86_64-clang, r-devel-windows-ix86+x86_64, r-patched-solaris-sparc, r-patched-solaris-x86, r-release-osx-x86_64-mavericks, r-release-osx-x86_64-snowleopard, r-release-windows-ix86+x86_64, r-oldrel-windows-ix86+x86_64

Version: 0.1-2
Check: R code for possible problems
Result: NOTE
    Btilde: no visible global function definition for ‘bs’
    hgam: no visible global function definition for ‘LinReg’
    hgam.fit: no visible global function definition for ‘LinReg’
    hgam.fit: no visible global function definition for ‘grplasso’
    hgam.fit: no visible global function definition for ‘grpl.control’
    hrisk: no visible binding for global variable ‘mclapply’
    hrisk : <anonymous>: no visible global function definition for
     ‘lambdamax’
    plot.hrisk: no visible global function definition for ‘plot3d’
    plot.hrisk: no visible global function definition for ‘levelplot’
Flavors: r-devel-linux-x86_64-debian-clang, r-devel-linux-x86_64-fedora-clang, r-devel-linux-x86_64-fedora-gcc, r-devel-osx-x86_64-clang, r-devel-windows-ix86+x86_64, r-patched-solaris-sparc, r-patched-solaris-x86, r-release-osx-x86_64-mavericks, r-release-osx-x86_64-snowleopard, r-release-windows-ix86+x86_64, r-oldrel-windows-ix86+x86_64