CRAN Package Check Results for Package hglasso

Last updated on 2018-02-23 06:54:53 CET.

Flavor Version Tinstall Tcheck Ttotal Status Flags
r-devel-linux-x86_64-debian-clang 1.2 4.02 46.56 50.58 NOTE
r-devel-linux-x86_64-debian-gcc 1.2 3.19 38.56 41.75 NOTE
r-devel-linux-x86_64-fedora-clang 1.2 67.73 NOTE
r-devel-linux-x86_64-fedora-gcc 1.2 66.04 NOTE
r-devel-windows-ix86+x86_64 1.2 8.00 75.00 83.00 NOTE
r-patched-linux-x86_64 1.2 2.19 54.05 56.24 NOTE
r-patched-solaris-x86 1.2 94.00 NOTE
r-release-linux-x86_64 1.2 2.74 55.70 58.44 NOTE
r-release-windows-ix86+x86_64 1.2 9.00 88.00 97.00 NOTE
r-release-osx-x86_64 1.2 NOTE
r-oldrel-windows-ix86+x86_64 1.2 5.00 81.00 86.00 NOTE
r-oldrel-osx-x86_64 1.2 NOTE

Check Details

Version: 1.2
Check: R code for possible problems
Result: NOTE
    HubNetwork: no visible global function definition for ‘rbinom’
    HubNetwork: no visible global function definition for ‘runif’
    HubNetwork: no visible global function definition for ‘cov2cor’
    binaryMCMC: no visible global function definition for ‘rbinom’
    image.hbn: no visible global function definition for ‘col2rgb’
    image.hbn: no visible global function definition for ‘rgb’
    image.hbn: no visible global function definition for ‘dev.new’
    image.hbn: no visible global function definition for ‘par’
    image.hbn: no visible global function definition for ‘image’
    image.hcov: no visible global function definition for ‘col2rgb’
    image.hcov: no visible global function definition for ‘rgb’
    image.hcov: no visible global function definition for ‘dev.new’
    image.hcov: no visible global function definition for ‘par’
    image.hcov: no visible global function definition for ‘image’
    image.hglasso: no visible global function definition for ‘col2rgb’
    image.hglasso: no visible global function definition for ‘rgb’
    image.hglasso: no visible global function definition for ‘dev.new’
    image.hglasso: no visible global function definition for ‘par’
    image.hglasso: no visible global function definition for ‘image’
    plot.hbn: no visible global function definition for ‘rgb’
    plot.hbn: no visible global function definition for ‘plot’
    plot.hcov: no visible global function definition for ‘rgb’
    plot.hcov: no visible global function definition for ‘plot’
    plot.hglasso: no visible global function definition for ‘rgb’
    plot.hglasso: no visible global function definition for ‘plot’
    Undefined global functions or variables:
     col2rgb cov2cor dev.new image par plot rbinom rgb runif
    Consider adding
     importFrom("grDevices", "col2rgb", "dev.new", "rgb")
     importFrom("graphics", "image", "par", "plot")
     importFrom("stats", "cov2cor", "rbinom", "runif")
    to your NAMESPACE file.
Flavors: r-devel-linux-x86_64-debian-clang, r-devel-linux-x86_64-debian-gcc, r-devel-linux-x86_64-fedora-clang, r-devel-linux-x86_64-fedora-gcc, r-devel-windows-ix86+x86_64, r-patched-linux-x86_64, r-patched-solaris-x86, r-release-linux-x86_64, r-release-windows-ix86+x86_64, r-release-osx-x86_64, r-oldrel-windows-ix86+x86_64, r-oldrel-osx-x86_64