CRAN Package Check Results for Package hglm

Last updated on 2015-07-03 13:46:33.

Flavor Version Tinstall Tcheck Ttotal Status Flags
r-devel-linux-x86_64-debian-clang 2.1-0 2.67 41.11 43.78 NOTE
r-devel-linux-x86_64-debian-gcc 2.1-0 2.85 38.08 40.92 NOTE
r-devel-linux-x86_64-fedora-clang 2.1-0 90.00 NOTE
r-devel-linux-x86_64-fedora-gcc 2.1-0 84.88 NOTE
r-devel-osx-x86_64-clang 2.1-0 77.32 OK
r-devel-windows-ix86+x86_64 2.1-0 8.00 58.00 66.00 NOTE
r-patched-linux-x86_64 2.1-0 2.64 40.24 42.88 OK
r-patched-solaris-sparc 2.1-0 527.00 OK
r-patched-solaris-x86 2.1-0 117.10 OK
r-release-linux-x86_64 2.1-0 2.75 40.16 42.91 OK
r-release-osx-x86_64-mavericks 2.1-0 OK
r-release-windows-ix86+x86_64 2.1-0 8.00 62.00 70.00 OK
r-oldrel-windows-ix86+x86_64 2.1-0 9.00 68.00 77.00 OK

Check Details

Version: 2.1-0
Check: R code for possible problems
Result: NOTE
    .onAttach: no visible global function definition for
     ‘packageDescription’
    Beta: no visible global function definition for ‘make.link’
    CAR: no visible global function definition for ‘make.link’
    GAMMA: no visible global function definition for ‘make.link’
    SAR: no visible global function definition for ‘make.link’
    bigRR: Error while checking: invalid ‘envir’ argument
    hglm: Error while checking: invalid ‘envir’ argument
    hglm.default: Error while checking: invalid ‘envir’ argument
    hglm.formula: Error while checking: invalid ‘envir’ argument
    hglm2: Error while checking: invalid ‘envir’ argument
    hglm2.formula: Error while checking: invalid ‘envir’ argument
    inverse.gamma: no visible global function definition for ‘make.link’
    likelihood: Error while checking: invalid ‘envir’ argument
    lrt: no visible global function definition for ‘logLik’
    lrt: no visible global function definition for ‘pchisq’
    plot.hglm: no visible global function definition for ‘dev.new’
    plot.hglm: no visible global function definition for ‘pdf’
    plot.hglm: no visible global function definition for ‘par’
    plot.hglm: no visible global function definition for ‘loess.smooth’
    plot.hglm: no visible global function definition for ‘plot’
    plot.hglm: no visible global function definition for ‘lines’
    plot.hglm: no visible global function definition for ‘qqnorm’
    plot.hglm: no visible global function definition for ‘qqline’
    plot.hglm: no visible global function definition for ‘hist’
    plot.hglm: no visible global function definition for ‘dev.off’
    plot.hglm: no visible global function definition for ‘var’
    plot.hglm: no visible global function definition for ‘rgamma’
    plot.hglm: no visible global function definition for ‘abline’
    print.summary.hglm: no visible global function definition for
     ‘printCoefmat’
    summary.hglm: no visible global function definition for ‘pt’
    Undefined global functions or variables:
     abline dev.new dev.off hist lines loess.smooth logLik make.link
     packageDescription par pchisq pdf plot printCoefmat pt qqline qqnorm
     rgamma var
Flavors: r-devel-linux-x86_64-debian-clang, r-devel-linux-x86_64-debian-gcc, r-devel-linux-x86_64-fedora-clang, r-devel-linux-x86_64-fedora-gcc, r-devel-windows-ix86+x86_64