CRAN Package Check Results for Package hglm

Last updated on 2018-04-25 01:46:42 CEST.

Flavor Version Tinstall Tcheck Ttotal Status Flags
r-devel-linux-x86_64-debian-clang 2.1-1 6.34 66.97 73.31 WARN
r-devel-linux-x86_64-debian-gcc 2.1-1 5.73 52.92 58.65 WARN
r-devel-linux-x86_64-fedora-clang 2.1-1 92.39 WARN
r-devel-linux-x86_64-fedora-gcc 2.1-1 87.49 WARN
r-devel-windows-ix86+x86_64 2.1-1 14.00 74.00 88.00 WARN
r-patched-linux-x86_64 2.1-1 6.83 66.02 72.85 WARN
r-patched-solaris-x86 2.1-1 132.90 WARN
r-release-linux-x86_64 2.1-1 4.74 64.66 69.40 WARN
r-release-windows-ix86+x86_64 2.1-1 14.00 74.00 88.00 WARN
r-release-osx-x86_64 2.1-1 OK
r-oldrel-windows-ix86+x86_64 2.1-1 7.00 100.00 107.00 WARN
r-oldrel-osx-x86_64 2.1-1 OK

Check Details

Version: 2.1-1
Check: examples
Result: WARN
    Found the following significant warnings:
    
     Warning: 'cBind' is deprecated.
     Warning: 'rBind' is deprecated.
    Deprecated functions may be defunct as soon as of the next release of
    R.
    See ?Deprecated.
Flavors: r-devel-linux-x86_64-debian-clang, r-devel-linux-x86_64-debian-gcc, r-devel-linux-x86_64-fedora-clang, r-devel-linux-x86_64-fedora-gcc, r-devel-windows-ix86+x86_64, r-patched-linux-x86_64, r-patched-solaris-x86, r-release-linux-x86_64, r-release-windows-ix86+x86_64, r-oldrel-windows-ix86+x86_64