CRAN Package Check Results for Package hglm

Last updated on 2015-08-04 09:47:20.

Flavor Version Tinstall Tcheck Ttotal Status Flags
r-devel-linux-x86_64-debian-clang 2.1-0 3.03 41.70 44.73 NOTE
r-devel-linux-x86_64-debian-gcc 2.1-0 3.47 40.30 43.77 NOTE
r-devel-linux-x86_64-fedora-clang 2.1-0 94.43 NOTE
r-devel-linux-x86_64-fedora-gcc 2.1-0 91.52 NOTE
r-devel-osx-x86_64-clang 2.1-0 71.83 OK
r-devel-windows-ix86+x86_64 2.1-0 12.00 94.00 106.00 NOTE
r-patched-linux-x86_64 2.1-0 2.80 43.55 46.35 OK
r-patched-solaris-sparc 2.1-0 528.30 OK
r-patched-solaris-x86 2.1-0 116.40 OK
r-release-linux-x86_64 2.1-0 2.79 41.36 44.16 OK
r-release-osx-x86_64-mavericks 2.1-0 OK
r-release-windows-ix86+x86_64 2.1-0 10.00 94.00 104.00 OK
r-oldrel-windows-ix86+x86_64 2.1-0 11.00 107.00 118.00 OK

Check Details

Version: 2.1-0
Check: R code for possible problems
Result: NOTE
    .onAttach: no visible global function definition for
     ‘packageDescription’
    Beta: no visible global function definition for ‘make.link’
    CAR: no visible global function definition for ‘make.link’
    GAMMA: no visible global function definition for ‘make.link’
    SAR: no visible global function definition for ‘make.link’
    bigRR: no visible global function definition for ‘gaussian’
    hglm: no visible global function definition for ‘gaussian’
    hglm.default: no visible global function definition for ‘gaussian’
    hglm.default: no visible global function definition for ‘model.matrix’
    hglm.default: no visible global function definition for ‘Gamma’
    hglm.default: no visible global function definition for ‘glm’
    hglm.default: no visible global function definition for ‘coef’
    hglm.default: no visible global function definition for ‘deviance’
    hglm.default: no visible global function definition for ‘residuals’
    hglm.default: no visible global function definition for ‘hatvalues’
    hglm.default: no visible global function definition for ‘sd’
    hglm.formula: no visible global function definition for ‘gaussian’
    hglm.formula: no visible global function definition for ‘terms’
    hglm.formula: no visible global function definition for ‘model.frame’
    hglm.formula: no visible global function definition for ‘model.matrix’
    hglm.formula: no visible global function definition for
     ‘model.response’
    hglm.formula: no visible global function definition for
     ‘is.empty.model’
    hglm.formula: no visible global function definition for ‘model.weights’
    hglm.formula: no visible global function definition for ‘model.offset’
    hglm.formula: no visible global function definition for ‘as.formula’
    hglm2: no visible global function definition for ‘gaussian’
    hglm2.formula: no visible global function definition for ‘gaussian’
    hglm2.formula: no visible global function definition for ‘terms’
    hglm2.formula: no visible global function definition for ‘as.formula’
    hglm2.formula: no visible global function definition for ‘model.frame’
    hglm2.formula: no visible global function definition for ‘model.matrix’
    hglm2.formula: no visible global function definition for
     ‘model.response’
    hglm2.formula: no visible global function definition for
     ‘is.empty.model’
    hglm2.formula: no visible global function definition for
     ‘model.weights’
    hglm2.formula: no visible global function definition for ‘model.offset’
    hglm2.formula: no visible global function definition for ‘get_all_vars’
    inverse.gamma: no visible global function definition for ‘make.link’
    likelihood: no visible global function definition for ‘gaussian’
    likelihood: no visible global function definition for ‘dbinom’
    likelihood: no visible global function definition for ‘dnorm’
    likelihood: no visible global function definition for ‘dbeta’
    likelihood: no visible global function definition for ‘dgamma’
    lrt: no visible global function definition for ‘logLik’
    lrt: no visible global function definition for ‘pchisq’
    plot.hglm: no visible global function definition for ‘dev.new’
    plot.hglm: no visible global function definition for ‘pdf’
    plot.hglm: no visible global function definition for ‘par’
    plot.hglm: no visible global function definition for ‘loess.smooth’
    plot.hglm: no visible global function definition for ‘plot’
    plot.hglm: no visible global function definition for ‘lines’
    plot.hglm: no visible global function definition for ‘qqnorm’
    plot.hglm: no visible global function definition for ‘qqline’
    plot.hglm: no visible global function definition for ‘hist’
    plot.hglm: no visible global function definition for ‘dev.off’
    plot.hglm: no visible global function definition for ‘var’
    plot.hglm: no visible global function definition for ‘rgamma’
    plot.hglm: no visible global function definition for ‘abline’
    print.summary.hglm: no visible global function definition for
     ‘printCoefmat’
    summary.hglm: no visible global function definition for ‘pt’
    Undefined global functions or variables:
     Gamma abline as.formula coef dbeta dbinom dev.new dev.off deviance
     dgamma dnorm gaussian get_all_vars glm hatvalues hist is.empty.model
     lines loess.smooth logLik make.link model.frame model.matrix
     model.offset model.response model.weights packageDescription par
     pchisq pdf plot printCoefmat pt qqline qqnorm residuals rgamma sd
     terms var
    Consider adding
     importFrom("grDevices", "dev.new", "dev.off", "pdf")
     importFrom("graphics", "abline", "hist", "lines", "par", "plot")
     importFrom("stats", "Gamma", "as.formula", "coef", "dbeta", "dbinom",
     "deviance", "dgamma", "dnorm", "gaussian", "get_all_vars",
     "glm", "hatvalues", "is.empty.model", "loess.smooth",
     "logLik", "make.link", "model.frame", "model.matrix",
     "model.offset", "model.response", "model.weights", "pchisq",
     "printCoefmat", "pt", "qqline", "qqnorm", "residuals",
     "rgamma", "sd", "terms", "var")
     importFrom("utils", "packageDescription")
    to your NAMESPACE.
Flavors: r-devel-linux-x86_64-debian-clang, r-devel-linux-x86_64-debian-gcc, r-devel-linux-x86_64-fedora-clang, r-devel-linux-x86_64-fedora-gcc, r-devel-windows-ix86+x86_64