CRAN Package Check Results for Package hglm

Last updated on 2018-06-20 11:50:17 CEST.

Flavor Version Tinstall Tcheck Ttotal Status Flags
r-devel-linux-x86_64-debian-clang 2.1-1 6.51 77.91 84.42 WARN
r-devel-linux-x86_64-debian-gcc 2.1-1 5.68 59.60 65.28 WARN
r-devel-linux-x86_64-fedora-clang 2.1-1 99.21 WARN
r-devel-linux-x86_64-fedora-gcc 2.1-1 94.04 WARN
r-devel-windows-ix86+x86_64 2.1-1 15.00 108.00 123.00 WARN
r-patched-linux-x86_64 2.1-1 4.69 67.88 72.57 WARN
r-patched-solaris-x86 2.1-1 130.40 WARN
r-release-linux-x86_64 2.1-1 4.91 67.39 72.30 WARN
r-release-windows-ix86+x86_64 2.1-1 11.00 101.00 112.00 WARN
r-release-osx-x86_64 2.1-1 WARN
r-oldrel-windows-ix86+x86_64 2.1-1 11.00 79.00 90.00 WARN
r-oldrel-osx-x86_64 2.1-1 OK

Check Details

Version: 2.1-1
Check: examples
Result: WARN
    Found the following significant warnings:
    
     Warning: 'cBind' is deprecated.
     Warning: 'rBind' is deprecated.
    Deprecated functions may be defunct as soon as of the next release of
    R.
    See ?Deprecated.
Flavors: r-devel-linux-x86_64-debian-clang, r-devel-linux-x86_64-debian-gcc, r-devel-linux-x86_64-fedora-clang, r-devel-linux-x86_64-fedora-gcc, r-devel-windows-ix86+x86_64, r-patched-linux-x86_64, r-patched-solaris-x86, r-release-linux-x86_64, r-release-windows-ix86+x86_64, r-release-osx-x86_64, r-oldrel-windows-ix86+x86_64