CRAN Package Check Results for Package hgwrr

Last updated on 2022-12-05 23:50:31 CET.

Flavor Version Tinstall Tcheck Ttotal Status Flags
r-devel-linux-x86_64-debian-clang 0.2-3 44.36 51.82 96.18 OK
r-devel-linux-x86_64-debian-gcc 0.2-3 34.74 41.23 75.97 OK
r-devel-linux-x86_64-fedora-clang 0.2-3 141.60 NOTE
r-devel-linux-x86_64-fedora-gcc 0.2-3 132.16 OK
r-devel-windows-x86_64 0.2-3 37.00 99.00 136.00 OK
r-patched-linux-x86_64 0.2-3 36.46 49.77 86.23 OK
r-release-linux-x86_64 0.2-3 36.85 49.82 86.67 OK
r-release-macos-arm64 0.2-3 33.00 NOTE
r-release-macos-x86_64 0.2-3 49.00 NOTE
r-release-windows-x86_64 0.2-3 46.00 95.00 141.00 OK
r-oldrel-macos-arm64 0.2-3 36.00 NOTE
r-oldrel-macos-x86_64 0.2-3 47.00 NOTE
r-oldrel-windows-ix86+x86_64 0.2-3 101.00 99.00 200.00 OK

Check Details

Version: 0.2-3
Check: Rd cross-references
Result: NOTE
    Undeclared package ‘lme4’ in Rd xrefs
Flavor: r-devel-linux-x86_64-fedora-clang

Version: 0.2-3
Check: installed package size
Result: NOTE
     installed size is 5.4Mb
     sub-directories of 1Mb or more:
     libs 4.6Mb
Flavors: r-release-macos-arm64, r-release-macos-x86_64, r-oldrel-macos-arm64, r-oldrel-macos-x86_64