CRAN Package Check Results for Package hhi

Last updated on 2022-12-08 04:06:32 CET.

Flavor Version Tinstall Tcheck Ttotal Status Flags
r-devel-linux-x86_64-debian-clang 1.2.0 1.80 25.19 26.99 NOTE
r-devel-linux-x86_64-debian-gcc 1.2.0 1.70 19.55 21.25 NOTE
r-devel-linux-x86_64-fedora-clang 1.2.0 44.06 NOTE
r-devel-linux-x86_64-fedora-gcc 1.2.0 42.61 NOTE
r-devel-windows-x86_64 1.2.0 10.00 61.00 71.00 NOTE
r-patched-linux-x86_64 1.2.0 1.64 24.06 25.70 NOTE
r-release-linux-x86_64 1.2.0 1.83 24.21 26.04 NOTE
r-release-macos-arm64 1.2.0 16.00 NOTE
r-release-macos-x86_64 1.2.0 26.00 NOTE
r-release-windows-x86_64 1.2.0 7.00 60.00 67.00 NOTE
r-oldrel-macos-arm64 1.2.0 18.00 NOTE
r-oldrel-macos-x86_64 1.2.0 34.00 NOTE
r-oldrel-windows-ix86+x86_64 1.2.0 6.00 51.00 57.00 NOTE

Check Details

Version: 1.2.0
Check: LazyData
Result: NOTE
     'LazyData' is specified without a 'data' directory
Flavors: r-devel-linux-x86_64-debian-clang, r-devel-linux-x86_64-debian-gcc, r-devel-linux-x86_64-fedora-clang, r-devel-linux-x86_64-fedora-gcc, r-devel-windows-x86_64, r-patched-linux-x86_64, r-release-linux-x86_64, r-release-macos-arm64, r-release-macos-x86_64, r-release-windows-x86_64, r-oldrel-macos-arm64, r-oldrel-macos-x86_64, r-oldrel-windows-ix86+x86_64