CRAN Package Check Results for Package hhsmm

Last updated on 2021-11-29 14:48:53 CET.

Flavor Version Tinstall Tcheck Ttotal Status Flags
r-devel-linux-x86_64-debian-clang 0.2.2 10.73 105.87 116.60 OK
r-devel-linux-x86_64-debian-gcc 0.2.2 10.35 77.05 87.40 OK
r-devel-linux-x86_64-fedora-clang 0.2.2 148.75 OK
r-devel-linux-x86_64-fedora-gcc 0.2.2 137.66 OK
r-devel-windows-x86_64-new-UL 0.2.2 25.00 158.00 183.00 OK
r-devel-windows-x86_64-new-TK 0.2.1 OK
r-devel-windows-x86_64-old 0.2.2 20.00 106.00 126.00 OK
r-patched-linux-x86_64 0.2.2 11.93 98.79 110.72 OK
r-patched-solaris-x86 0.2.2 202.40 OK
r-release-linux-x86_64 0.2.2 10.17 98.98 109.15 OK
r-release-macos-arm64 0.2.2 OK
r-release-macos-x86_64 0.2.2 OK
r-release-windows-ix86+x86_64 0.2.2 32.00 197.00 229.00 OK
r-oldrel-macos-x86_64 0.1.2 NOTE
r-oldrel-windows-ix86+x86_64 0.1.2 19.00 144.00 163.00 NOTE

Check Details

Version: 0.1.2
Check: installed package size
Result: NOTE
     installed size is 5.5Mb
     sub-directories of 1Mb or more:
     data 5.2Mb
Flavors: r-oldrel-macos-x86_64, r-oldrel-windows-ix86+x86_64