CRAN Package Check Results for Package hht

Last updated on 2015-08-02 23:48:05.

Flavor Version Tinstall Tcheck Ttotal Status Flags
r-devel-linux-x86_64-debian-clang 2.1.2 0.71 23.06 23.77 NOTE
r-devel-linux-x86_64-debian-gcc 2.1.2 0.81 24.19 25.00 NOTE
r-devel-linux-x86_64-fedora-clang 2.1.2 52.98 NOTE
r-devel-linux-x86_64-fedora-gcc 2.1.2 46.41 NOTE
r-devel-osx-x86_64-clang 2.1.2 44.12 OK
r-devel-windows-ix86+x86_64 2.1.2 3.00 47.00 50.00 NOTE
r-patched-linux-x86_64 2.1.2 1.05 26.50 27.54 OK
r-patched-solaris-sparc 2.1.2 337.00 OK
r-patched-solaris-x86 2.1.2 66.40 OK
r-release-linux-x86_64 2.1.2 0.79 25.71 26.50 OK
r-release-osx-x86_64-mavericks 2.1.2 OK
r-release-windows-ix86+x86_64 2.1.2 6.00 52.00 58.00 OK
r-oldrel-windows-ix86+x86_64 2.1.2 5.00 51.00 56.00 OK

Check Details

Version: 2.1.2
Check: R code for possible problems
Result: NOTE
    CEEMD: no visible global function definition for ‘runif’
    CEEMD: no visible global function definition for ‘rnorm’
    EEMD: no visible global function definition for ‘runif’
    EEMD: no visible global function definition for ‘rnorm’
    EEMDResift: no visible global function definition for ‘var’
    EvolutiveFFT: no visible global function definition for ‘spec.taper’
    EvolutiveFFT: no visible global function definition for ‘mvfft’
    HHSpecPlot: no visible global function definition for ‘rainbow’
    HHSpecPlot: no visible global function definition for ‘fft’
    HHSpecPlot: no visible global function definition for ‘plot’
    HHSpecPlot: no visible global function definition for ‘lines’
    HHTPackagePlotter: no visible global function definition for ‘rainbow’
    HHTPackagePlotter: no visible global function definition for ‘plot’
    HHTPackagePlotter: no visible global function definition for ‘axis’
    HHTPackagePlotter: no visible global function definition for ‘lines’
    HHTPackagePlotter: no visible global function definition for ‘rect’
    HHTPackagePlotter: no visible global function definition for ‘rgb’
    HHTPackagePlotter: no visible global function definition for ‘image’
    HHTPackagePlotter: no visible global function definition for ‘text’
    HilbertTransform: no visible global function definition for ‘fft’
    PlotIMFs: no visible global function definition for ‘plot’
    PlotIMFs: no visible global function definition for ‘lines’
    PlotIMFs: no visible global function definition for ‘axis’
    PlotIMFs: no visible global function definition for ‘segments’
    PrecisionTester: no visible global function definition for ‘dev.new’
    PrecisionTester: no visible global function definition for ‘plot’
    PrecisionTester: no visible global function definition for ‘lines’
    PrecisionTester: no visible global function definition for ‘legend’
    Undefined global functions or variables:
     axis dev.new fft image legend lines mvfft plot rainbow rect rgb rnorm
     runif segments spec.taper text var
    Consider adding
     importFrom("grDevices", "dev.new", "rainbow", "rgb")
     importFrom("graphics", "axis", "image", "legend", "lines", "plot",
     "rect", "segments", "text")
     importFrom("stats", "fft", "mvfft", "rnorm", "runif", "spec.taper",
     "var")
    to your NAMESPACE.
Flavors: r-devel-linux-x86_64-debian-clang, r-devel-linux-x86_64-debian-gcc, r-devel-linux-x86_64-fedora-clang, r-devel-linux-x86_64-fedora-gcc, r-devel-windows-ix86+x86_64