CRAN Package Check Results for Package hht

Last updated on 2015-07-06 14:48:38.

Flavor Version Tinstall Tcheck Ttotal Status Flags
r-devel-linux-x86_64-debian-clang 2.1.2 0.67 25.49 26.16 NOTE
r-devel-linux-x86_64-debian-gcc 2.1.2 0.76 24.93 25.69 NOTE
r-devel-linux-x86_64-fedora-clang 2.1.2 55.10 NOTE
r-devel-linux-x86_64-fedora-gcc 2.1.2 53.33 NOTE
r-devel-osx-x86_64-clang 2.1.2 49.03 OK
r-devel-windows-ix86+x86_64 2.1.2 5.00 43.00 48.00 NOTE
r-patched-linux-x86_64 2.1.2 0.70 25.53 26.23 OK
r-patched-solaris-sparc 2.1.2 331.20 OK
r-patched-solaris-x86 2.1.2 68.20 OK
r-release-linux-x86_64 2.1.2 0.74 25.81 26.55 OK
r-release-osx-x86_64-mavericks 2.1.2 OK
r-release-windows-ix86+x86_64 2.1.2 4.00 45.00 49.00 OK
r-oldrel-windows-ix86+x86_64 2.1.2 4.00 70.00 74.00 OK

Check Details

Version: 2.1.2
Check: R code for possible problems
Result: NOTE
    CEEMD: no visible global function definition for ‘runif’
    CEEMD: no visible global function definition for ‘rnorm’
    EEMD: no visible global function definition for ‘runif’
    EEMD: no visible global function definition for ‘rnorm’
    EEMDResift: no visible global function definition for ‘var’
    EvolutiveFFT: no visible global function definition for ‘spec.taper’
    EvolutiveFFT: no visible global function definition for ‘mvfft’
    HHSpecPlot: no visible global function definition for ‘rainbow’
    HHSpecPlot: no visible global function definition for ‘fft’
    HHSpecPlot: no visible global function definition for ‘plot’
    HHSpecPlot: no visible global function definition for ‘lines’
    HHTPackagePlotter: no visible global function definition for ‘rainbow’
    HHTPackagePlotter: no visible global function definition for ‘plot’
    HHTPackagePlotter: no visible global function definition for ‘axis’
    HHTPackagePlotter: no visible global function definition for ‘lines’
    HHTPackagePlotter: no visible global function definition for ‘rect’
    HHTPackagePlotter: no visible global function definition for ‘rgb’
    HHTPackagePlotter: no visible global function definition for ‘image’
    HHTPackagePlotter: no visible global function definition for ‘text’
    HilbertTransform: no visible global function definition for ‘fft’
    PlotIMFs: no visible global function definition for ‘plot’
    PlotIMFs: no visible global function definition for ‘lines’
    PlotIMFs: no visible global function definition for ‘axis’
    PlotIMFs: no visible global function definition for ‘segments’
    PrecisionTester: no visible global function definition for ‘dev.new’
    PrecisionTester: no visible global function definition for ‘plot’
    PrecisionTester: no visible global function definition for ‘lines’
    PrecisionTester: no visible global function definition for ‘legend’
    Undefined global functions or variables:
     axis dev.new fft image legend lines mvfft plot rainbow rect rgb rnorm
     runif segments spec.taper text var
Flavors: r-devel-linux-x86_64-debian-clang, r-devel-linux-x86_64-debian-gcc, r-devel-linux-x86_64-fedora-clang, r-devel-linux-x86_64-fedora-gcc, r-devel-windows-ix86+x86_64