CRAN Package Check Results for Package hht

Last updated on 2015-05-28 03:47:27.

Flavor Version Tinstall Tcheck Ttotal Status Flags
r-devel-linux-x86_64-debian-clang 2.1.2 0.70 27.90 28.61 OK
r-devel-linux-x86_64-debian-gcc 2.1.2 0.70 25.97 26.67 OK
r-devel-linux-x86_64-fedora-clang 2.1.2 57.61 OK
r-devel-linux-x86_64-fedora-gcc 2.1.2 54.74 OK
r-devel-osx-x86_64-clang 2.1.2 53.56 OK
r-devel-windows-ix86+x86_64 2.1.2 3.00 44.00 47.00 OK
r-patched-linux-x86_64 2.1.2 0.71 25.93 26.64 OK
r-patched-solaris-sparc 2.1.2 331.20 OK
r-patched-solaris-x86 2.1.2 66.80 OK
r-release-linux-x86_64 2.1.2 0.71 26.13 26.84 OK
r-release-osx-x86_64-mavericks 2.1.2 OK
r-release-osx-x86_64-snowleopard 2.1.2 ERROR
r-release-windows-ix86+x86_64 2.1.2 3.00 43.00 46.00 OK
r-oldrel-windows-ix86+x86_64 2.1.2 4.00 40.00 44.00 OK

Check Details

Version: 2.1.2
Check: package dependencies
Result: ERROR
    Packages required but not available: ‘EMD’ ‘fields’
    
    See section ‘The DESCRIPTION file’ in the ‘Writing R Extensions’
    manual.
Flavor: r-release-osx-x86_64-snowleopard