CRAN Package Check Results for Package hier.part

Last updated on 2015-08-30 05:47:52.

Flavor Version Tinstall Tcheck Ttotal Status Flags
r-devel-linux-x86_64-debian-clang 1.0-4 1.06 18.28 19.34 NOTE
r-devel-linux-x86_64-debian-gcc 1.0-4 1.14 16.72 17.86 NOTE
r-devel-linux-x86_64-fedora-clang 1.0-4 37.73 NOTE
r-devel-linux-x86_64-fedora-gcc 1.0-4 34.11 NOTE
r-devel-osx-x86_64-clang 1.0-4 31.57 NOTE
r-devel-windows-ix86+x86_64 1.0-4 15.00 52.00 67.00 NOTE
r-patched-linux-x86_64 1.0-4 1.18 21.56 22.74 NOTE
r-patched-solaris-sparc 1.0-4 230.90 NOTE
r-patched-solaris-x86 1.0-4 51.10 NOTE
r-release-linux-x86_64 1.0-4 1.15 18.48 19.63 NOTE
r-release-osx-x86_64-mavericks 1.0-4 NOTE
r-release-windows-ix86+x86_64 1.0-4 8.00 47.00 55.00 NOTE
r-oldrel-windows-ix86+x86_64 1.0-4 10.00 46.00 56.00 NOTE

Check Details

Version: 1.0-4
Check: DESCRIPTION meta-information
Result: NOTE
    Malformed Description field: should contain one or more complete sentences.
Flavors: r-devel-linux-x86_64-debian-clang, r-devel-linux-x86_64-debian-gcc, r-devel-linux-x86_64-fedora-clang, r-devel-linux-x86_64-fedora-gcc, r-devel-osx-x86_64-clang, r-devel-windows-ix86+x86_64, r-patched-linux-x86_64, r-patched-solaris-sparc, r-patched-solaris-x86, r-release-linux-x86_64, r-release-osx-x86_64-mavericks, r-release-windows-ix86+x86_64

Version: 1.0-4
Check: dependencies in R code
Result: NOTE
    'library' or 'require' call to ‘gtools’ which was already attached by Depends.
     Please remove these calls from your code.
Flavors: r-devel-linux-x86_64-debian-clang, r-devel-linux-x86_64-debian-gcc, r-devel-linux-x86_64-fedora-clang, r-devel-linux-x86_64-fedora-gcc, r-devel-osx-x86_64-clang, r-devel-windows-ix86+x86_64, r-patched-linux-x86_64, r-patched-solaris-sparc, r-patched-solaris-x86, r-release-linux-x86_64, r-release-osx-x86_64-mavericks, r-release-windows-ix86+x86_64, r-oldrel-windows-ix86+x86_64

Version: 1.0-4
Check: R code for possible problems
Result: NOTE
    all.regs: no visible global function definition for ‘glm’
    all.regs: no visible global function definition for ‘logLik’
    combos: no visible global function definition for ‘menu’
    current.model: no visible global function definition for ‘formula’
    current.model: no visible global function definition for ‘glm’
    current.model: no visible global function definition for ‘logLik’
    current.model: no visible global function definition for ‘lm’
    rand.hp: no visible global function definition for ‘runif’
    rand.hp: no visible global function definition for ‘sd’
    Undefined global functions or variables:
     formula glm lm logLik menu runif sd
    Consider adding
     importFrom("stats", "formula", "glm", "lm", "logLik", "runif", "sd")
     importFrom("utils", "menu")
    to your NAMESPACE.
Flavors: r-devel-linux-x86_64-debian-clang, r-devel-linux-x86_64-debian-gcc, r-devel-linux-x86_64-fedora-clang, r-devel-linux-x86_64-fedora-gcc, r-devel-windows-ix86+x86_64