CRAN Package Check Results for Package hier.part

Last updated on 2014-07-25 17:48:01.

Flavor Version Tinstall Tcheck Ttotal Status Flags
r-devel-linux-x86_64-debian-clang 1.0-4 1.06 20.77 21.82 NOTE
r-devel-linux-x86_64-debian-gcc 1.0-4 1.26 18.92 20.18 NOTE
r-devel-linux-x86_64-fedora-clang 1.0-4 46.57 NOTE
r-devel-linux-x86_64-fedora-gcc 1.0-4 47.68 NOTE
r-devel-osx-x86_64-clang 1.0-4 38.98 NOTE
r-devel-windows-ix86+x86_64 1.0-4 9.00 51.00 60.00 NOTE
r-patched-linux-x86_64 1.0-4 1.06 19.34 20.40 NOTE
r-patched-solaris-sparc 1.0-4 225.20 NOTE
r-patched-solaris-x86 1.0-4 52.60 NOTE
r-release-linux-ix86 1.0-4 1.65 26.64 28.29 NOTE
r-release-linux-x86_64 1.0-4 1.08 19.55 20.63 NOTE
r-release-osx-x86_64-mavericks 1.0-4 NOTE
r-release-osx-x86_64-snowleopard 1.0-4 NOTE
r-release-windows-ix86+x86_64 1.0-4 11.00 69.00 80.00 NOTE
r-oldrel-windows-ix86+x86_64 1.0-4 11.00 70.00 81.00 NOTE

Check Details

Version: 1.0-4
Check: dependencies in R code
Result: NOTE
    'library' or 'require' call to ‘gtools’ which was already attached by Depends.
     Please remove these calls from your code.
    See the information on DESCRIPTION files in the chapter ‘Creating R
    packages’ of the ‘Writing R Extensions’ manual.
Flavors: r-devel-linux-x86_64-debian-clang, r-devel-linux-x86_64-debian-gcc, r-devel-linux-x86_64-fedora-clang, r-devel-linux-x86_64-fedora-gcc, r-devel-osx-x86_64-clang, r-devel-windows-ix86+x86_64, r-patched-linux-x86_64, r-patched-solaris-sparc, r-patched-solaris-x86, r-release-linux-ix86, r-release-linux-x86_64, r-release-osx-x86_64-mavericks, r-release-osx-x86_64-snowleopard, r-release-windows-ix86+x86_64, r-oldrel-windows-ix86+x86_64