CRAN Package Check Results for Package hier.part

Last updated on 2015-01-29 12:48:04.

Flavor Version Tinstall Tcheck Ttotal Status Flags
r-devel-linux-x86_64-debian-clang 1.0-4 1.13 17.88 19.01 NOTE
r-devel-linux-x86_64-debian-gcc 1.0-4 1.13 17.30 18.43 NOTE
r-devel-linux-x86_64-fedora-clang 1.0-4 44.75 NOTE
r-devel-linux-x86_64-fedora-gcc 1.0-4 42.14 NOTE
r-devel-osx-x86_64-clang 1.0-4 40.60 NOTE
r-devel-windows-ix86+x86_64 1.0-4 9.00 48.00 57.00 NOTE
r-patched-linux-x86_64 1.0-4 1.18 19.71 20.89 NOTE
r-patched-solaris-sparc 1.0-4 241.20 NOTE
r-patched-solaris-x86 1.0-4 55.70 NOTE
r-release-linux-ix86 1.0-4 1.66 25.94 27.60 NOTE
r-release-linux-x86_64 1.0-4 1.38 19.52 20.90 NOTE
r-release-osx-x86_64-mavericks 1.0-4 NOTE
r-release-osx-x86_64-snowleopard 1.0-4 NOTE
r-release-windows-ix86+x86_64 1.0-4 8.00 66.00 74.00 NOTE
r-oldrel-windows-ix86+x86_64 1.0-4 11.00 70.00 81.00 NOTE

Check Details

Version: 1.0-4
Check: dependencies in R code
Result: NOTE
    'library' or 'require' call to ‘gtools’ which was already attached by Depends.
     Please remove these calls from your code.
Flavors: r-devel-linux-x86_64-debian-clang, r-devel-linux-x86_64-debian-gcc, r-devel-linux-x86_64-fedora-clang, r-devel-linux-x86_64-fedora-gcc, r-devel-osx-x86_64-clang, r-devel-windows-ix86+x86_64

Version: 1.0-4
Check: dependencies in R code
Result: NOTE
    'library' or 'require' call to ‘gtools’ which was already attached by Depends.
     Please remove these calls from your code.
    See the information on DESCRIPTION files in the chapter ‘Creating R
    packages’ of the ‘Writing R Extensions’ manual.
Flavors: r-patched-linux-x86_64, r-patched-solaris-sparc, r-patched-solaris-x86, r-release-linux-ix86, r-release-linux-x86_64, r-release-osx-x86_64-mavericks, r-release-osx-x86_64-snowleopard, r-release-windows-ix86+x86_64, r-oldrel-windows-ix86+x86_64