CRAN Package Check Results for Package hier.part

Last updated on 2014-04-25 09:52:15.

Flavor Version Tinstall Tcheck Ttotal Status Flags
r-devel-linux-x86_64-debian-clang 1.0-4 1.16 19.95 21.10 NOTE
r-devel-linux-x86_64-debian-gcc 1.0-4 1.10 19.88 20.99 NOTE
r-devel-linux-x86_64-fedora-clang 1.0-4 47.75 NOTE
r-devel-linux-x86_64-fedora-gcc 1.0-4 44.20 NOTE
r-devel-osx-x86_64-clang 1.0-4 36.26 NOTE
r-devel-osx-x86_64-gcc 1.0-4 NOTE
r-devel-windows-ix86+x86_64 1.0-4 8.00 49.00 57.00 NOTE
r-patched-linux-x86_64 1.0-4 1.09 20.02 21.11 NOTE
r-patched-solaris-sparc 1.0-4 225.20 NOTE
r-patched-solaris-x86 1.0-4 53.20 NOTE
r-release-linux-ix86 1.0-4 2.00 36.00 38.00 NOTE
r-release-linux-x86_64 1.0-4 1.13 20.04 21.18 NOTE
r-release-osx-x86_64-mavericks 1.0-4 NOTE
r-release-osx-x86_64-snowleopard 1.0-4 NOTE
r-release-windows-ix86+x86_64 1.0-4 10.00 47.00 57.00 NOTE
r-oldrel-windows-ix86+x86_64 1.0-4 8.00 50.00 58.00 NOTE

Check Details

Version: 1.0-4
Check: dependencies in R code
Result: NOTE
    'library' or 'require' call to ‘gtools’ which was already attached by Depends.
     Please remove these calls from your code.
    See the information on DESCRIPTION files in the chapter ‘Creating R
    packages’ of the ‘Writing R Extensions’ manual.
Flavors: r-devel-linux-x86_64-debian-clang, r-devel-linux-x86_64-debian-gcc, r-devel-linux-x86_64-fedora-clang, r-devel-linux-x86_64-fedora-gcc, r-devel-osx-x86_64-clang, r-devel-osx-x86_64-gcc, r-devel-windows-ix86+x86_64, r-patched-linux-x86_64, r-patched-solaris-sparc, r-patched-solaris-x86, r-release-linux-ix86, r-release-linux-x86_64, r-release-osx-x86_64-mavericks, r-release-osx-x86_64-snowleopard, r-release-windows-ix86+x86_64, r-oldrel-windows-ix86+x86_64