CRAN Package Check Results for Package hier.part

Last updated on 2017-10-22 22:48:49.

Flavor Version Tinstall Tcheck Ttotal Status Flags
r-devel-linux-x86_64-debian-clang 1.0-4 1.26 20.02 21.28 NOTE
r-devel-linux-x86_64-debian-gcc 1.0-4 1.37 20.70 22.07 NOTE
r-devel-linux-x86_64-fedora-clang 1.0-4 42.09 NOTE
r-devel-linux-x86_64-fedora-gcc 1.0-4 40.83 NOTE
r-devel-windows-ix86+x86_64 1.0-4 9.00 52.00 61.00 NOTE
r-patched-linux-x86_64 1.0-4 1.32 19.36 20.67 NOTE
r-patched-solaris-x86 1.0-4 49.50 NOTE
r-release-linux-x86_64 1.0-4 1.21 19.50 20.71 NOTE
r-release-windows-ix86+x86_64 1.0-4 7.00 51.00 58.00 NOTE
r-release-osx-x86_64 1.0-4 NOTE
r-oldrel-windows-ix86+x86_64 1.0-4 6.00 55.00 61.00 NOTE
r-oldrel-osx-x86_64 1.0-4 NOTE

Check Details

Version: 1.0-4
Check: DESCRIPTION meta-information
Result: NOTE
    Malformed Description field: should contain one or more complete sentences.
Flavors: r-devel-linux-x86_64-debian-clang, r-devel-linux-x86_64-debian-gcc, r-devel-linux-x86_64-fedora-clang, r-devel-linux-x86_64-fedora-gcc, r-devel-windows-ix86+x86_64, r-patched-linux-x86_64, r-patched-solaris-x86, r-release-linux-x86_64, r-release-windows-ix86+x86_64, r-release-osx-x86_64, r-oldrel-windows-ix86+x86_64, r-oldrel-osx-x86_64

Version: 1.0-4
Check: dependencies in R code
Result: NOTE
    'library' or 'require' call to ‘gtools’ which was already attached by Depends.
     Please remove these calls from your code.
Flavors: r-devel-linux-x86_64-debian-clang, r-devel-linux-x86_64-debian-gcc, r-devel-linux-x86_64-fedora-clang, r-devel-linux-x86_64-fedora-gcc, r-devel-windows-ix86+x86_64, r-patched-linux-x86_64, r-patched-solaris-x86, r-release-linux-x86_64, r-release-windows-ix86+x86_64, r-release-osx-x86_64, r-oldrel-windows-ix86+x86_64, r-oldrel-osx-x86_64

Version: 1.0-4
Check: R code for possible problems
Result: NOTE
    all.regs: no visible global function definition for ‘glm’
    all.regs: no visible global function definition for ‘logLik’
    combos: no visible global function definition for ‘menu’
    current.model: no visible global function definition for ‘formula’
    current.model: no visible global function definition for ‘glm’
    current.model: no visible global function definition for ‘logLik’
    current.model: no visible global function definition for ‘lm’
    rand.hp: no visible global function definition for ‘runif’
    rand.hp: no visible global function definition for ‘sd’
    Undefined global functions or variables:
     formula glm lm logLik menu runif sd
    Consider adding
     importFrom("stats", "formula", "glm", "lm", "logLik", "runif", "sd")
     importFrom("utils", "menu")
    to your NAMESPACE file.
Flavors: r-devel-linux-x86_64-debian-clang, r-devel-linux-x86_64-debian-gcc, r-devel-linux-x86_64-fedora-clang, r-devel-linux-x86_64-fedora-gcc, r-devel-windows-ix86+x86_64, r-patched-linux-x86_64, r-patched-solaris-x86, r-release-linux-x86_64, r-release-windows-ix86+x86_64, r-release-osx-x86_64, r-oldrel-windows-ix86+x86_64, r-oldrel-osx-x86_64

Version: 1.0-4
Check: compiled code
Result: NOTE
    File ‘hier.part/libs/hier.part.so’:
     Found no calls to: ‘R_registerRoutines’, ‘R_useDynamicSymbols’
    
    It is good practice to register native routines and to disable symbol
    search.
    
    See ‘Writing portable packages’ in the ‘Writing R Extensions’ manual.
Flavors: r-devel-linux-x86_64-debian-clang, r-devel-linux-x86_64-debian-gcc, r-devel-linux-x86_64-fedora-clang, r-devel-linux-x86_64-fedora-gcc, r-patched-linux-x86_64, r-release-linux-x86_64