CRAN Package Check Results for Package hier.part

Last updated on 2015-04-27 15:46:34.

Flavor Version Tinstall Tcheck Ttotal Status Flags
r-devel-linux-x86_64-debian-clang 1.0-4 1.14 17.71 18.85 NOTE
r-devel-linux-x86_64-debian-gcc 1.0-4 1.04 17.43 18.47 NOTE
r-devel-linux-x86_64-fedora-clang 1.0-4 39.25 NOTE
r-devel-linux-x86_64-fedora-gcc 1.0-4 37.38 NOTE
r-devel-osx-x86_64-clang 1.0-4 36.80 NOTE
r-devel-windows-ix86+x86_64 1.0-4 9.00 44.00 53.00 NOTE
r-patched-linux-x86_64 1.0-4 1.09 17.42 18.51 NOTE
r-patched-solaris-sparc 1.0-4 235.60 NOTE
r-patched-solaris-x86 1.0-4 49.10 NOTE
r-release-linux-x86_64 1.0-4 1.13 17.22 18.36 NOTE
r-release-osx-x86_64-mavericks 1.0-4 NOTE
r-release-osx-x86_64-snowleopard 1.0-4 NOTE
r-release-windows-ix86+x86_64 1.0-4 7.00 56.00 63.00 NOTE
r-oldrel-windows-ix86+x86_64 1.0-4 10.00 46.00 56.00 NOTE

Check Details

Version: 1.0-4
Check: DESCRIPTION meta-information
Result: NOTE
    Malformed Description field: should contain one or more complete sentences.
Flavors: r-devel-linux-x86_64-debian-clang, r-devel-linux-x86_64-debian-gcc, r-devel-linux-x86_64-fedora-clang, r-devel-linux-x86_64-fedora-gcc, r-devel-osx-x86_64-clang, r-devel-windows-ix86+x86_64, r-patched-solaris-sparc, r-patched-solaris-x86, r-release-linux-x86_64, r-release-osx-x86_64-mavericks, r-release-osx-x86_64-snowleopard, r-release-windows-ix86+x86_64

Version: 1.0-4
Check: dependencies in R code
Result: NOTE
    'library' or 'require' call to ‘gtools’ which was already attached by Depends.
     Please remove these calls from your code.
Flavors: r-devel-linux-x86_64-debian-clang, r-devel-linux-x86_64-debian-gcc, r-devel-linux-x86_64-fedora-clang, r-devel-linux-x86_64-fedora-gcc, r-devel-osx-x86_64-clang, r-devel-windows-ix86+x86_64, r-patched-solaris-sparc, r-patched-solaris-x86, r-release-linux-x86_64, r-release-osx-x86_64-mavericks, r-release-osx-x86_64-snowleopard, r-release-windows-ix86+x86_64, r-oldrel-windows-ix86+x86_64