CRAN Package Check Results for Package hier.part

Last updated on 2014-11-25 23:46:47.

Flavor Version Tinstall Tcheck Ttotal Status Flags
r-devel-linux-x86_64-debian-clang 1.0-4 1.14 19.21 20.35 NOTE
r-devel-linux-x86_64-debian-gcc 1.0-4 1.12 18.22 19.33 NOTE
r-devel-linux-x86_64-fedora-clang 1.0-4 45.02 NOTE
r-devel-linux-x86_64-fedora-gcc 1.0-4 42.52 NOTE
r-devel-osx-x86_64-clang 1.0-4 40.84 NOTE
r-devel-windows-ix86+x86_64 1.0-4 8.00 43.00 51.00 NOTE
r-patched-linux-x86_64 1.0-4 1.17 19.45 20.62 NOTE
r-patched-solaris-sparc 1.0-4 233.40 NOTE
r-patched-solaris-x86 1.0-4 56.50 NOTE
r-release-linux-ix86 1.0-4 1.64 25.99 27.63 NOTE
r-release-linux-x86_64 1.0-4 1.16 19.87 21.03 NOTE
r-release-osx-x86_64-mavericks 1.0-4 NOTE
r-release-osx-x86_64-snowleopard 1.0-4 NOTE
r-release-windows-ix86+x86_64 1.0-4 8.00 66.00 74.00 NOTE
r-oldrel-windows-ix86+x86_64 1.0-4 11.00 70.00 81.00 NOTE

Check Details

Version: 1.0-4
Check: dependencies in R code
Result: NOTE
    'library' or 'require' call to ‘gtools’ which was already attached by Depends.
     Please remove these calls from your code.
    See the information on DESCRIPTION files in the chapter ‘Creating R
    packages’ of the ‘Writing R Extensions’ manual.
Flavors: r-devel-linux-x86_64-debian-clang, r-devel-linux-x86_64-debian-gcc, r-devel-linux-x86_64-fedora-clang, r-devel-linux-x86_64-fedora-gcc, r-devel-osx-x86_64-clang, r-devel-windows-ix86+x86_64, r-patched-linux-x86_64, r-patched-solaris-sparc, r-patched-solaris-x86, r-release-linux-ix86, r-release-linux-x86_64, r-release-osx-x86_64-mavericks, r-release-osx-x86_64-snowleopard, r-release-windows-ix86+x86_64, r-oldrel-windows-ix86+x86_64