CRAN Package Check Results for Package hier.part

Last updated on 2015-03-05 19:47:55.

Flavor Version Tinstall Tcheck Ttotal Status Flags
r-devel-linux-x86_64-debian-clang 1.0-4 1.12 17.55 18.67 NOTE
r-devel-linux-x86_64-debian-gcc 1.0-4 1.16 17.26 18.42 NOTE
r-devel-linux-x86_64-fedora-clang 1.0-4 39.33 NOTE
r-devel-linux-x86_64-fedora-gcc 1.0-4 37.45 NOTE
r-devel-osx-x86_64-clang 1.0-4 38.06 NOTE
r-devel-windows-ix86+x86_64 1.0-4 9.00 48.00 57.00 NOTE
r-patched-linux-x86_64 1.0-4 1.23 19.68 20.92 NOTE
r-patched-solaris-sparc 1.0-4 266.90 NOTE
r-patched-solaris-x86 1.0-4 56.10 NOTE
r-release-linux-ix86 1.0-4 1.90 26.70 28.59 NOTE
r-release-linux-x86_64 1.0-4 1.17 20.28 21.44 NOTE
r-release-osx-x86_64-mavericks 1.0-4 NOTE
r-release-osx-x86_64-snowleopard 1.0-4 NOTE
r-release-windows-ix86+x86_64 1.0-4 8.00 66.00 74.00 NOTE
r-oldrel-windows-ix86+x86_64 1.0-4 11.00 70.00 81.00 NOTE

Check Details

Version: 1.0-4
Check: DESCRIPTION meta-information
Result: NOTE
    Malformed Description field: should contain one or more complete sentences.
Flavors: r-devel-linux-x86_64-debian-clang, r-devel-linux-x86_64-debian-gcc, r-devel-linux-x86_64-fedora-clang, r-devel-linux-x86_64-fedora-gcc, r-devel-osx-x86_64-clang, r-devel-windows-ix86+x86_64

Version: 1.0-4
Check: dependencies in R code
Result: NOTE
    'library' or 'require' call to ‘gtools’ which was already attached by Depends.
     Please remove these calls from your code.
Flavors: r-devel-linux-x86_64-debian-clang, r-devel-linux-x86_64-debian-gcc, r-devel-linux-x86_64-fedora-clang, r-devel-linux-x86_64-fedora-gcc, r-devel-osx-x86_64-clang, r-devel-windows-ix86+x86_64, r-patched-linux-x86_64, r-patched-solaris-sparc, r-patched-solaris-x86

Version: 1.0-4
Check: dependencies in R code
Result: NOTE
    'library' or 'require' call to ‘gtools’ which was already attached by Depends.
     Please remove these calls from your code.
    See the information on DESCRIPTION files in the chapter ‘Creating R
    packages’ of the ‘Writing R Extensions’ manual.
Flavors: r-release-linux-ix86, r-release-linux-x86_64, r-release-osx-x86_64-mavericks, r-release-osx-x86_64-snowleopard, r-release-windows-ix86+x86_64, r-oldrel-windows-ix86+x86_64