CRAN Package Check Results for Package hier.part

Last updated on 2017-02-22 03:47:26.

Flavor Version Tinstall Tcheck Ttotal Status Flags
r-devel-linux-x86_64-debian-clang 1.0-4 1.44 20.61 22.05 NOTE
r-devel-linux-x86_64-debian-gcc 1.0-4 1.20 19.51 20.71 NOTE
r-devel-linux-x86_64-fedora-clang 1.0-4 39.73 NOTE --no-stop-on-test-error
r-devel-linux-x86_64-fedora-gcc 1.0-4 39.50 NOTE --no-stop-on-test-error
r-devel-macos-x86_64-clang 1.0-4 31.68 NOTE --no-stop-on-test-error
r-devel-windows-ix86+x86_64 1.0-4 7.00 74.00 81.00 NOTE
r-patched-linux-x86_64 1.0-4 1.16 17.20 18.36 NOTE
r-patched-solaris-sparc 1.0-4 213.20 NOTE
r-patched-solaris-x86 1.0-4 43.90 NOTE
r-release-linux-x86_64 1.0-4 1.21 17.19 18.39 NOTE
r-release-osx-x86_64-mavericks 1.0-4 NOTE
r-release-windows-ix86+x86_64 1.0-4 6.00 55.00 61.00 NOTE
r-oldrel-windows-ix86+x86_64 1.0-4 9.00 53.00 62.00 NOTE

Check Details

Version: 1.0-4
Check: DESCRIPTION meta-information
Result: NOTE
    Malformed Description field: should contain one or more complete sentences.
Flavors: r-devel-linux-x86_64-debian-clang, r-devel-linux-x86_64-debian-gcc, r-devel-windows-ix86+x86_64, r-patched-linux-x86_64, r-patched-solaris-sparc, r-patched-solaris-x86, r-release-linux-x86_64, r-release-osx-x86_64-mavericks, r-release-windows-ix86+x86_64, r-oldrel-windows-ix86+x86_64

Version: 1.0-4
Check: dependencies in R code
Result: NOTE
    'library' or 'require' call to ‘gtools’ which was already attached by Depends.
     Please remove these calls from your code.
Flavors: r-devel-linux-x86_64-debian-clang, r-devel-linux-x86_64-debian-gcc, r-devel-windows-ix86+x86_64, r-patched-linux-x86_64, r-patched-solaris-sparc, r-patched-solaris-x86, r-release-linux-x86_64, r-release-osx-x86_64-mavericks, r-release-windows-ix86+x86_64, r-oldrel-windows-ix86+x86_64

Version: 1.0-4
Check: R code for possible problems
Result: NOTE
    all.regs: no visible global function definition for ‘glm’
    all.regs: no visible global function definition for ‘logLik’
    combos: no visible global function definition for ‘menu’
    current.model: no visible global function definition for ‘formula’
    current.model: no visible global function definition for ‘glm’
    current.model: no visible global function definition for ‘logLik’
    current.model: no visible global function definition for ‘lm’
    rand.hp: no visible global function definition for ‘runif’
    rand.hp: no visible global function definition for ‘sd’
    Undefined global functions or variables:
     formula glm lm logLik menu runif sd
    Consider adding
     importFrom("stats", "formula", "glm", "lm", "logLik", "runif", "sd")
     importFrom("utils", "menu")
    to your NAMESPACE file.
Flavors: r-devel-linux-x86_64-debian-clang, r-devel-linux-x86_64-debian-gcc, r-devel-windows-ix86+x86_64, r-patched-linux-x86_64, r-patched-solaris-sparc, r-patched-solaris-x86, r-release-linux-x86_64, r-release-osx-x86_64-mavericks, r-release-windows-ix86+x86_64

Version: 1.0-4
Check: compiled code
Result: NOTE
    File ‘hier.part/libs/hier.part.so’:
     Found no calls to: ‘R_registerRoutines’, ‘R_useDynamicSymbols’
    
    It is good practice to register native routines and to disable symbol
    search.
    
    See ‘Writing portable packages’ in the ‘Writing R Extensions’ manual.
Flavors: r-devel-linux-x86_64-debian-clang, r-devel-linux-x86_64-debian-gcc

Version: 1.0-4
Flags: --no-stop-on-test-error
Check: DESCRIPTION meta-information
Result: NOTE
    Malformed Description field: should contain one or more complete sentences.
Flavors: r-devel-linux-x86_64-fedora-clang, r-devel-linux-x86_64-fedora-gcc, r-devel-macos-x86_64-clang

Version: 1.0-4
Flags: --no-stop-on-test-error
Check: dependencies in R code
Result: NOTE
    'library' or 'require' call to ‘gtools’ which was already attached by Depends.
     Please remove these calls from your code.
Flavors: r-devel-linux-x86_64-fedora-clang, r-devel-linux-x86_64-fedora-gcc, r-devel-macos-x86_64-clang

Version: 1.0-4
Flags: --no-stop-on-test-error
Check: R code for possible problems
Result: NOTE
    all.regs: no visible global function definition for ‘glm’
    all.regs: no visible global function definition for ‘logLik’
    combos: no visible global function definition for ‘menu’
    current.model: no visible global function definition for ‘formula’
    current.model: no visible global function definition for ‘glm’
    current.model: no visible global function definition for ‘logLik’
    current.model: no visible global function definition for ‘lm’
    rand.hp: no visible global function definition for ‘runif’
    rand.hp: no visible global function definition for ‘sd’
    Undefined global functions or variables:
     formula glm lm logLik menu runif sd
    Consider adding
     importFrom("stats", "formula", "glm", "lm", "logLik", "runif", "sd")
     importFrom("utils", "menu")
    to your NAMESPACE file.
Flavors: r-devel-linux-x86_64-fedora-clang, r-devel-linux-x86_64-fedora-gcc, r-devel-macos-x86_64-clang

Version: 1.0-4
Flags: --no-stop-on-test-error
Check: compiled code
Result: NOTE
    File ‘hier.part/libs/hier.part.so’:
     Found no calls to: ‘R_registerRoutines’, ‘R_useDynamicSymbols’
    
    It is good practice to register native routines and to disable symbol
    search.
    
    See ‘Writing portable packages’ in the ‘Writing R Extensions’ manual.
Flavors: r-devel-linux-x86_64-fedora-clang, r-devel-linux-x86_64-fedora-gcc, r-devel-macos-x86_64-clang