CRAN Package Check Results for Package hier.part

Last updated on 2014-10-22 04:47:16.

Flavor Version Tinstall Tcheck Ttotal Status Flags
r-devel-linux-x86_64-debian-clang 1.0-4 1.19 18.89 20.08 NOTE
r-devel-linux-x86_64-debian-gcc 1.0-4 1.13 18.54 19.68 NOTE
r-devel-linux-x86_64-fedora-clang 1.0-4 46.75 NOTE
r-devel-linux-x86_64-fedora-gcc 1.0-4 44.93 NOTE
r-devel-osx-x86_64-clang 1.0-4 41.55 NOTE
r-devel-windows-ix86+x86_64 1.0-4 8.00 42.00 50.00 NOTE
r-patched-linux-x86_64 1.0-4 1.17 19.95 21.12 NOTE
r-patched-solaris-sparc 1.0-4 233.40 NOTE
r-patched-solaris-x86 1.0-4 56.00 NOTE
r-release-linux-ix86 1.0-4 1.66 26.51 28.16 NOTE
r-release-linux-x86_64 1.0-4 1.08 19.61 20.68 NOTE
r-release-osx-x86_64-mavericks 1.0-4 NOTE
r-release-osx-x86_64-snowleopard 1.0-4 NOTE
r-release-windows-ix86+x86_64 1.0-4 11.00 69.00 80.00 NOTE
r-oldrel-windows-ix86+x86_64 1.0-4 11.00 70.00 81.00 NOTE

Check Details

Version: 1.0-4
Check: dependencies in R code
Result: NOTE
    'library' or 'require' call to ‘gtools’ which was already attached by Depends.
     Please remove these calls from your code.
    See the information on DESCRIPTION files in the chapter ‘Creating R
    packages’ of the ‘Writing R Extensions’ manual.
Flavors: r-devel-linux-x86_64-debian-clang, r-devel-linux-x86_64-debian-gcc, r-devel-linux-x86_64-fedora-clang, r-devel-linux-x86_64-fedora-gcc, r-devel-osx-x86_64-clang, r-devel-windows-ix86+x86_64, r-patched-linux-x86_64, r-patched-solaris-sparc, r-patched-solaris-x86, r-release-linux-ix86, r-release-linux-x86_64, r-release-osx-x86_64-mavericks, r-release-osx-x86_64-snowleopard, r-release-windows-ix86+x86_64, r-oldrel-windows-ix86+x86_64