CRAN Package Check Results for Package hier.part

Last updated on 2016-07-24 06:46:53.

Flavor Version Tinstall Tcheck Ttotal Status Flags
r-devel-linux-x86_64-debian-clang 1.0-4 1.63 21.48 23.11 NOTE
r-devel-linux-x86_64-debian-gcc 1.0-4 1.42 21.46 22.88 NOTE
r-devel-linux-x86_64-fedora-clang 1.0-4 40.11 NOTE
r-devel-linux-x86_64-fedora-gcc 1.0-4 33.23 NOTE
r-devel-osx-x86_64-clang 1.0-4 30.34 NOTE
r-devel-windows-ix86+x86_64 1.0-4 6.00 53.00 59.00 NOTE
r-patched-linux-x86_64 1.0-4 1.22 19.40 20.63 NOTE
r-patched-solaris-sparc 1.0-4 209.00 NOTE
r-patched-solaris-x86 1.0-4 42.10 NOTE
r-release-linux-x86_64 1.0-4 1.48 21.40 22.88 NOTE
r-release-osx-x86_64-mavericks 1.0-4 NOTE
r-release-windows-ix86+x86_64 1.0-4 6.00 70.00 76.00 NOTE
r-oldrel-windows-ix86+x86_64 1.0-4 8.00 44.00 52.00 NOTE

Check Details

Version: 1.0-4
Check: DESCRIPTION meta-information
Result: NOTE
    Malformed Description field: should contain one or more complete sentences.
Flavors: r-devel-linux-x86_64-debian-clang, r-devel-linux-x86_64-debian-gcc, r-devel-linux-x86_64-fedora-clang, r-devel-linux-x86_64-fedora-gcc, r-devel-osx-x86_64-clang, r-devel-windows-ix86+x86_64, r-patched-linux-x86_64, r-patched-solaris-sparc, r-patched-solaris-x86, r-release-linux-x86_64, r-release-osx-x86_64-mavericks, r-release-windows-ix86+x86_64, r-oldrel-windows-ix86+x86_64

Version: 1.0-4
Check: dependencies in R code
Result: NOTE
    'library' or 'require' call to ‘gtools’ which was already attached by Depends.
     Please remove these calls from your code.
Flavors: r-devel-linux-x86_64-debian-clang, r-devel-linux-x86_64-debian-gcc, r-devel-linux-x86_64-fedora-clang, r-devel-linux-x86_64-fedora-gcc, r-devel-osx-x86_64-clang, r-devel-windows-ix86+x86_64, r-patched-linux-x86_64, r-patched-solaris-sparc, r-patched-solaris-x86, r-release-linux-x86_64, r-release-osx-x86_64-mavericks, r-release-windows-ix86+x86_64, r-oldrel-windows-ix86+x86_64

Version: 1.0-4
Check: R code for possible problems
Result: NOTE
    all.regs: no visible global function definition for ‘glm’
    all.regs: no visible global function definition for ‘logLik’
    combos: no visible global function definition for ‘menu’
    current.model: no visible global function definition for ‘formula’
    current.model: no visible global function definition for ‘glm’
    current.model: no visible global function definition for ‘logLik’
    current.model: no visible global function definition for ‘lm’
    rand.hp: no visible global function definition for ‘runif’
    rand.hp: no visible global function definition for ‘sd’
    Undefined global functions or variables:
     formula glm lm logLik menu runif sd
    Consider adding
     importFrom("stats", "formula", "glm", "lm", "logLik", "runif", "sd")
     importFrom("utils", "menu")
    to your NAMESPACE file.
Flavors: r-devel-linux-x86_64-debian-clang, r-devel-linux-x86_64-debian-gcc, r-devel-linux-x86_64-fedora-clang, r-devel-linux-x86_64-fedora-gcc, r-devel-osx-x86_64-clang, r-devel-windows-ix86+x86_64, r-patched-linux-x86_64, r-patched-solaris-sparc, r-patched-solaris-x86, r-release-linux-x86_64, r-release-osx-x86_64-mavericks, r-release-windows-ix86+x86_64