CRAN Package Check Results for Package hier.part

Last updated on 2014-12-22 17:51:25.

Flavor Version Tinstall Tcheck Ttotal Status Flags
r-devel-linux-x86_64-debian-clang 1.0-4 1.26 19.21 20.47 NOTE
r-devel-linux-x86_64-debian-gcc 1.0-4 1.11 18.28 19.39 NOTE
r-devel-linux-x86_64-fedora-clang 1.0-4 44.39 NOTE
r-devel-linux-x86_64-fedora-gcc 1.0-4 42.79 NOTE
r-devel-osx-x86_64-clang 1.0-4 39.01 NOTE
r-devel-windows-ix86+x86_64 1.0-4 10.00 81.00 91.00 NOTE
r-patched-linux-x86_64 1.0-4 1.18 19.81 20.99 NOTE
r-patched-solaris-sparc 1.0-4 240.90 NOTE
r-patched-solaris-x86 1.0-4 55.90 NOTE
r-release-linux-ix86 1.0-4 1.68 26.00 27.68 NOTE
r-release-linux-x86_64 1.0-4 1.21 19.53 20.74 NOTE
r-release-osx-x86_64-mavericks 1.0-4 NOTE
r-release-osx-x86_64-snowleopard 1.0-4 NOTE
r-release-windows-ix86+x86_64 1.0-4 8.00 66.00 74.00 NOTE
r-oldrel-windows-ix86+x86_64 1.0-4 11.00 70.00 81.00 NOTE

Check Details

Version: 1.0-4
Check: dependencies in R code
Result: NOTE
    'library' or 'require' call to ‘gtools’ which was already attached by Depends.
     Please remove these calls from your code.
    See the information on DESCRIPTION files in the chapter ‘Creating R
    packages’ of the ‘Writing R Extensions’ manual.
Flavors: r-devel-linux-x86_64-debian-clang, r-devel-linux-x86_64-debian-gcc, r-devel-linux-x86_64-fedora-clang, r-devel-linux-x86_64-fedora-gcc, r-devel-osx-x86_64-clang, r-devel-windows-ix86+x86_64, r-patched-linux-x86_64, r-patched-solaris-sparc, r-patched-solaris-x86, r-release-linux-ix86, r-release-linux-x86_64, r-release-osx-x86_64-mavericks, r-release-osx-x86_64-snowleopard, r-release-windows-ix86+x86_64, r-oldrel-windows-ix86+x86_64